000
CXUS53 KGLD 011138
CF6GLD
PRELIMINARY LOCAL CLIMATOLOGICAL DATA (WS FORM: F-6)
STATION: GOODLAND KS
MONTH: NOVEMBER
YEAR: 2023
LATITUDE: 39 22 N
LONGITUDE: 101 42 W
TEMPERATURE IN F: :PCPN: SNOW: WIND :SUNSHINE: SKY :PK WND
================================================================================
1 2 3 4 5 6A 6B 7 8 9 10 11 12 13 14 15 16 17 18
12Z AVG MX 2MIN
DY MAX MIN AVG DEP HDD CDD WTR SNW DPTH SPD SPD DIR MIN PSBL S-S WX SPD DR
================================================================================
1 69 28 49 4 16 0 0.00 0.0 0 7.9 17 220 M M 0 22 220
2 70 27 49 4 16 0 0.00 0.0 0 8.7 20 220 M M 1 30 200
3 70 37 54 10 11 0 0.00 0.0 0 9.1 26 350 M M 0 38 340
4 67 29 48 4 17 0 0.00 0.0 0 6.9 13 200 M M 0 M M
5 75 42 59 15 6 0 0.00 0.0 0 10.8 21 350 M M 0 32 360
6 67 35 51 8 14 0 0.00 0.0 0 9.3 18 180 M M 0 30 200
7 87 27 57 14 8 0 0.00 0.0 0 8.0 24 250 M M 0 33 240
8 60 35 48 6 17 0 0.00 0.0 0 12.2 25 340 M M 5 35 340
9 57 24 41 -1 24 0 0.00 0.0 0 7.5 21 330 M M 2 27 320
10 60 22 41 -1 24 0 0.00 0.0 0 12.6 23 230 M M 0 34 260
11 63 26 45 4 20 0 0.00 0.0 0 8.9 21 220 M M 0 26 220
12 67 30 49 8 16 0 0.00 0.0 0 9.7 20 340 M M 0 27 340
13 67 23 45 4 20 0 0.00 0.0 0 14.7 25 180 M M 0 39 190
14 72 30 51 11 14 0 0.00 0.0 0 9.1 22 190 M M 0 8 32 190
15 70 27 49 9 16 0 0.00 0.0 0 10.0 20 170 M M 0 24 190
16 75 31 53 14 12 0 0.00 0.0 0 11.0 22 10 M M 1 33 20
17 66 25 46 7 19 0 0.00 0.0 0 6.9 17 230 M M 0 8 22 270
18 67 24 46 7 19 0 0.00 0.0 0 7.6 22 170 M M 0 32 170
19 58 30 44 6 21 0 0.00 0.0 0 7.0 17 340 M M 2 1 22 330
20 44 36 40 2 25 0 0.13 0.0 0 18.9 29 350 M M 10 1 42 350
21 53 29 41 4 24 0 0.00 0.0 0 13.8 26 350 M M 1 43 360
22 71 29 50 13 15 0 0.00 0.0 0 9.9 17 230 M M 0 23 220
23 40 23 32 -5 33 0 0.00 0.0 0 15.0 25 50 M M 2 36 50
24 23 15 19 -17 46 0 0.14 1.5 T 9.8 17 40 M M 10 18 23 40
25 21 15 18 -18 47 0 0.01 T 2 9.0 21 290 M M 9 18 26 300
26 38 16 27 -9 38 0 0.00 0.0 2 14.9 28 350 M M 1 39 360
27 43 17 30 -5 35 0 0.00 0.0 T 9.6 17 340 M M 0 22 320
28 55 23 39 4 26 0 0.00 0.0 0 11.2 21 310 M M 0 30 340
29 62 23 43 9 22 0 0.00 0.0 0 12.9 26 200 M M 0 41 210
30 39 16 28 -6 37 0 0.00 0.0 0 10.6 21 20 M M 0 30 30
================================================================================
SM 1776 794 658 0 0.28 1.5 313.5 M 44
================================================================================
AV 59.2 26.5 10.4 FASTST M M 1 MAX(MPH)
MISC ----> 29 350 43 360
================================================================================
NOTES:
# LAST OF SEVERAL OCCURRENCES
COLUMN 17 PEAK WIND IN M.P.H.
PRELIMINARY LOCAL CLIMATOLOGICAL DATA (WS FORM: F-6) , PAGE 2
STATION: GOODLAND KS
MONTH: NOVEMBER
YEAR: 2023
LATITUDE: 39 22 N
LONGITUDE: 101 42 W
[TEMPERATURE DATA] [PRECIPITATION DATA] SYMBOLS USED IN COLUMN 16
AVERAGE MONTHLY: 42.8 TOTAL FOR MONTH: 0.28 1 = FOG OR MIST
DPTR FM NORMAL: 3.2 DPTR FM NORMAL: -0.26 2 = FOG REDUCING VISIBILITY
HIGHEST: 87 ON 7 GRTST 24HR 0.14 ON 24-24 TO 1/4 MILE OR LESS
LOWEST: 15 ON 25,24 3 = THUNDER
SNOW, ICE PELLETS, HAIL 4 = ICE PELLETS
TOTAL MONTH: 1.5 INCHES 5 = HAIL
GRTST 24HR 1.5 ON 24-24 6 = FREEZING RAIN OR DRIZZLE
GRTST DEPTH: 2 ON 26,25 7 = DUSTSTORM OR SANDSTORM:
VSBY 1/2 MILE OR LESS
8 = SMOKE OR HAZE
[NO. OF DAYS WITH] [WEATHER - DAYS WITH] 9 = BLOWING SNOW
X = TORNADO
MAX 32 OR BELOW: 2 0.01 INCH OR MORE: 3
MAX 90 OR ABOVE: 0 0.10 INCH OR MORE: 2
MIN 32 OR BELOW: 25 0.50 INCH OR MORE: 0
MIN 0 OR BELOW: 0 1.00 INCH OR MORE: 0
[HDD (BASE 65) ]
TOTAL THIS MO. 658 CLEAR (SCALE 0-3) 26
DPTR FM NORMAL -104 PTCLDY (SCALE 4-7) 1
TOTAL FM JUL 1 1110 CLOUDY (SCALE 8-10) 3
DPTR FM NORMAL -181
[CDD (BASE 65) ]
TOTAL THIS MO. 0
DPTR FM NORMAL 0 [PRESSURE DATA]
TOTAL FM JAN 1 956 HIGHEST SLP 30.52 ON 24
DPTR FM NORMAL -33 LOWEST SLP 29.56 ON 7
[REMARKS]
#FINAL-11-23#