000
CXUS54 KJAN 022010
CF6GLH
PRELIMINARY LOCAL CLIMATOLOGICAL DATA (WS FORM: F-6)
STATION: GREENVILLE
MONTH: MARCH
YEAR: 2024
LATITUDE: 33 29 N
LONGITUDE: 90 59 W
TEMPERATURE IN F: :PCPN: SNOW: WIND :SUNSHINE: SKY :PK WND
================================================================================
1 2 3 4 5 6A 6B 7 8 9 10 11 12 13 14 15 16 17 18
12Z AVG MX 2MIN
DY MAX MIN AVG DEP HDD CDD WTR SNW DPTH SPD SPD DIR MIN PSBL S-S WX SPD DR
================================================================================
1 56 43 50 -1 15 0 0.43 0.0 0 2.3 17 130 M M 10 13 22 120
2 69 43 56 4 9 0 0.00 0.0 0 5.7 14 150 M M 5 1 17 150
3 79 56 68 16 0 3 0.00 0.0 0 10.2 20 190 M M 5 12 25 190
4 80 61 71 19 0 6 1.21 0.0 0 10.5 38 260 M M 6 13 48 250
5 72 58 65 13 0 0 1.18 0.0 0 4.3 16 350 M M 5 123 19 350
6 63 53 58 5 7 0 0.00 0.0 0 5.7 15 350 M M 9 12 19 10
7 68 55 62 9 3 0 0.00 0.0 0 5.6 13 100 M M 5 12 19 100
8 66 59 63 10 2 0 1.10 0.0 0 7.8 23 310 M M 8 13 28 310
9 61 44 53 -1 12 0 0.00 0.0 0 10.4 21 350 M M 7 26 350
10 64 41 53 -1 12 0 0.00 0.0 0 5.8 13 10 M M 0 16 330
11 66 42 54 0 11 0 0.00 0.0 0 3.4 12 140 M M 0 14 130
12 73 44 59 5 6 0 0.00 0.0 0 8.4 20 180 M M 0 26 190
13 80 55 68 13 0 3 0.00 0.0 0 12.0 18 180 M M 4 26 220
14 82 63 73 18 0 8 0.00 0.0 0 10.9 18 190 M M 5 26 170
15 77 58 68 13 0 3 2.16 0.0 0 11.2 35 360 M M 10 13 47 330
16 69 52 61 5 4 0 0.09 0.0 0 5.4 13 240 M M 5 1 17 360
17 67 54 61 5 4 0 0.01 0.0 0 5.6 17 350 M M 7 22 360
18 56 39 48 -8 17 0 0.00 0.0 0 11.5 24 330 M M 0 33 310
19 61 35 48 -8 17 0 0.00 0.0 0 6.6 17 220 M M 0 1 23 220
20 73 41 57 0 8 0 0.00 0.0 0 6.4 14 240 M M 2 19 220
21 73 49 61 4 4 0 0.00 0.0 0 4.3 12 110 M M 3 14 70
22 63 55 59 2 6 0 0.50 0.0 0 9.6 17 330 M M 10 1 25 330
23 60 47 54 -4 11 0 0.00 0.0 0 13.5 25 20 M M 2 35 20
24 66 47 57 -1 8 0 0.00 0.0 0 10.4 18 140 M M 1 23 150
25 70 57 64 6 1 0 2.83 0.0 0 15.7 32 140 M M 9 123 49 150
26 65 51 58 0 7 0 0.00 0.0 0 7.5 15 240 M M 2 1 20 240
27 62 43 53 -6 12 0 0.00 0.0 0 10.4 17 20 M M 0 25 10
28 69 41 55 -4 10 0 0.00 0.0 0 4.2 10 80 M M 0 14 80
29 75 46 61 2 4 0 0.00 0.0 0 9.5 20 190 M M 0 25 210
30 80 53 67 7 0 2 0.00 0.0 0 11.1 22 210 M M 0 28 210
31 79 59 69 9 0 4 0.00 0.0 0 10.7 21 190 M M 6 29 180
================================================================================
SM 2144 1544 190 29 9.51 0.0 256.6 M 126
================================================================================
AV 69.2 49.8 8.3 FASTST M M 4 MAX(MPH)
MISC ----> 38 260 49 150
================================================================================
NOTES:
# LAST OF SEVERAL OCCURRENCES
COLUMN 17 PEAK WIND IN M.P.H.
PRELIMINARY LOCAL CLIMATOLOGICAL DATA (WS FORM: F-6) , PAGE 2
STATION: GREENVILLE
MONTH: MARCH
YEAR: 2024
LATITUDE: 33 29 N
LONGITUDE: 90 59 W
[TEMPERATURE DATA] [PRECIPITATION DATA] SYMBOLS USED IN COLUMN 16
AVERAGE MONTHLY: 59.5 TOTAL FOR MONTH: 9.51 1 = FOG OR MIST
DPTR FM NORMAL: 3.9 DPTR FM NORMAL: 4.80 2 = FOG REDUCING VISIBILITY
HIGHEST: 82 ON 14 GRTST 24HR 2.83 ON 25-25 TO 1/4 MILE OR LESS
LOWEST: 35 ON 19 3 = THUNDER
SNOW, ICE PELLETS, HAIL 4 = ICE PELLETS
TOTAL MONTH: 0.0 INCH 5 = HAIL
GRTST 24HR 0.0 6 = FREEZING RAIN OR DRIZZLE
GRTST DEPTH: 0 7 = DUSTSTORM OR SANDSTORM:
VSBY 1/2 MILE OR LESS
8 = SMOKE OR HAZE
[NO. OF DAYS WITH] [WEATHER - DAYS WITH] 9 = BLOWING SNOW
X = TORNADO
MAX 32 OR BELOW: 0 0.01 INCH OR MORE: 9
MAX 90 OR ABOVE: 0 0.10 INCH OR MORE: 7
MIN 32 OR BELOW: 0 0.50 INCH OR MORE: 6
MIN 0 OR BELOW: 0 1.00 INCH OR MORE: 5
[HDD (BASE 65) ]
TOTAL THIS MO. 190 CLEAR (SCALE 0-3) 14
DPTR FM NORMAL -121 PTCLDY (SCALE 4-7) 12
TOTAL FM JUL 1 2010 CLOUDY (SCALE 8-10) 5
DPTR FM NORMAL -489
[CDD (BASE 65) ]
TOTAL THIS MO. 29
DPTR FM NORMAL 9 [PRESSURE DATA]
TOTAL FM JAN 1 48 HIGHEST SLP 30.36 ON 11
DPTR FM NORMAL 21 LOWEST SLP 29.44 ON 25
[REMARKS]
#FINAL-03-24#