000
CXUS54 KJAN 211710
CF6GLH
PRELIMINARY LOCAL CLIMATOLOGICAL DATA (WS FORM: F-6)
STATION: GREENVILLE
MONTH: FEBRUARY
YEAR: 2021
LATITUDE: 33 29 N
LONGITUDE: 90 59 W
TEMPERATURE IN F: :PCPN: SNOW: WIND :SUNSHINE: SKY :PK WND
================================================================================
1 2 3 4 5 6A 6B 7 8 9 10 11 12 13 14 15 16 17 18
12Z AVG MX 2MIN
DY MAX MIN AVG DEP HDD CDD WTR SNW DPTH SPD SPD DIR MIN PSBL S-S WX SPD DR
================================================================================
1 47 30 39 -6 26 0 0.00 0.0 0 11.3 23 330 M M 7 30 320
2 43 29 36 -9 29 0 0.00 0.0 0 6.4 15 30 M M 3 19 30
3 54 26 40 -6 25 0 0.00 0.0 0 4.5 9 150 M M 0 1 14 100
4 64 40 52 6 13 0 0.22 0.0 0 14.6 25 300 M M 7 18 36 300
5 51 31 41 -5 24 0 0.00 0.0 0 2.5 9 110 M M 1 13 130
6 55 36 46 0 19 0 0.16 0.0 0 10.2 26 120 M M 10 1 33 120
7 44 38 41 -5 24 0 0.00 0.0 0 8.7 16 10 M M 10 23 20
8 62 36 49 3 16 0 0.00 0.0 0 7.1 17 140 M M 5 22 140
9 60 39 50 3 15 0 T 0.0 0 7.1 16 360 M M 9 18 20 360
10 52 34 43 -4 22 0 0.17 0.0 0 10.9 21 20 M M 10 138 26 20
11 35 30 33 -14 32 0 0.52 0.0 0 15.6 23 360 M M 10 136 29 10
12 31 27 29 -18 36 0 T 0.0 M 16.7 22 20 M M 10 16 29 10
13 30 24 27 -20 38 0 0.00 0.0 0 16.8 21 20 M M 10 1 29 10
14 24 18 21 -27 44 0 T M M 17.8 25 10 M M 10 1 34 10
15 19 14 17 -31 48 0 0.45 M M 16.3 25 360 M M 10 1489 34 10
16 22 11 17 -31 48 0 0.00 0.0 M 7.6 14 30 M M 4 16 30
17 31 19 25 -23 40 0 0.50 M M 11.4 21 30 M M 10 16 26 30
18 31 24 28 -21 37 0 0.03 M M 14.4 22 360 M M 8 1 27 360
19 35 19 27 -22 38 0 0.00 0.0 M 6.3 14 10 M M 0 1 18 360
20 40 19 30 -19 35 0 0.00 0.0 M 3.0 9 140 M M 2 12 10 140
21 56 30 43 -6 22 0 0.00 0.0 0 8.5 15 190 M M 5 21 170
22 60 37 49 -1 16 0 0.11 0.0 0 6.3 22 290 M M 2 12 35 280
23 72 36 54 4 11 0 0.00 0.0 0 9.4 16 250 M M 0 24 260
24 71 40 56 6 9 0 T 0.0 0 8.6 20 230 M M 5 8 25 190
25 61 48 55 5 10 0 0.72 0.0 0 13.4 24 40 M M 8 13 30 40
26 61 48 55 4 10 0 1.25 0.0 0 9.3 24 340 M M 10 13 32 340
27 72 55 64 13 1 0 0.01 0.0 0 5.3 13 170 M M 9 12 19 180
28 80 62 71 20 0 6 0.37 0.0 0 13.6 29 190 M M 7 13 41 190
================================================================================
SM 1363 900 688 6 4.51 0.0 283.6 M 182
================================================================================
AV 48.7 32.1 10.1 FASTST M M 7 MAX(MPH)
MISC ----> 29 190 41 190
================================================================================
NOTES:
# LAST OF SEVERAL OCCURRENCES
COLUMN 17 PEAK WIND IN M.P.H.
PRELIMINARY LOCAL CLIMATOLOGICAL DATA (WS FORM: F-6) , PAGE 2
STATION: GREENVILLE
MONTH: FEBRUARY
YEAR: 2021
LATITUDE: 33 29 N
LONGITUDE: 90 59 W
[TEMPERATURE DATA] [PRECIPITATION DATA] SYMBOLS USED IN COLUMN 16
AVERAGE MONTHLY: 40.4 TOTAL FOR MONTH: 4.51 1 = FOG OR MIST
DPTR FM NORMAL: -7.5 DPTR FM NORMAL: -0.21 2 = FOG REDUCING VISIBILITY
HIGHEST: 80 ON 28 GRTST 24HR 1.97 ON 25-26 TO 1/4 MILE OR LESS
LOWEST: 11 ON 16 3 = THUNDER
SNOW, ICE PELLETS, HAIL 4 = ICE PELLETS
TOTAL MONTH: 0.0 INCH 5 = HAIL
GRTST 24HR 0.0 6 = FREEZING RAIN OR DRIZZLE
GRTST DEPTH: 0 7 = DUSTSTORM OR SANDSTORM:
VSBY 1/2 MILE OR LESS
8 = SMOKE OR HAZE
[NO. OF DAYS WITH] [WEATHER - DAYS WITH] 9 = BLOWING SNOW
X = TORNADO
MAX 32 OR BELOW: 7 0.01 INCH OR MORE: 12
MAX 90 OR ABOVE: 0 0.10 INCH OR MORE: 10
MIN 32 OR BELOW: 15 0.50 INCH OR MORE: 4
MIN 0 OR BELOW: 0 1.00 INCH OR MORE: 1
[HDD (BASE 65) ]
TOTAL THIS MO. 688 CLEAR (SCALE 0-3) 7
DPTR FM NORMAL 204 PTCLDY (SCALE 4-7) 9
TOTAL FM JUL 1 2165 CLOUDY (SCALE 8-10) 12
DPTR FM NORMAL -24
[CDD (BASE 65) ]
TOTAL THIS MO. 6
DPTR FM NORMAL 1 [PRESSURE DATA]
TOTAL FM JAN 1 7 HIGHEST SLP 30.55 ON 19
DPTR FM NORMAL 5 LOWEST SLP 29.70 ON 4
[REMARKS]
#FINAL-02-21#