000
CXUS54 KHGX 011410
CF6GLS
PRELIMINARY LOCAL CLIMATOLOGICAL DATA (WS FORM: F-6)
STATION: GALVESTON
MONTH: MAY
YEAR: 2023
LATITUDE: 29 16 N
LONGITUDE: 94 52 W
TEMPERATURE IN F: :PCPN: SNOW: WIND :SUNSHINE: SKY :PK WND
================================================================================
1 2 3 4 5 6A 6B 7 8 9 10 11 12 13 14 15 16 17 18
12Z AVG MX 2MIN
DY MAX MIN AVG DEP HDD CDD WTR SNW DPTH SPD SPD DIR MIN PSBL S-S WX SPD DR
================================================================================
1 78 70 74 -1 0 9 0.00 0.0 0 8.9 14 190 M M 1 19 200
2 79 69 74 -1 0 9 0.00 0.0 0 6.6 14 100 M M 2 19 110
3 81 69 75 0 0 10 0.00 0.0 0 8.2 16 80 M M 1 21 70
4 80 72 76 1 0 11 0.00 0.0 0 11.0 20 140 M M 7 24 150
5 83 75 79 3 0 14 0.00 0.0 0 12.5 18 150 M M 6 18 23 140
6 83 74 79 3 0 14 0.00 0.0 0 14.5 23 130 M M 7 18 31 130
7 79 76 78 2 0 13 0.02 0.0 0 12.4 24 140 M M 5 138 35 140
8 83 76 80 4 0 15 T 0.0 0 13.2 26 150 M M 7 1 33 140
9 78 69 74 -2 0 9 0.01 0.0 0 12.0 25 210 M M M 3 32 210
10 77 66 72 -5 0 7 1.53 0.0 0 10.1 39 180 M M 8 13 55 180
11 82 76 79 2 0 14 0.00 0.0 0 13.7 20 140 M M 10 18 26 120
12 83 77 80 3 0 15 0.00 0.0 0 14.9 20 110 M M 9 18 26 110
13 81 71 76 -1 0 11 0.29 0.0 0 14.0 24 110 M M 8 138 31 130
14 80 72 76 -2 0 11 0.88 0.0 0 13.7 23 160 M M 7 13 30 170
15 82 74 78 0 0 13 0.00 0.0 0 7.5 14 120 M M 2 21 130
16 85 70 78 0 0 13 0.49 0.0 0 7.2 26 310 M M 3 123 39 310
17 83 71 77 -1 0 12 0.00 0.0 0 6.6 10 180 M M 2 15 350
18 83 73 78 -1 0 13 0.00 0.0 0 6.1 13 30 M M 3 3 16 30
19 85 76 81 2 0 16 0.00 0.0 0 8.0 15 170 M M 1 19 170
20 89 76 83 4 0 18 T 0.0 0 7.3 21 10 M M 1 3 27 10
21 81 73 77 -3 0 12 0.00 0.0 0 9.4 18 30 M M 6 24 30
22 83 73 78 -2 0 13 0.00 0.0 0 6.5 14 30 M M 7 18 30
23 84 74 79 -1 0 14 T 0.0 0 5.5 12 170 M M 1 38 16 170
24 86 75 81 1 0 16 T 0.0 0 6.5 13 40 M M 2 8 19 360
25 83 72 78 -2 0 13 0.00 0.0 0 7.1 15 40 M M 2 20 50
26 88 75 82 1 0 17 0.00 0.0 0 8.0 15 100 M M 0 21 100
27 87 75 81 0 0 16 0.00 0.0 0 6.5 13 180 M M 2 17 170
28 85 74 80 -1 0 15 0.00 0.0 0 8.2 14 130 M M 1 21 120
29 85 76 81 0 0 16 0.00 0.0 0 8.4 14 120 M M 3 20 130
30 85 75 80 -2 0 15 0.00 0.0 0 7.5 15 140 M M 3 24 80
31 84 75 80 -2 0 15 0.00 0.0 0 7.9 13 170 M M 2 18 130
================================================================================
SM 2565 2269 0 409 3.22 0.0 289.9 M 119
================================================================================
AV 82.7 73.2 9.4 FASTST M M 4 MAX(MPH)
MISC ----> 39 180 55 180
================================================================================
NOTES:
# LAST OF SEVERAL OCCURRENCES
COLUMN 17 PEAK WIND IN M.P.H.
PRELIMINARY LOCAL CLIMATOLOGICAL DATA (WS FORM: F-6) , PAGE 2
STATION: GALVESTON
MONTH: MAY
YEAR: 2023
LATITUDE: 29 16 N
LONGITUDE: 94 52 W
[TEMPERATURE DATA] [PRECIPITATION DATA] SYMBOLS USED IN COLUMN 16
AVERAGE MONTHLY: 78.0 TOTAL FOR MONTH: 3.22 1 = FOG OR MIST
DPTR FM NORMAL: -0.2 DPTR FM NORMAL: 0.18 2 = FOG REDUCING VISIBILITY
HIGHEST: 89 ON 20 GRTST 24HR 1.53 ON 9-10 TO 1/4 MILE OR LESS
LOWEST: 66 ON 10 3 = THUNDER
SNOW, ICE PELLETS, HAIL 4 = ICE PELLETS
TOTAL MONTH: 0.0 INCH 5 = HAIL
GRTST 24HR 0.0 6 = FREEZING RAIN OR DRIZZLE
GRTST DEPTH: 0 7 = DUSTSTORM OR SANDSTORM:
VSBY 1/2 MILE OR LESS
8 = SMOKE OR HAZE
[NO. OF DAYS WITH] [WEATHER - DAYS WITH] 9 = BLOWING SNOW
X = TORNADO
MAX 32 OR BELOW: 0 0.01 INCH OR MORE: 6
MAX 90 OR ABOVE: 0 0.10 INCH OR MORE: 4
MIN 32 OR BELOW: 0 0.50 INCH OR MORE: 2
MIN 0 OR BELOW: 0 1.00 INCH OR MORE: 1
[HDD (BASE 65) ]
TOTAL THIS MO. 0 CLEAR (SCALE 0-3) 18
DPTR FM NORMAL 0 PTCLDY (SCALE 4-7) 8
TOTAL FM JUL 1 730 CLOUDY (SCALE 8-10) 5
DPTR FM NORMAL -158
[CDD (BASE 65) ]
TOTAL THIS MO. 409
DPTR FM NORMAL 0 [PRESSURE DATA]
TOTAL FM JAN 1 911 HIGHEST SLP 30.18 ON 15
DPTR FM NORMAL 174 LOWEST SLP 29.81 ON 17
[REMARKS]
#FINAL-05-23#