000
CXUS54 KHGX 021436
CF6GLS
PRELIMINARY LOCAL CLIMATOLOGICAL DATA (WS FORM: F-6)
STATION: GALVESTON
MONTH: NOVEMBER
YEAR: 2022
LATITUDE: 29 16 N
LONGITUDE: 94 52 W
TEMPERATURE IN F: :PCPN: SNOW: WIND :SUNSHINE: SKY :PK WND
================================================================================
1 2 3 4 5 6A 6B 7 8 9 10 11 12 13 14 15 16 17 18
12Z AVG MX 2MIN
DY MAX MIN AVG DEP HDD CDD WTR SNW DPTH SPD SPD DIR MIN PSBL S-S WX SPD DR
================================================================================
1 70 65 68 -2 0 3 0.59 0.0 0 9.8 18 80 M M 8 138 25 80
2 78 63 71 1 0 6 0.00 0.0 0 13.0 18 70 M M 10 26 70
3 81 72 77 8 0 12 0.00 0.0 0 10.9 17 120 M M 2 1 22 110
4 83 73 78 9 0 13 0.01 0.0 0 13.5 20 170 M M 6 3 25 140
5 77 61 69 0 0 4 0.60 0.0 0 10.8 35 320 M M 5 13 41 320
6 82 71 77 9 0 12 0.00 0.0 0 10.2 15 160 M M 5 23 150
7 79 71 75 7 0 10 0.00 0.0 0 8.3 15 100 M M 4 128 20 80
8 80 71 76 8 0 11 0.00 0.0 0 8.9 17 80 M M 2 23 70
9 81 70 76 9 0 11 0.00 0.0 0 8.6 14 110 M M 0 1 18 100
10 79 69 74 7 0 9 0.00 0.0 0 9.1 13 140 M M 1 M M
11 81 54 68 1 0 3 0.01 0.0 0 11.4 31 320 M M 3 13 40 320
12 62 50 56 -10 9 0 T 0.0 0 23.5 35 340 M M 5 45 350
13 59 46 53 -13 12 0 0.00 0.0 0 12.7 21 30 M M 3 26 30
14 70 53 62 -4 3 0 1.66 0.0 0 16.9 31 350 M M 10 13 54 350
15 54 47 51 -15 14 0 0.00 0.0 0 19.3 29 340 M M 5 38 340
16 53 45 49 -16 16 0 0.00 0.0 0 16.8 24 20 M M 8 33 20
17 55 50 53 -12 12 0 T 0.0 0 12.3 16 20 M M 7 M M
18 59 49 54 -11 11 0 0.11 0.0 0 M M M M M M M M
19 52 46 49 -15 16 0 1.18 0.0 0 23.0 25 20 M M 10 1 39 20
20 53 44 49 -15 16 0 T 0.0 0 12.1 13 10 M M 1 M M
21 50 46 48 -16 17 0 0.42 0.0 0 13.8 15 20 M M 10 24 20
22 55 47 51 -13 14 0 1.09 0.0 0 10.4 18 40 M M 4 1 23 20
23 68 50 59 -4 6 0 0.00 0.0 0 8.6 15 110 M M 4 1 20 110
24 71 64 68 5 0 3 1.34 0.0 0 11.8 38 300 M M 8 1238 61 280
25 63 60 62 -1 3 0 0.14 0.0 0 14.6 26 20 M M 5 138 31 70
26 74 66 70 7 0 5 1.05 0.0 0 12.6 29 100 M M 5 138 42 110
27 72 59 66 4 0 1 0.00 0.0 0 9.2 21 230 M M 0 30 260
28 67 58 63 1 2 0 0.00 0.0 0 8.4 15 120 M M 1 1 22 110
29 76 67 72 10 0 7 0.00 0.0 0 13.3 20 180 M M 10 128 26 170
30 75 53 64 2 1 0 0.00 0.0 0 18.3 31 340 M M 3 1 49 10
================================================================================
SM 2059 1740 152 110 8.20 0.0 372.1 M 145
================================================================================
AV 68.6 58.0 12.8 FASTST M M 5 MAX(MPH)
MISC ----> 38 300 61 280
================================================================================
NOTES:
# LAST OF SEVERAL OCCURRENCES
COLUMN 17 PEAK WIND IN M.P.H.
PRELIMINARY LOCAL CLIMATOLOGICAL DATA (WS FORM: F-6) , PAGE 2
STATION: GALVESTON
MONTH: NOVEMBER
YEAR: 2022
LATITUDE: 29 16 N
LONGITUDE: 94 52 W
[TEMPERATURE DATA] [PRECIPITATION DATA] SYMBOLS USED IN COLUMN 16
AVERAGE MONTHLY: 63.3 TOTAL FOR MONTH: 8.20 1 = FOG OR MIST
DPTR FM NORMAL: -2.2 DPTR FM NORMAL: 3.92 2 = FOG REDUCING VISIBILITY
HIGHEST: 83 ON 4 GRTST 24HR 1.66 ON 14-14 TO 1/4 MILE OR LESS
LOWEST: 44 ON 20 3 = THUNDER
SNOW, ICE PELLETS, HAIL 4 = ICE PELLETS
TOTAL MONTH: 0.0 INCH 5 = HAIL
GRTST 24HR 0.0 6 = FREEZING RAIN OR DRIZZLE
GRTST DEPTH: 0 7 = DUSTSTORM OR SANDSTORM:
VSBY 1/2 MILE OR LESS
8 = SMOKE OR HAZE
[NO. OF DAYS WITH] [WEATHER - DAYS WITH] 9 = BLOWING SNOW
X = TORNADO
MAX 32 OR BELOW: 0 0.01 INCH OR MORE: 12
MAX 90 OR ABOVE: 0 0.10 INCH OR MORE: 10
MIN 32 OR BELOW: 0 0.50 INCH OR MORE: 7
MIN 0 OR BELOW: 0 1.00 INCH OR MORE: 5
[HDD (BASE 65) ]
TOTAL THIS MO. 148 CLEAR (SCALE 0-3) 10
DPTR FM NORMAL 60 PTCLDY (SCALE 4-7) 13
TOTAL FM JUL 1 159 CLOUDY (SCALE 8-10) 7
DPTR FM NORMAL 63
[CDD (BASE 65) ]
TOTAL THIS MO. 110
DPTR FM NORMAL 5 [PRESSURE DATA]
TOTAL FM JAN 1 4100 HIGHEST SLP 30.48 ON 17
DPTR FM NORMAL 560 LOWEST SLP 29.74 ON 14
[REMARKS]
#FINAL-11-22#