000
CXUS54 KHGX 011510
CF6GLS
PRELIMINARY LOCAL CLIMATOLOGICAL DATA (WS FORM: F-6)
STATION: GALVESTON
MONTH: FEBRUARY
YEAR: 2024
LATITUDE: 29 16 N
LONGITUDE: 94 52 W
TEMPERATURE IN F: :PCPN: SNOW: WIND :SUNSHINE: SKY :PK WND
================================================================================
1 2 3 4 5 6A 6B 7 8 9 10 11 12 13 14 15 16 17 18
12Z AVG MX 2MIN
DY MAX MIN AVG DEP HDD CDD WTR SNW DPTH SPD SPD DIR MIN PSBL S-S WX SPD DR
================================================================================
1 67 54 61 4 4 0 0.00 0.0 0 6.6 13 140 M M 0 18 130
2 70 59 65 8 0 0 0.02 0.0 0 13.2 25 110 M M 2 3 34 120
3 67 55 61 4 4 0 2.35 0.0 0 9.2 24 80 M M 5 123 37 70
4 70 55 63 5 2 0 0.00 0.0 0 14.3 28 320 M M 1 1 44 310
5 66 56 61 3 4 0 0.00 0.0 0 18.4 31 340 M M 5 43 340
6 65 52 59 1 6 0 0.00 0.0 0 6.1 15 360 M M 0 19 10
7 68 50 59 1 6 0 0.00 0.0 0 9.4 20 120 M M 5 27 130
8 72 62 67 9 0 2 T 0.0 0 8.7 18 160 M M 8 18 24 160
9 73 62 68 10 0 3 0.03 0.0 0 9.5 22 160 M M 7 1 30 160
10 70 64 67 9 0 2 T 0.0 0 11.0 21 170 M M 8 1 28 170
11 72 55 64 5 1 0 0.01 0.0 0 12.7 29 320 M M 9 128 39 320
12 62 46 54 -5 11 0 0.00 0.0 0 16.5 32 300 M M 1 50 290
13 59 47 53 -6 12 0 0.00 0.0 0 6.7 12 170 M M 0 16 140
14 64 50 57 -2 8 0 0.00 0.0 0 8.5 15 120 M M 2 19 100
15 68 59 64 5 1 0 0.00 0.0 0 8.2 13 130 M M 7 18 140
16 63 60 62 2 3 0 0.44 0.0 0 6.5 21 160 M M 8 1 26 170
17 62 44 53 -7 12 0 0.00 0.0 0 21.6 31 350 M M 6 1 52 20
18 56 42 49 -11 16 0 0.00 0.0 0 12.4 26 10 M M 0 39 350
19 61 41 51 -9 14 0 0.00 0.0 0 6.0 14 190 M M 0 19 170
20 71 51 61 1 4 0 0.00 0.0 0 7.9 16 170 M M 0 1 20 170
21 73 61 67 7 0 2 0.00 0.0 0 12.3 22 170 M M 6 27 180
22 72 64 68 7 0 3 0.00 0.0 0 10.5 17 190 M M 10 18 22 210
23 77 62 70 9 0 5 0.00 0.0 0 12.7 22 350 M M 1 12 29 340
24 75 53 64 3 1 0 0.00 0.0 0 6.9 16 200 M M 0 21 200
25 73 59 66 5 0 1 0.00 0.0 0 10.8 18 170 M M 0 26 180
26 73 64 69 8 0 4 0.00 0.0 0 11.6 14 200 M M 5 M M
27 74 66 70 8 0 5 0.00 0.0 0 12.0 18 180 M M 9 18 25 190
28 75 55 65 3 0 0 0.00 0.0 0 16.2 29 360 M M 8 1 43 350
29 62 54 58 -4 7 0 0.00 0.0 0 15.1 26 30 M M 10 36 30
================================================================================
SM 1980 1602 116 27 2.85 0.0 321.5 M 123
================================================================================
AV 68.3 55.2 11.1 FASTST M M 4 MAX(MPH)
MISC ----> 32 300 52 20
================================================================================
NOTES:
# LAST OF SEVERAL OCCURRENCES
COLUMN 17 PEAK WIND IN M.P.H.
PRELIMINARY LOCAL CLIMATOLOGICAL DATA (WS FORM: F-6) , PAGE 2
STATION: GALVESTON
MONTH: FEBRUARY
YEAR: 2024
LATITUDE: 29 16 N
LONGITUDE: 94 52 W
[TEMPERATURE DATA] [PRECIPITATION DATA] SYMBOLS USED IN COLUMN 16
AVERAGE MONTHLY: 61.8 TOTAL FOR MONTH: 2.85 1 = FOG OR MIST
DPTR FM NORMAL: 2.5 DPTR FM NORMAL: 0.71 2 = FOG REDUCING VISIBILITY
HIGHEST: 77 ON 23 GRTST 24HR 2.37 ON 2- 3 TO 1/4 MILE OR LESS
LOWEST: 41 ON 19 3 = THUNDER
SNOW, ICE PELLETS, HAIL 4 = ICE PELLETS
TOTAL MONTH: 0.0 INCH 5 = HAIL
GRTST 24HR 0.0 6 = FREEZING RAIN OR DRIZZLE
GRTST DEPTH: 0 7 = DUSTSTORM OR SANDSTORM:
VSBY 1/2 MILE OR LESS
8 = SMOKE OR HAZE
[NO. OF DAYS WITH] [WEATHER - DAYS WITH] 9 = BLOWING SNOW
X = TORNADO
MAX 32 OR BELOW: 0 0.01 INCH OR MORE: 5
MAX 90 OR ABOVE: 0 0.10 INCH OR MORE: 2
MIN 32 OR BELOW: 0 0.50 INCH OR MORE: 1
MIN 0 OR BELOW: 0 1.00 INCH OR MORE: 1
[HDD (BASE 65) ]
TOTAL THIS MO. 116 CLEAR (SCALE 0-3) 13
DPTR FM NORMAL -66 PTCLDY (SCALE 4-7) 10
TOTAL FM JUL 1 708 CLOUDY (SCALE 8-10) 6
DPTR FM NORMAL -101
[CDD (BASE 65) ]
TOTAL THIS MO. 27
DPTR FM NORMAL 3 [PRESSURE DATA]
TOTAL FM JAN 1 28 HIGHEST SLP 30.32 ON 20
DPTR FM NORMAL -9 LOWEST SLP 29.55 ON 4
[REMARKS]
#FINAL-02-24#