000
CXUS54 KHGX 021411
CF6GLS
PRELIMINARY LOCAL CLIMATOLOGICAL DATA (WS FORM: F-6)
STATION: GALVESTON
MONTH: MARCH
YEAR: 2022
LATITUDE: 29 16 N
LONGITUDE: 94 52 W
TEMPERATURE IN F: :PCPN: SNOW: WIND :SUNSHINE: SKY :PK WND
================================================================================
1 2 3 4 5 6A 6B 7 8 9 10 11 12 13 14 15 16 17 18
12Z AVG MX 2MIN
DY MAX MIN AVG DEP HDD CDD WTR SNW DPTH SPD SPD DIR MIN PSBL S-S WX SPD DR
================================================================================
1 68 46 57 -5 8 0 0.00 0.0 0 5.0 10 160 M M 0 14 160
2 67 48 58 -4 7 0 0.00 0.0 0 6.0 14 130 M M 0 17 130
3 73 59 66 4 0 1 0.00 0.0 0 8.4 15 100 M M 1 18 20 80
4 74 64 69 6 0 4 0.00 0.0 0 12.1 16 130 M M 7 22 110
5 77 66 72 9 0 7 0.00 0.0 0 14.4 20 160 M M 6 18 27 150
6 77 67 72 9 0 7 0.00 0.0 0 13.9 21 130 M M 9 128 28 140
7 71 57 64 1 1 0 T 0.0 0 17.6 31 350 M M 10 12 42 350
8 57 48 53 -11 12 0 0.08 0.0 0 16.4 24 350 M M 10 18 32 350
9 60 48 54 -10 11 0 T 0.0 0 11.5 29 350 M M 8 37 360
10 68 51 60 -4 5 0 0.00 0.0 0 9.1 18 100 M M 3 18 22 110
11 68 44 56 -8 9 0 0.03 0.0 0 17.3 40 350 M M 10 18 59 350
12 58 40 49 -15 16 0 0.00 0.0 0 14.1 38 350 M M 2 50 340
13 65 44 55 -9 10 0 0.00 0.0 0 9.3 17 140 M M 4 23 120
14 74 62 68 3 0 3 0.16 0.0 0 12.9 20 130 M M 6 138 30 270
15 77 61 69 4 0 4 0.21 0.0 0 11.5 22 310 M M 1 8 31 320
16 72 56 64 -1 1 0 0.00 0.0 0 8.2 16 180 M M 0 19 170
17 75 61 68 3 0 3 0.02 0.0 0 13.1 18 170 M M 6 18 25 130
18 76 64 70 4 0 5 0.00 0.0 0 15.6 31 320 M M 3 18 38 310
19 75 56 66 0 0 1 0.00 0.0 0 8.6 22 360 M M 1 28 360
20 74 57 66 0 0 1 0.00 0.0 0 11.4 20 110 M M 0 28 120
21 74 68 71 5 0 6 0.12 0.0 0 17.4 24 120 M M 10 18 34 120
22 77 57 67 1 0 2 0.42 0.0 0 15.0 28 330 M M 5 138 43 300
23 72 53 63 -4 2 0 0.00 0.0 0 12.2 24 270 M M 0 32 270
24 74 58 66 -1 0 1 0.00 0.0 0 10.5 24 270 M M 0 35 270
25 80 57 69 2 0 4 0.00 0.0 0 6.3 14 180 M M 0 17 170
26 78 62 70 3 0 5 0.00 0.0 0 11.7 18 210 M M 0 26 210
27 80 68 74 6 0 9 0.00 0.0 0 15.0 29 220 M M 0 40 220
28 79 67 73 5 0 8 0.00 0.0 0 12.8 16 150 M M 2 23 170
29 79 71 75 7 0 10 0.00 0.0 0 16.9 23 140 M M 7 8 31 160
30 86 64 75 7 0 10 0.25 0.0 0 15.3 28 280 M M 5 138 47 240
31 75 58 67 -1 0 2 0.00 0.0 0 10.0 28 360 M M 0 37 360
================================================================================
SM 2260 1782 82 93 1.29 0.0 379.5 M 116
================================================================================
AV 72.9 57.5 12.2 FASTST M M 4 MAX(MPH)
MISC ----> 40 350 59 350
================================================================================
NOTES:
# LAST OF SEVERAL OCCURRENCES
COLUMN 17 PEAK WIND IN M.P.H.
PRELIMINARY LOCAL CLIMATOLOGICAL DATA (WS FORM: F-6) , PAGE 2
STATION: GALVESTON
MONTH: MARCH
YEAR: 2022
LATITUDE: 29 16 N
LONGITUDE: 94 52 W
[TEMPERATURE DATA] [PRECIPITATION DATA] SYMBOLS USED IN COLUMN 16
AVERAGE MONTHLY: 65.2 TOTAL FOR MONTH: 1.29 1 = FOG OR MIST
DPTR FM NORMAL: 0.0 DPTR FM NORMAL: -1.73 2 = FOG REDUCING VISIBILITY
HIGHEST: 86 ON 30 GRTST 24HR 0.49 ON 21-22 TO 1/4 MILE OR LESS
LOWEST: 40 ON 12 3 = THUNDER
SNOW, ICE PELLETS, HAIL 4 = ICE PELLETS
TOTAL MONTH: 0.0 INCH 5 = HAIL
GRTST 24HR 0.0 6 = FREEZING RAIN OR DRIZZLE
GRTST DEPTH: 0 7 = DUSTSTORM OR SANDSTORM:
VSBY 1/2 MILE OR LESS
8 = SMOKE OR HAZE
[NO. OF DAYS WITH] [WEATHER - DAYS WITH] 9 = BLOWING SNOW
X = TORNADO
MAX 32 OR BELOW: 0 0.01 INCH OR MORE: 8
MAX 90 OR ABOVE: 0 0.10 INCH OR MORE: 5
MIN 32 OR BELOW: 0 0.50 INCH OR MORE: 0
MIN 0 OR BELOW: 0 1.00 INCH OR MORE: 0
[HDD (BASE 65) ]
TOTAL THIS MO. 82 CLEAR (SCALE 0-3) 15
DPTR FM NORMAL 4 PTCLDY (SCALE 4-7) 11
TOTAL FM JUL 1 684 CLOUDY (SCALE 8-10) 5
DPTR FM NORMAL -190
[CDD (BASE 65) ]
TOTAL THIS MO. 93
DPTR FM NORMAL 9 [PRESSURE DATA]
TOTAL FM JAN 1 138 HIGHEST SLP 30.52 ON 12
DPTR FM NORMAL 17 LOWEST SLP 29.53 ON 30
[REMARKS]
#FINAL-03-22#