000
CXUS54 KHGX 020623
CF6GLS
PRELIMINARY LOCAL CLIMATOLOGICAL DATA (WS FORM: F-6)
STATION: GALVESTON
MONTH: JANUARY
YEAR: 2022
LATITUDE: 29 16 N
LONGITUDE: 94 52 W
TEMPERATURE IN F: :PCPN: SNOW: WIND :SUNSHINE: SKY :PK WND
================================================================================
1 2 3 4 5 6A 6B 7 8 9 10 11 12 13 14 15 16 17 18
12Z AVG MX 2MIN
DY MAX MIN AVG DEP HDD CDD WTR SNW DPTH SPD SPD DIR MIN PSBL S-S WX SPD DR
================================================================================
1 81 73 77 21 0 12 0.00 0.0 0 13.9 22 180 M M 7 128 31 210
2 73 39 56 0 9 0 0.02 0.0 0 24.2 38 330 M M 5 12 50 310
3 53 40 47 -9 18 0 0.00 0.0 0 11.4 28 340 M M 0 34 350
4 68 48 58 2 7 0 0.00 0.0 0 8.2 18 180 M M 4 23 180
5 74 58 66 10 0 1 0.00 0.0 0 6.1 14 130 M M 3 18 19 150
6 77 52 65 9 0 0 0.00 0.0 0 10.9 23 10 M M 3 12 31 10
7 62 45 54 -2 11 0 0.00 0.0 0 14.6 21 100 M M 8 18 28 100
8 76 62 69 13 0 4 0.05 0.0 0 17.5 26 150 M M 10 138 35 130
9 80 61 71 15 0 6 T 0.0 0 11.5 28 340 M M 7 18 38 340
10 63 52 58 2 7 0 0.00 0.0 0 22.0 31 350 M M 3 40 350
11 60 48 54 -2 11 0 0.00 0.0 0 12.8 22 30 M M 2 29 30
12 63 54 59 3 6 0 0.00 0.0 0 5.4 15 20 M M 9 19 10
13 74 50 62 6 3 0 0.00 0.0 0 5.9 15 190 M M 0 8 20 260
14 73 52 63 7 2 0 0.00 0.0 0 5.8 13 190 M M 0 16 190
15 67 42 55 -1 10 0 T 0.0 0 20.0 36 320 M M 1 8 53 320
16 60 38 49 -7 16 0 0.00 0.0 0 10.2 26 310 M M 0 39 310
17 65 45 55 -1 10 0 0.00 0.0 0 5.8 12 150 M M 0 15 160
18 74 58 66 10 0 1 0.00 0.0 0 11.3 17 150 M M 4 23 140
19 76 65 71 15 0 6 0.24 0.0 0 12.3 21 310 M M 4 138 32 310
20 65 44 55 -1 10 0 0.27 0.0 0 25.2 32 340 M M 10 13 43 10
21 47 41 44 -12 21 0 0.08 0.0 0 17.0 25 10 M M 5 35 360
22 55 35 45 -11 20 0 0.00 0.0 0 13.8 21 30 M M 0 27 10
23 57 44 51 -5 14 0 0.00 0.0 0 6.1 15 50 M M 7 18 50
24 58 51 55 -1 10 0 0.61 0.0 0 8.7 22 10 M M 10 18 32 100
25 59 50 55 -1 10 0 0.00 0.0 0 13.5 20 350 M M 10 18 26 340
26 55 44 50 -6 15 0 0.00 0.0 0 10.2 22 30 M M 5 28 20
27 62 48 55 -1 10 0 0.00 0.0 0 6.6 14 20 M M 4 18 20
28 60 51 56 -1 9 0 0.00 0.0 0 13.3 23 10 M M 4 30 10
29 59 43 51 -6 14 0 0.00 0.0 0 7.4 15 180 M M 0 18 170
30 69 47 58 1 7 0 0.00 0.0 0 7.5 14 160 M M 0 1 20 200
31 66 59 63 6 2 0 0.73 0.0 0 12.7 21 90 M M 9 1 29 80
================================================================================
SM 2031 1539 252 30 2.00 0.0 371.8 M 134
================================================================================
AV 65.5 49.6 12.0 FASTST M M 4 MAX(MPH)
MISC ----> 38 330 53 320
================================================================================
NOTES:
# LAST OF SEVERAL OCCURRENCES
COLUMN 17 PEAK WIND IN M.P.H.
PRELIMINARY LOCAL CLIMATOLOGICAL DATA (WS FORM: F-6) , PAGE 2
STATION: GALVESTON
MONTH: JANUARY
YEAR: 2022
LATITUDE: 29 16 N
LONGITUDE: 94 52 W
[TEMPERATURE DATA] [PRECIPITATION DATA] SYMBOLS USED IN COLUMN 16
AVERAGE MONTHLY: 57.6 TOTAL FOR MONTH: 2.00 1 = FOG OR MIST
DPTR FM NORMAL: 1.6 DPTR FM NORMAL: -2.30 2 = FOG REDUCING VISIBILITY
HIGHEST: 81 ON 1 GRTST 24HR 1.56 ON 31-31 TO 1/4 MILE OR LESS
LOWEST: 35 ON 22 3 = THUNDER
SNOW, ICE PELLETS, HAIL 4 = ICE PELLETS
TOTAL MONTH: 0.0 INCH 5 = HAIL
GRTST 24HR 0.0 6 = FREEZING RAIN OR DRIZZLE
GRTST DEPTH: 0 7 = DUSTSTORM OR SANDSTORM:
VSBY 1/2 MILE OR LESS
8 = SMOKE OR HAZE
[NO. OF DAYS WITH] [WEATHER - DAYS WITH] 9 = BLOWING SNOW
X = TORNADO
MAX 32 OR BELOW: 0 0.01 INCH OR MORE: 7
MAX 90 OR ABOVE: 0 0.10 INCH OR MORE: 4
MIN 32 OR BELOW: 0 0.50 INCH OR MORE: 2
MIN 0 OR BELOW: 0 1.00 INCH OR MORE: 0
[HDD (BASE 65) ]
TOTAL THIS MO. 252 CLEAR (SCALE 0-3) 13
DPTR FM NORMAL -38 PTCLDY (SCALE 4-7) 11
TOTAL FM JUL 1 341 CLOUDY (SCALE 8-10) 7
DPTR FM NORMAL -279
[CDD (BASE 65) ]
TOTAL THIS MO. 30
DPTR FM NORMAL 17 [PRESSURE DATA]
TOTAL FM JAN 1 30 HIGHEST SLP 30.57 ON 10
DPTR FM NORMAL 17 LOWEST SLP 29.68 ON 1
[REMARKS]
#FINAL-01-22#