000
CXUS54 KHGX 011625
CF6GLS
PRELIMINARY LOCAL CLIMATOLOGICAL DATA (WS FORM: F-6)
STATION: GALVESTON
MONTH: NOVEMBER
YEAR: 2021
LATITUDE: 29 16 N
LONGITUDE: 94 52 W
TEMPERATURE IN F: :PCPN: SNOW: WIND :SUNSHINE: SKY :PK WND
================================================================================
1 2 3 4 5 6A 6B 7 8 9 10 11 12 13 14 15 16 17 18
12Z AVG MX 2MIN
DY MAX MIN AVG DEP HDD CDD WTR SNW DPTH SPD SPD DIR MIN PSBL S-S WX SPD DR
================================================================================
1 79 68 74 4 0 9 0.00 0.0 0 7.9 13 100 M M 0 16 100
2 79 70 75 5 0 10 0.00 0.0 0 9.1 15 110 M M 2 19 70
3 80 63 72 3 0 7 0.46 0.0 0 10.3 28 20 M M 5 138 34 20
4 63 57 60 -9 5 0 0.00 0.0 0 17.4 23 360 M M 10 28 350
5 66 54 60 -9 5 0 0.00 0.0 0 11.8 20 20 M M 2 24 20
6 69 56 63 -5 2 0 0.00 0.0 0 7.4 14 360 M M 1 17 360
7 70 58 64 -4 1 0 0.00 0.0 0 6.2 12 90 M M 1 15 60
8 75 60 68 0 0 3 0.00 0.0 0 6.0 10 140 M M 1 15 120
9 77 66 72 5 0 7 0.00 0.0 0 9.8 16 110 M M 4 8 21 120
10 81 72 77 10 0 12 0.07 0.0 0 10.4 18 160 M M 7 24 160
11 80 64 72 5 0 7 0.46 0.0 0 9.8 20 360 M M 5 3 26 360
12 77 63 70 4 0 5 0.00 0.0 0 6.2 13 110 M M 2 15 100
13 68 58 63 -3 2 0 0.00 0.0 0 8.4 22 350 M M 0 26 10
14 74 56 65 -1 0 0 0.00 0.0 0 6.0 13 190 M M 0 17 180
15 80 66 73 7 0 8 0.00 0.0 0 8.8 15 170 M M 0 19 170
16 81 71 76 11 0 11 0.00 0.0 0 12.5 17 160 M M 1 24 170
17 82 73 78 13 0 13 0.00 0.0 0 11.1 21 170 M M 5 27 170
18 75 58 67 2 0 2 T 0.0 0 15.1 28 30 M M 6 18 37 10
19 64 52 58 -6 7 0 0.00 0.0 0 10.1 23 30 M M 0 30 40
20 77 63 70 6 0 5 0.00 0.0 0 9.2 15 120 M M 3 19 110
21 80 69 75 11 0 10 0.03 0.0 0 8.4 20 310 M M 4 25 310
22 73 61 67 3 0 2 0.01 0.0 0 15.2 25 360 M M 4 1 33 350
23 71 59 65 2 0 0 0.00 0.0 0 10.2 20 140 M M 1 24 140
24 78 70 74 11 0 9 0.00 0.0 0 14.1 20 140 M M 5 26 140
25 77 60 69 6 0 4 0.09 0.0 0 14.8 31 340 M M 7 18 40 340
26 60 52 56 -7 9 0 0.00 0.0 0 14.8 29 360 M M 1 39 360
27 62 54 58 -4 7 0 0.09 0.0 0 8.8 16 30 M M 7 20 30
28 63 56 60 -2 5 0 0.05 0.0 0 11.7 16 360 M M 9 18 22 350
29 67 52 60 -2 5 0 0.00 0.0 0 4.5 9 170 M M 0 1 14 130
30 73 58 66 4 0 1 0.00 0.0 0 4.5 9 80 M M 0 18 13 110
================================================================================
SM 2201 1839 48 125 1.26 0.0 300.5 M 93
================================================================================
AV 73.4 61.3 10.0 FASTST M M 3 MAX(MPH)
MISC ----> 31 340 40 340
================================================================================
NOTES:
# LAST OF SEVERAL OCCURRENCES
COLUMN 17 PEAK WIND IN M.P.H.
PRELIMINARY LOCAL CLIMATOLOGICAL DATA (WS FORM: F-6) , PAGE 2
STATION: GALVESTON
MONTH: NOVEMBER
YEAR: 2021
LATITUDE: 29 16 N
LONGITUDE: 94 52 W
[TEMPERATURE DATA] [PRECIPITATION DATA] SYMBOLS USED IN COLUMN 16
AVERAGE MONTHLY: 67.3 TOTAL FOR MONTH: 1.26 1 = FOG OR MIST
DPTR FM NORMAL: 1.8 DPTR FM NORMAL: -3.02 2 = FOG REDUCING VISIBILITY
HIGHEST: 82 ON 17 GRTST 24HR 0.46 ON 3- 3 TO 1/4 MILE OR LESS
LOWEST: 52 ON 29,26 3 = THUNDER
SNOW, ICE PELLETS, HAIL 4 = ICE PELLETS
TOTAL MONTH: 0.0 INCH 5 = HAIL
GRTST 24HR 0.0 6 = FREEZING RAIN OR DRIZZLE
GRTST DEPTH: 0 7 = DUSTSTORM OR SANDSTORM:
VSBY 1/2 MILE OR LESS
8 = SMOKE OR HAZE
[NO. OF DAYS WITH] [WEATHER - DAYS WITH] 9 = BLOWING SNOW
X = TORNADO
MAX 32 OR BELOW: 0 0.01 INCH OR MORE: 8
MAX 90 OR ABOVE: 0 0.10 INCH OR MORE: 2
MIN 32 OR BELOW: 0 0.50 INCH OR MORE: 0
MIN 0 OR BELOW: 0 1.00 INCH OR MORE: 0
[HDD (BASE 65) ]
TOTAL THIS MO. 48 CLEAR (SCALE 0-3) 16
DPTR FM NORMAL -40 PTCLDY (SCALE 4-7) 12
TOTAL FM JUL 1 48 CLOUDY (SCALE 8-10) 2
DPTR FM NORMAL -48
[CDD (BASE 65) ]
TOTAL THIS MO. 125
DPTR FM NORMAL 20 [PRESSURE DATA]
TOTAL FM JAN 1 3707 HIGHEST SLP 30.41 ON 19
DPTR FM NORMAL 167 LOWEST SLP 29.90 ON 11
[REMARKS]
#FINAL-11-21#