000
CXUS54 KHGX 072353
CF6GLS
PRELIMINARY LOCAL CLIMATOLOGICAL DATA (WS FORM: F-6)
STATION: GALVESTON
MONTH: JULY
YEAR: 2021
LATITUDE: 29 16 N
LONGITUDE: 94 52 W
TEMPERATURE IN F: :PCPN: SNOW: WIND :SUNSHINE: SKY :PK WND
================================================================================
1 2 3 4 5 6A 6B 7 8 9 10 11 12 13 14 15 16 17 18
12Z AVG MX 2MIN
DY MAX MIN AVG DEP HDD CDD WTR SNW DPTH SPD SPD DIR MIN PSBL S-S WX SPD DR
================================================================================
1 88 80 84 -1 0 19 0.00 0.0 0 6.4 13 130 M M 2 15 140
2 92 81 87 2 0 22 0.00 0.0 0 7.0 14 180 M M 2 16 170
3 89 80 85 0 0 20 0.15 0.0 0 5.8 15 30 M M 4 3 19 10
4 88 79 84 -1 0 19 0.26 0.0 0 6.5 13 160 M M 3 17 160
5 87 78 83 -2 0 18 0.20 0.0 0 6.9 15 160 M M 3 3 18 210
6 84 74 79 -6 0 14 2.41 0.0 0 8.3 22 180 M M 5 13 27 180
7 86 78 82 -3 0 17 0.31 0.0 0 11.0 23 180 M M 4 31 320
8 85 76 81 -4 0 16 0.28 0.0 0 16.7 24 140 M M 7 34 360
9 85 76 81 -4 0 16 0.31 0.0 0 11.9 32 170 M M 8 13 40 170
10 90 83 87 2 0 22 0.00 0.0 0 13.7 20 170 M M 5 23 180
11 89 83 86 1 0 21 0.00 0.0 0 12.2 21 200 M M 8 25 200
12 90 82 86 1 0 21 0.00 0.0 0 9.2 24 340 M M 2 29 340
13 90 81 86 1 0 21 0.00 0.0 0 9.0 15 150 M M 2 19 150
14 90 81 86 1 0 21 T 0.0 0 11.8 17 150 M M 3 3 21 150
15 91 82 87 2 0 22 0.03 0.0 0 12.1 22 200 M M 3 26 180
16 91 84 88 2 0 23 0.00 0.0 0 12.8 20 170 M M 3 23 170
17 91 84 88 2 0 23 0.00 0.0 0 9.5 15 150 M M 3 19 150
18 91 83 87 1 0 22 0.05 0.0 0 9.2 14 180 M M 2 18 160
19 93 76 85 -1 0 20 0.74 0.0 0 11.8 25 280 M M 3 38 34 280
20 88 77 83 -3 0 18 0.62 0.0 0 7.6 21 350 M M 5 138 26 340
21 87 78 83 -3 0 18 0.00 0.0 0 6.9 16 350 M M 3 3 19 340
22 90 81 86 0 0 21 T 0.0 0 9.3 15 170 M M 2 3 18 170
23 91 84 88 2 0 23 0.00 0.0 0 11.9 18 200 M M 2 23 210
24 90 83 87 1 0 22 0.00 0.0 0 11.4 16 170 M M 2 8 21 180
25 90 81 86 0 0 21 0.00 0.0 0 7.2 14 180 M M 1 17 190
26 93 80 87 1 0 22 0.00 0.0 0 6.3 13 180 M M 0 15 160
27 92 78 85 -1 0 20 0.09 0.0 0 6.5 31 360 M M 2 138 41 340
28 93 79 86 0 0 21 0.00 0.0 0 6.8 14 360 M M 1 16 10
29 93 83 88 2 0 23 0.00 0.0 0 7.7 16 150 M M 1 19 160
30 92 83 88 2 0 23 0.00 0.0 0 8.1 14 170 M M 2 3 23 220
31 93 80 87 1 0 22 0.52 0.0 0 7.2 18 360 M M 3 13 24 310
================================================================================
SM 2782 2488 0 631 5.97 0.0 288.7 M 96
================================================================================
AV 89.7 80.3 9.3 FASTST M M 3 MAX(MPH)
MISC ----> 32 170 41 340
================================================================================
NOTES:
# LAST OF SEVERAL OCCURRENCES
COLUMN 17 PEAK WIND IN M.P.H.
PRELIMINARY LOCAL CLIMATOLOGICAL DATA (WS FORM: F-6) , PAGE 2
STATION: GALVESTON
MONTH: JULY
YEAR: 2021
LATITUDE: 29 16 N
LONGITUDE: 94 52 W
[TEMPERATURE DATA] [PRECIPITATION DATA] SYMBOLS USED IN COLUMN 16
AVERAGE MONTHLY: 85.0 TOTAL FOR MONTH: 5.97 1 = FOG OR MIST
DPTR FM NORMAL: -0.5 DPTR FM NORMAL: 2.56 2 = FOG REDUCING VISIBILITY
HIGHEST: 93 ON 31,29 GRTST 24HR 2.41 ON 5- 6 TO 1/4 MILE OR LESS
LOWEST: 74 ON 6 3 = THUNDER
SNOW, ICE PELLETS, HAIL 4 = ICE PELLETS
TOTAL MONTH: 0.0 INCH 5 = HAIL
GRTST 24HR 0.0 6 = FREEZING RAIN OR DRIZZLE
GRTST DEPTH: 0 7 = DUSTSTORM OR SANDSTORM:
VSBY 1/2 MILE OR LESS
8 = SMOKE OR HAZE
[NO. OF DAYS WITH] [WEATHER - DAYS WITH] 9 = BLOWING SNOW
X = TORNADO
MAX 32 OR BELOW: 0 0.01 INCH OR MORE: 13
MAX 90 OR ABOVE: 20 0.10 INCH OR MORE: 10
MIN 32 OR BELOW: 0 0.50 INCH OR MORE: 4
MIN 0 OR BELOW: 0 1.00 INCH OR MORE: 1
[HDD (BASE 65) ]
TOTAL THIS MO. 0 CLEAR (SCALE 0-3) 21
DPTR FM NORMAL 0 PTCLDY (SCALE 4-7) 10
TOTAL FM JUL 1 0 CLOUDY (SCALE 8-10) 0
DPTR FM NORMAL 0
[CDD (BASE 65) ]
TOTAL THIS MO. 631
DPTR FM NORMAL -5 [PRESSURE DATA]
TOTAL FM JAN 1 1924 HIGHEST SLP 30.19 ON 14
DPTR FM NORMAL -13 LOWEST SLP 29.88 ON 20
[REMARKS]
#FINAL-07-21#