000
CXUS54 KHGX 251632
CF6GLS
PRELIMINARY LOCAL CLIMATOLOGICAL DATA (WS FORM: F-6)
STATION: GALVESTON
MONTH: AUGUST
YEAR: 2020
LATITUDE: 29 16 N
LONGITUDE: 94 52 W
TEMPERATURE IN F: :PCPN: SNOW: WIND :SUNSHINE: SKY :PK WND
================================================================================
1 2 3 4 5 6A 6B 7 8 9 10 11 12 13 14 15 16 17 18
12Z AVG MX 2MIN
DY MAX MIN AVG DEP HDD CDD WTR SNW DPTH SPD SPD DIR MIN PSBL S-S WX SPD DR
================================================================================
1 88 77 83 -3 0 18 0.10 0.0 0 6.7 22 310 M M 4 13 30 270
2 93 80 87 1 0 22 0.00 0.0 0 6.2 13 150 M M 1 19 130
3 93 81 87 1 0 22 0.00 0.0 0 7.0 13 200 M M 0 16 190
4 95 82 89 3 0 24 0.00 0.0 0 8.0 20 40 M M 1 3 24 30
5 92 83 88 2 0 23 0.00 0.0 0 7.7 14 190 M M 1 18 180
6 92 84 88 2 0 23 0.00 0.0 0 7.4 12 160 M M 2 16 160
7 92 83 88 2 0 23 0.00 0.0 0 6.7 12 160 M M 1 15 170
8 92 83 88 2 0 23 0.04 0.0 0 8.7 18 130 M M 3 26 130
9 93 85 89 3 0 24 0.00 0.0 0 12.1 17 180 M M 1 22 200
10 93 85 89 3 0 24 0.00 0.0 0 11.7 16 170 M M 3 20 160
11 93 85 89 3 0 24 0.00 0.0 0 12.3 16 170 M M 1 20 180
12 93 86 90 4 0 25 0.00 0.0 0 11.9 17 180 M M 1 21 200
13 93 84 89 3 0 24 0.00 0.0 0 10.3 16 180 M M 2 20 170
14 94 84 89 3 0 24 0.00 0.0 0 11.2 18 180 M M 2 23 180
15 93 85 89 3 0 24 0.00 0.0 0 10.6 17 180 M M 2 22 190
16 95 83 89 3 0 24 0.00 0.0 0 7.5 13 180 M M 1 15 220
17 94 79 87 1 0 22 T 0.0 0 9.1 36 340 M M 1 45 350
18 97 81 89 3 0 24 0.00 0.0 0 8.0 14 270 M M 0 17 270
19 95 81 88 2 0 23 0.00 0.0 0 4.6 12 170 M M 1 13 30
20 93 81 87 1 0 22 0.00 0.0 0 7.8 17 130 M M 1 3 22 140
21 93 82 88 2 0 23 T 0.0 0 5.9 15 190 M M 2 3 18 180
22 93 82 88 2 0 23 0.00 0.0 0 6.5 16 80 M M 2 3 18 70
23 93 83 88 2 0 23 0.00 0.0 0 10.7 18 110 M M 1 24 80
24 93 79 86 0 0 21 0.34 0.0 0 8.3 17 40 M M 1 13 21 30
25 95 82 89 4 0 24 T 0.0 0 12.4 23 40 M M 2 28 30
26 90 80 85 0 0 20 0.20 0.0 0 18.4 30 350 M M 5 1 38 350
27 90 81 86 1 0 21 0.00 0.0 0 13.1 23 280 M M 2 35 310
28 93 85 89 4 0 24 0.05 0.0 0 15.3 21 180 M M 5 13 28 210
29 93 86 90 5 0 25 T 0.0 0 12.3 20 180 M M 2 24 180
30 93 85 89 4 0 24 0.02 0.0 0 11.7 20 170 M M 3 3 23 180
31 94 87 91 6 0 26 0.00 0.0 0 15.8 21 180 M M 3 24 170
================================================================================
SM 2883 2564 0 716 0.75 0.0 305.9 M 57
================================================================================
AV 93.0 82.7 9.9 FASTST M M 2 MAX(MPH)
MISC ----> 36 340 45 350
================================================================================
NOTES:
# LAST OF SEVERAL OCCURRENCES
COLUMN 17 PEAK WIND IN M.P.H.
PRELIMINARY LOCAL CLIMATOLOGICAL DATA (WS FORM: F-6) , PAGE 2
STATION: GALVESTON
MONTH: AUGUST
YEAR: 2020
LATITUDE: 29 16 N
LONGITUDE: 94 52 W
[TEMPERATURE DATA] [PRECIPITATION DATA] SYMBOLS USED IN COLUMN 16
AVERAGE MONTHLY: 87.9 TOTAL FOR MONTH: 0.75 1 = FOG OR MIST
DPTR FM NORMAL: 2.0 DPTR FM NORMAL: -3.96 2 = FOG REDUCING VISIBILITY
HIGHEST: 97 ON 18 GRTST 24HR 0.34 ON 24-24 TO 1/4 MILE OR LESS
LOWEST: 77 ON 1 3 = THUNDER
SNOW, ICE PELLETS, HAIL 4 = ICE PELLETS
TOTAL MONTH: 0.0 INCH 5 = HAIL
GRTST 24HR 0.0 6 = FREEZING RAIN OR DRIZZLE
GRTST DEPTH: 0 7 = DUSTSTORM OR SANDSTORM:
VSBY 1/2 MILE OR LESS
8 = SMOKE OR HAZE
[NO. OF DAYS WITH] [WEATHER - DAYS WITH] 9 = BLOWING SNOW
X = TORNADO
MAX 32 OR BELOW: 0 0.01 INCH OR MORE: 6
MAX 90 OR ABOVE: 30 0.10 INCH OR MORE: 3
MIN 32 OR BELOW: 0 0.50 INCH OR MORE: 0
MIN 0 OR BELOW: 0 1.00 INCH OR MORE: 0
[HDD (BASE 65) ]
TOTAL THIS MO. 0 CLEAR (SCALE 0-3) 26
DPTR FM NORMAL 0 PTCLDY (SCALE 4-7) 5
TOTAL FM JUL 1 0 CLOUDY (SCALE 8-10) 0
DPTR FM NORMAL 0
[CDD (BASE 65) ]
TOTAL THIS MO. 716
DPTR FM NORMAL 68 [PRESSURE DATA]
TOTAL FM JAN 1 2956 HIGHEST SLP M ON M
DPTR FM NORMAL 371 LOWEST SLP 29.59 ON 27
[REMARKS]
#FINAL-08-20#