000
CXUS54 KHGX 152048
CF6GLS
PRELIMINARY LOCAL CLIMATOLOGICAL DATA (WS FORM: F-6)
STATION: GALVESTON
MONTH: SEPTEMBER
YEAR: 2023
LATITUDE: 29 16 N
LONGITUDE: 94 52 W
TEMPERATURE IN F: :PCPN: SNOW: WIND :SUNSHINE: SKY :PK WND
================================================================================
1 2 3 4 5 6A 6B 7 8 9 10 11 12 13 14 15 16 17 18
12Z AVG MX 2MIN
DY MAX MIN AVG DEP HDD CDD WTR SNW DPTH SPD SPD DIR MIN PSBL S-S WX SPD DR
================================================================================
1 95 81 88 3 0 23 0.00 0.0 0 8.1 15 110 M M 1 20 110
2 92 82 87 3 0 22 0.18 0.0 0 7.6 15 360 M M 1 18 19 10
3 93 83 88 4 0 23 0.00 0.0 0 10.9 18 170 M M 1 23 180
4 94 83 89 5 0 24 0.01 0.0 0 14.2 20 190 M M 3 27 200
5 93 81 87 3 0 22 0.60 0.0 0 13.9 21 200 M M 3 13 32 200
6 93 83 88 4 0 23 0.00 0.0 0 10.5 16 170 M M 0 21 150
7 95 83 89 5 0 24 0.00 0.0 0 9.2 16 190 M M 0 20 200
8 96 83 90 6 0 25 0.00 0.0 0 10.1 22 100 M M 0 29 100
9 93 78 86 2 0 21 0.03 0.0 0 6.9 32 10 M M 2 3 40 10
10 92 81 87 4 0 22 0.00 0.0 0 9.3 18 60 M M 2 25 70
11 92 77 85 2 0 20 0.00 0.0 0 8.9 15 150 M M 1 22 150
12 92 79 86 3 0 21 0.00 0.0 0 8.1 15 160 M M 0 19 150
13 93 77 85 2 0 20 0.10 0.0 0 6.3 16 340 M M 2 13 23 200
14 87 77 82 -1 0 17 0.10 0.0 0 8.3 21 170 M M 4 13 25 170
15 89 75 82 -1 0 17 0.71 0.0 0 7.8 36 360 M M 4 13 46 360
16 86 78 82 0 0 17 T 0.0 0 6.6 26 340 M M 1 3 36 340
17 91 77 84 2 0 19 0.00 0.0 0 6.7 14 360 M M 2 19 350
18 91 75 83 1 0 18 0.00 0.0 0 7.1 15 120 M M 0 20 130
19 91 79 85 3 0 20 0.00 0.0 0 9.6 17 140 M M 1 23 120
20 91 82 87 5 0 22 0.00 0.0 0 11.9 16 130 M M 1 20 130
21 91 82 87 5 0 22 0.00 0.0 0 8.6 15 130 M M 1 19 130
22 91 82 87 6 0 22 0.00 0.0 0 10.0 16 150 M M 1 20 180
23 91 83 87 6 0 22 T 0.0 0 11.1 16 170 M M 1 20 160
24 91 83 87 6 0 22 0.00 0.0 0 13.2 21 180 M M 1 28 180
25 91 76 84 3 0 19 0.04 0.0 0 9.4 25 10 M M 2 3 33 10
26 90 77 84 3 0 19 0.00 0.0 M 4.5 12 170 M M 1 18 170
27 91 79 85 5 0 20 T 0.0 M 5.9 14 140 M M 1 38 18 140
28 91 80 86 6 0 21 0.00 0.0 0 7.2 14 120 M M 1 3 18 110
29 89 80 85 5 0 20 0.24 0.0 0 10.8 21 40 M M 2 138 29 80
30 90 82 86 6 0 21 0.00 0.0 0 12.0 20 70 M M 1 25 60
================================================================================
SM 2745 2398 0 628 2.01 0.0 274.7 M 41
================================================================================
AV 91.5 79.9 9.2 FASTST M M 1 MAX(MPH)
MISC ----> 36 360 46 360
================================================================================
NOTES:
# LAST OF SEVERAL OCCURRENCES
COLUMN 17 PEAK WIND IN M.P.H.
PRELIMINARY LOCAL CLIMATOLOGICAL DATA (WS FORM: F-6) , PAGE 2
STATION: GALVESTON
MONTH: SEPTEMBER
YEAR: 2023
LATITUDE: 29 16 N
LONGITUDE: 94 52 W
[TEMPERATURE DATA] [PRECIPITATION DATA] SYMBOLS USED IN COLUMN 16
AVERAGE MONTHLY: 85.7 TOTAL FOR MONTH: 2.01 1 = FOG OR MIST
DPTR FM NORMAL: 3.3 DPTR FM NORMAL: -4.64 2 = FOG REDUCING VISIBILITY
HIGHEST: 96 ON 8 GRTST 24HR 0.71 ON 15-15 TO 1/4 MILE OR LESS
LOWEST: 75 ON 18,15 3 = THUNDER
SNOW, ICE PELLETS, HAIL 4 = ICE PELLETS
TOTAL MONTH: 0.0 INCH 5 = HAIL
GRTST 24HR 0.0 6 = FREEZING RAIN OR DRIZZLE
GRTST DEPTH: 0 7 = DUSTSTORM OR SANDSTORM:
VSBY 1/2 MILE OR LESS
8 = SMOKE OR HAZE
[NO. OF DAYS WITH] [WEATHER - DAYS WITH] 9 = BLOWING SNOW
X = TORNADO
MAX 32 OR BELOW: 0 0.01 INCH OR MORE: 9
MAX 90 OR ABOVE: 26 0.10 INCH OR MORE: 6
MIN 32 OR BELOW: 0 0.50 INCH OR MORE: 2
MIN 0 OR BELOW: 0 1.00 INCH OR MORE: 0
[HDD (BASE 65) ]
TOTAL THIS MO. 0 CLEAR (SCALE 0-3) 28
DPTR FM NORMAL 0 PTCLDY (SCALE 4-7) 2
TOTAL FM JUL 1 0 CLOUDY (SCALE 8-10) 0
DPTR FM NORMAL 0
[CDD (BASE 65) ]
TOTAL THIS MO. 628
DPTR FM NORMAL 106 [PRESSURE DATA]
TOTAL FM JAN 1 3517 HIGHEST SLP 30.07 ON 10
DPTR FM NORMAL 410 LOWEST SLP 29.83 ON 4
[REMARKS]
#FINAL-09-23#