000
CXUS54 KMAF 011210
CF6GNC
PRELIMINARY LOCAL CLIMATOLOGICAL DATA (WS FORM: F-6)
STATION: GAINES COUNTY AIRPORT
MONTH: DECEMBER
YEAR: 2020
LATITUDE: 32 40 N
LONGITUDE: 102 39 W
TEMPERATURE IN F: :PCPN: SNOW: WIND :SUNSHINE: SKY :PK WND
================================================================================
1 2 3 4 5 6A 6B 7 8 9 10 11 12 13 14 15 16 17 18
12Z AVG MX 2MIN
DY MAX MIN AVG DEP HDD CDD WTR SNW DPTH SPD SPD DIR MIN PSBL S-S WX SPD DR
================================================================================
1 67 28 48 M 17 0 M M M 12.0 17 240 M M 0 25 240
2 43 26 35 M 30 0 0.05 M M 16.4 25 360 M M 3 31 360
3 45 24 35 M 30 0 M M M 9.4 21 10 M M 1 26 10
4 55 19 37 M 28 0 M M M 4.1 8 300 M M 0 M M
5 51 24 38 M 27 0 M M M 5.6 9 270 M M 0 M M
6 64 31 48 M 17 0 M M M 6.4 9 290 M M 0 M M
7 68 28 48 M 17 0 M M M 4.8 9 300 M M 0 M M
8 72 31 52 M 13 0 M M M 6.9 10 260 M M 0 9 250
9 73 32 53 M 12 0 M M M 8.4 12 260 M M 0 16 240
10 77 34 56 M 9 0 0.04 M M 10.0 22 270 M M 1 31 270
11 65 37 51 M 14 0 M M M 8.2 22 260 M M 0 29 260
12 55 30 43 M 22 0 M M M 8.9 14 160 M M 0 21 160
13 47 24 36 M 29 0 M M M 12.9 29 360 M M 2 8 39 10
14 50 17 34 M 31 0 M M M 10.2 17 170 M M 0 23 170
15 46 24 35 M 30 0 M M M 13.6 28 340 M M 2 39 340
16 57 17 37 M 28 0 M M M 7.3 15 290 M M 0 22 290
17 62 19 41 M 24 0 M M M 7.3 16 190 M M 0 22 190
18 56 38 47 M 18 0 M M M 7.7 14 210 M M 0 22 200
19 59 28 44 M 21 0 M M M 9.8 20 350 M M 0 24 350
20 60 32 46 M 19 0 M M M 8.7 17 360 M M 0 22 340
21 69 31 50 M 15 0 M M M 7.1 10 240 M M 0 M M
22 69 29 49 M 16 0 M M M 9.8 20 210 M M 0 26 220
23 56 30 43 M 22 0 M M M 13.5 23 30 M M 3 8 30 30
24 56 18 37 M 28 0 M M M 10.4 22 300 M M 3 28 300
25 63 29 46 M 19 0 M M M 8.8 16 220 M M 0 21 220
26 68 25 47 M 18 0 M M M 9.8 20 250 M M 0 25 250
27 73 36 55 M 10 0 M M M 8.2 13 260 M M 0 17 280
28 55 35 45 M 20 0 M M M 11.0 18 80 M M 2 28 100
29 71 42 57 M 8 0 M M M 9.2 21 190 M M 4 26 190
30 49 34 42 M 23 0 M M M 15.0 28 40 M M 4 8 38 30
31 42 32 37 M 28 0 M M M 8.2 14 360 M M 2 20 360
================================================================================
SM 1843 884 643 0 0.09 M 289.8 M 27
================================================================================
AV 59.5 28.5 9.3 FASTST M M 1 MAX(MPH)
MISC ----> 29 360 # 39 10
================================================================================
NOTES:
# LAST OF SEVERAL OCCURRENCES
COLUMN 17 PEAK WIND IN M.P.H.
PRELIMINARY LOCAL CLIMATOLOGICAL DATA (WS FORM: F-6) , PAGE 2
STATION: GAINES COUNTY AIRPORT
MONTH: DECEMBER
YEAR: 2020
LATITUDE: 32 40 N
LONGITUDE: 102 39 W
[TEMPERATURE DATA] [PRECIPITATION DATA] SYMBOLS USED IN COLUMN 16
AVERAGE MONTHLY: 44.0 TOTAL FOR MONTH: 0.09 1 = FOG OR MIST
DPTR FM NORMAL: 0.0 DPTR FM NORMAL: M 2 = FOG REDUCING VISIBILITY
HIGHEST: 77 ON 10 GRTST 24HR 0.05 ON 2- 2 TO 1/4 MILE OR LESS
LOWEST: 17 ON 16,14 3 = THUNDER
SNOW, ICE PELLETS, HAIL 4 = ICE PELLETS
TOTAL MONTH: M 5 = HAIL
GRTST 24HR M ON M 6 = FREEZING RAIN OR DRIZZLE
GRTST DEPTH: M ON M 7 = DUSTSTORM OR SANDSTORM:
VSBY 1/2 MILE OR LESS
8 = SMOKE OR HAZE
[NO. OF DAYS WITH] [WEATHER - DAYS WITH] 9 = BLOWING SNOW
X = TORNADO
MAX 32 OR BELOW: 0 0.01 INCH OR MORE: 2
MAX 90 OR ABOVE: 0 0.10 INCH OR MORE: 0
MIN 32 OR BELOW: 24 0.50 INCH OR MORE: 0
MIN 0 OR BELOW: 0 1.00 INCH OR MORE: 0
[HDD (BASE 65) ]
TOTAL THIS MO. 643 CLEAR (SCALE 0-3) 27
DPTR FM NORMAL M PTCLDY (SCALE 4-7) 4
TOTAL FM JUL 1 1155 CLOUDY (SCALE 8-10) 0
DPTR FM NORMAL M
[CDD (BASE 65) ]
TOTAL THIS MO. 0
DPTR FM NORMAL M [PRESSURE DATA]
TOTAL FM JAN 1 2417 HIGHEST SLP M ON M
DPTR FM NORMAL M LOWEST SLP M ON M
[REMARKS]
#FINAL-12-20#