000
CXUS54 KMAF 011110
CF6GNC
PRELIMINARY LOCAL CLIMATOLOGICAL DATA (WS FORM: F-6)
STATION: GAINES COUNTY AIRPORT
MONTH: SEPTEMBER
YEAR: 2020
LATITUDE: 32 40 N
LONGITUDE: 102 39 W
TEMPERATURE IN F: :PCPN: SNOW: WIND :SUNSHINE: SKY :PK WND
================================================================================
1 2 3 4 5 6A 6B 7 8 9 10 11 12 13 14 15 16 17 18
12Z AVG MX 2MIN
DY MAX MIN AVG DEP HDD CDD WTR SNW DPTH SPD SPD DIR MIN PSBL S-S WX SPD DR
================================================================================
1 100 70 85 M 0 20 M M M 8.4 24 330 M M 2 8 32 320
2 90 63 77 M 0 12 M M M 6.3 16 50 M M 2 22 50
3 96 62 79 M 0 14 M M M 4.3 13 70 M M 0 22 20
4 92 61 77 M 0 12 M M M 6.0 15 90 M M 0 23 90
5 89 63 76 M 0 11 M M M 4.4 9 150 M M 2 18 120
6 93 65 79 M 0 14 M M M 7.9 13 210 M M 0 18 160
7 96 64 80 M 0 15 M M M 7.8 14 200 M M 0 22 200
8 93 47 70 M 0 5 M M M 12.9 30 10 M M 4 8 38 10
9 49 43 46 M 19 0 M M M 15.6 22 20 M M 10 1 32 360
10 58 44 51 M 14 0 M M M 7.0 13 10 M M 10 1 17 360
11 74 53 64 M 1 0 M M M 3.0 9 200 M M 6 M M
12 85 55 70 M 0 5 M M M 3.2 6 150 M M 0 1 M M
13 82 61 72 M 0 7 M M M 5.8 13 100 M M 2 17 60
14 81 62 72 M 0 7 M M M 4.5 12 100 M M 2 17 70
15 83 65 74 M 0 9 M M M 1.9 10 220 M M 3 M M
16 87 60 74 M 0 9 M M M 3.1 17 120 M M 3 29 320
17 83 62 73 M 0 8 M M M 4.7 10 10 M M 3 16 50
18 81 58 70 M 0 5 M M M 4.7 12 80 M M 1 25 70
19 82 54 68 M 0 3 M M M 4.1 12 120 M M 0 17 120
20 84 54 69 M 0 4 M M M 4.9 9 130 M M 0 1 M M
21 82 50 66 M 0 1 M M M 3.5 9 90 M M 0 M M
22 86 51 69 M 0 4 M M M 1.8 8 100 M M 0 M M
23 88 56 72 M 0 7 M M M 3.3 9 110 M M 3 12 M M
24 90 57 74 M 0 9 M M M 2.8 8 160 M M 0 M M
25 95 58 77 M 0 12 M M M 7.0 13 150 M M 0 22 150
26 102 57 80 M 0 15 M M M 4.7 12 240 M M 0 20 210
27 101 61 81 M 0 16 M M M 11.7 22 40 M M 1 8 39 50
28 71 48 60 M 5 0 M M M 13.0 25 40 M M 5 33 50
29 81 41 61 M 4 0 M M M 6.4 13 250 M M 0 18 250
30 91 49 70 M 0 5 M M M 4.6 9 240 M M 0 M M
================================================================================
SM 2565 1694 43 229 M M 179.0 M 59
================================================================================
AV 85.5 56.5 6.0 FASTST M M 2 MAX(MPH)
MISC ----> 30 10 39 50
================================================================================
NOTES:
# LAST OF SEVERAL OCCURRENCES
COLUMN 17 PEAK WIND IN M.P.H.
PRELIMINARY LOCAL CLIMATOLOGICAL DATA (WS FORM: F-6) , PAGE 2
STATION: GAINES COUNTY AIRPORT
MONTH: SEPTEMBER
YEAR: 2020
LATITUDE: 32 40 N
LONGITUDE: 102 39 W
[TEMPERATURE DATA] [PRECIPITATION DATA] SYMBOLS USED IN COLUMN 16
AVERAGE MONTHLY: 71.0 TOTAL FOR MONTH: M 1 = FOG OR MIST
DPTR FM NORMAL: 0.0 DPTR FM NORMAL: M 2 = FOG REDUCING VISIBILITY
HIGHEST: 102 ON 26 GRTST 24HR M ON M TO 1/4 MILE OR LESS
LOWEST: 41 ON 29 3 = THUNDER
SNOW, ICE PELLETS, HAIL 4 = ICE PELLETS
TOTAL MONTH: M 5 = HAIL
GRTST 24HR M ON M 6 = FREEZING RAIN OR DRIZZLE
GRTST DEPTH: M ON M 7 = DUSTSTORM OR SANDSTORM:
VSBY 1/2 MILE OR LESS
8 = SMOKE OR HAZE
[NO. OF DAYS WITH] [WEATHER - DAYS WITH] 9 = BLOWING SNOW
X = TORNADO
MAX 32 OR BELOW: 0 0.01 INCH OR MORE: 0
MAX 90 OR ABOVE: 12 0.10 INCH OR MORE: 0
MIN 32 OR BELOW: 0 0.50 INCH OR MORE: 0
MIN 0 OR BELOW: 0 1.00 INCH OR MORE: 0
[HDD (BASE 65) ]
TOTAL THIS MO. 43 CLEAR (SCALE 0-3) 24
DPTR FM NORMAL M PTCLDY (SCALE 4-7) 4
TOTAL FM JUL 1 43 CLOUDY (SCALE 8-10) 2
DPTR FM NORMAL M
[CDD (BASE 65) ]
TOTAL THIS MO. 229
DPTR FM NORMAL M [PRESSURE DATA]
TOTAL FM JAN 1 2298 HIGHEST SLP M ON M
DPTR FM NORMAL M LOWEST SLP M ON M
[REMARKS]
#FINAL-09-20#