000
CXUS54 KFWD 010830
CF6GOP
PRELIMINARY LOCAL CLIMATOLOGICAL DATA (WS FORM: F-6)
STATION: GATESVILLE
MONTH: DECEMBER
YEAR: 2021
LATITUDE: 31 25 N
LONGITUDE: 97 48 W
TEMPERATURE IN F: :PCPN: SNOW: WIND :SUNSHINE: SKY :PK WND
================================================================================
1 2 3 4 5 6A 6B 7 8 9 10 11 12 13 14 15 16 17 18
12Z AVG MX 2MIN
DY MAX MIN AVG DEP HDD CDD WTR SNW DPTH SPD SPD DIR MIN PSBL S-S WX SPD DR
================================================================================
1 77 48 63 13 2 0 0.00 M M 4.6 10 230 M M 0 28 16 190
2 79 45 62 12 3 0 0.00 M M 2.7 8 150 M M 1 12 M M
3 79 59 69 20 0 4 0.00 M M 4.5 12 230 M M 1 1 17 230
4 77 61 69 20 0 4 0.00 M M 3.0 9 150 M M 4 1 12 99
5 77 61 69 20 0 4 0.00 M M 8.4 17 190 M M 6 1 22 200
6 70 37 54 6 11 0 M M M 9.0 20 350 M M 3 18 29 360
7 68 32 50 2 15 0 0.00 M M 2.2 9 210 M M 0 15 180
8 70 37 54 6 11 0 0.00 M M 1.6 10 170 M M 0 16 170
9 79 61 70 22 0 5 0.00 M M 8.4 15 220 M M 1 1 22 210
10 84 63 74 27 0 9 0.00 M M 8.8 20 200 M M 3 1 26 200
11 66 30 48 1 17 0 0.00 M M 9.0 22 340 M M 0 33 340
12 61 23 42 -5 23 0 0.00 M M 2.8 9 150 M M 0 14 99
13 70 39 55 9 10 0 0.00 M M 5.3 12 150 M M 4 1 17 150
14 77 57 67 21 0 2 0.00 M M 4.7 15 210 M M 7 1 20 180
15 81 66 74 28 0 9 0.00 M M 12.1 21 170 M M 6 30 180
16 79 66 73 27 0 8 0.00 M M 5.4 12 180 M M 4 22 180
17 77 68 73 27 0 8 0.00 M M 8.9 17 190 M M 5 28 180
18 70 41 56 10 9 0 0.00 M M 10.9 21 330 M M 1 33 330
19 52 37 45 -1 20 0 0.00 M M 6.0 12 350 M M 3 17 350
20 59 37 48 3 17 0 0.00 M M 0.6 6 99 M M 2 M M
21 68 30 49 4 16 0 0.00 M M 2.9 9 200 M M 0 14 170
22 72 41 57 12 8 0 0.00 M M 1.8 8 160 M M 0 1 12 99
23 77 52 65 20 0 0 0.00 M M 9.5 15 180 M M 2 1 23 190
24 81 61 71 26 0 6 0.00 M M 11.5 20 200 M M 3 25 200
25 82 63 73 28 0 8 0.00 M M 4.1 10 200 M M 2 16 180
26 79 59 69 24 0 4 0.00 M M 7.3 16 180 M M 2 12 21 170
27 73 61 67 22 0 2 0.00 M M 5.8 10 190 M M 6 1 16 170
28 81 59 70 25 0 5 0.00 M M 6.7 20 190 M M 3 1 21 180
29 79 54 67 22 0 2 0.00 M M 2.0 13 190 M M 3 1 14 0
30 81 46 64 19 1 0 0.00 M M 2.5 10 180 M M 0 18 190
31 77 55 66 21 0 1 0.00 M M 5.2 9 160 M M 4 1 15 170
================================================================================
SM 2302 1549 163 81 0.00 M 178.3 M 76
================================================================================
AV 74.3 50.0 5.8 FASTST M M 2 MAX(MPH)
MISC ----> 22 340 # 33 340
================================================================================
NOTES:
# LAST OF SEVERAL OCCURRENCES
COLUMN 17 PEAK WIND IN M.P.H.
PRELIMINARY LOCAL CLIMATOLOGICAL DATA (WS FORM: F-6) , PAGE 2
STATION: GATESVILLE
MONTH: DECEMBER
YEAR: 2021
LATITUDE: 31 25 N
LONGITUDE: 97 48 W
[TEMPERATURE DATA] [PRECIPITATION DATA] SYMBOLS USED IN COLUMN 16
AVERAGE MONTHLY: 62.1 TOTAL FOR MONTH: 0.00 1 = FOG OR MIST
DPTR FM NORMAL: 15.6 DPTR FM NORMAL: M 2 = FOG REDUCING VISIBILITY
HIGHEST: 84 ON 10 GRTST 24HR 0.00 ON 1- 1 TO 1/4 MILE OR LESS
LOWEST: 23 ON 12 3 = THUNDER
SNOW, ICE PELLETS, HAIL 4 = ICE PELLETS
TOTAL MONTH: M 5 = HAIL
GRTST 24HR M ON M 6 = FREEZING RAIN OR DRIZZLE
GRTST DEPTH: M ON M 7 = DUSTSTORM OR SANDSTORM:
VSBY 1/2 MILE OR LESS
8 = SMOKE OR HAZE
[NO. OF DAYS WITH] [WEATHER - DAYS WITH] 9 = BLOWING SNOW
X = TORNADO
MAX 32 OR BELOW: 0 0.01 INCH OR MORE: 0
MAX 90 OR ABOVE: 0 0.10 INCH OR MORE: 0
MIN 32 OR BELOW: 4 0.50 INCH OR MORE: 0
MIN 0 OR BELOW: 0 1.00 INCH OR MORE: 0
[HDD (BASE 65) ]
TOTAL THIS MO. 163 CLEAR (SCALE 0-3) 20
DPTR FM NORMAL -414 PTCLDY (SCALE 4-7) 11
TOTAL FM JUL 1 438 CLOUDY (SCALE 8-10) 0
DPTR FM NORMAL -530
[CDD (BASE 65) ]
TOTAL THIS MO. 81
DPTR FM NORMAL 79 [PRESSURE DATA]
TOTAL FM JAN 1 2548 HIGHEST SLP M ON M
DPTR FM NORMAL 232 LOWEST SLP 9999.00 ON 1
[REMARKS]
#FINAL-12-21#