000
CXUS55 KMSO 011858
CF6GPI
PRELIMINARY LOCAL CLIMATOLOGICAL DATA (WS FORM: F-6)
STATION: KALISPELL MT
MONTH: JANUARY
YEAR: 2022
LATITUDE: 48 17 N
LONGITUDE: 114 16 W
TEMPERATURE IN F: :PCPN: SNOW: WIND :SUNSHINE: SKY :PK WND
================================================================================
1 2 3 4 5 6A 6B 7 8 9 10 11 12 13 14 15 16 17 18
12Z AVG MX 2MIN
DY MAX MIN AVG DEP HDD CDD WTR SNW DPTH SPD SPD DIR MIN PSBL S-S WX SPD DR
================================================================================
1 12 -10 1 -21 64 0 T T 7 0.9 6 280 M M 9 8 7 280
2 20 -1 10 -12 55 0 0.00 0.0 7 0.6 6 220 M M 4 7 210
3 30 6 18 -4 47 0 0.03 0.2 7 2.3 8 190 M M 8 1 9 220
4 31 9 20 -2 45 0 0.06 1.0 7 4.3 16 30 M M 7 1 20 40
5 17 8 13 -10 52 0 T T 8 14.9 24 20 M M 8 8 31 360
6 14 8 11 -12 54 0 0.55 4.4 8 4.6 14 20 M M 10 1 17 20
7 41 14 28 5 37 0 0.14 1.5 13 6.3 24 230 M M 10 1 36 240
8 35 22 29 6 36 0 T 0.1 10 8.8 24 250 M M 9 37 250
9 37 8 23 0 42 0 0.00 0.0 10 3.8 9 210 M M 4 1 11 200
10 24 1 13 -10 52 0 T 0.1 10 0.8 8 30 M M 7 128 9 20
11 37 23 30 7 35 0 0.05 T 10 3.5 10 240 M M 10 1 16 220
12 41 32 37 14 28 0 0.05 0.0 9 6.5 17 150 M M 9 1 23 140
13 42 23 33 10 32 0 0.00 0.0 6 1.7 9 40 M M 5 12 11 30
14 33 19 26 3 39 0 T T 6 0.6 7 230 M M 10 12 8 240
15 34 20 27 3 38 0 0.00 0.0 6 1.7 6 190 M M 9 12 8 200
16 34 16 25 1 40 0 0.00 0.0 6 0.5 5 270 M M 9 12 5 220
17 40 17 29 5 36 0 T 0.0 6 2.3 16 160 M M 6 128 20 160
18 38 25 32 8 33 0 0.00 0.0 6 12.8 24 10 M M 10 32 20
19 35 20 28 4 37 0 0.00 0.0 6 5.0 17 10 M M 7 24 360
20 34 26 30 6 35 0 0.28 2.2 6 2.3 13 170 M M 10 1 16 180
21 39 21 30 6 35 0 0.00 0.0 7 2.7 8 230 M M 9 12 10 240
22 38 13 26 2 39 0 0.00 0.0 7 0.6 8 230 M M 5 12 10 250
23 29 12 21 -3 44 0 0.00 0.0 7 0.6 9 210 M M 6 128 10 210
24 35 10 23 -1 42 0 T T 7 2.0 10 340 M M 5 128 14 340
25 30 12 21 -3 44 0 0.00 0.0 7 1.0 7 20 M M 10 1 7 30
26 32 7 20 -5 45 0 0.00 0.0 7 1.9 7 230 M M 6 1 8 250
27 28 3 16 -9 49 0 0.00 0.0 7 0.0 5 110 M M 6 1 5 290
28 28 15 22 -3 43 0 0.00 0.0 7 1.0 8 190 M M 10 1 9 180
29 23 19 21 -4 44 0 0.00 0.0 7 1.8 7 340 M M 10 1 9 350
30 31 21 26 1 39 0 0.00 0.0 7 1.0 9 30 M M 10 128 11 40
31 37 19 28 3 37 0 T T 7 10.0 22 220 M M 8 18 30 220
================================================================================
SM 979 438 1298 0 1.16 9.5 106.8 M 246
================================================================================
AV 31.6 14.1 3.4 FASTST M M 8 MAX(MPH)
MISC ----> # 24 20 37 250
================================================================================
NOTES:
# LAST OF SEVERAL OCCURRENCES
COLUMN 17 PEAK WIND IN M.P.H.
PRELIMINARY LOCAL CLIMATOLOGICAL DATA (WS FORM: F-6) , PAGE 2
STATION: KALISPELL MT
MONTH: JANUARY
YEAR: 2022
LATITUDE: 48 17 N
LONGITUDE: 114 16 W
[TEMPERATURE DATA] [PRECIPITATION DATA] SYMBOLS USED IN COLUMN 16
AVERAGE MONTHLY: 22.9 TOTAL FOR MONTH: 1.16 1 = FOG OR MIST
DPTR FM NORMAL: -0.8 DPTR FM NORMAL: -0.24 2 = FOG REDUCING VISIBILITY
HIGHEST: 42 ON 13 GRTST 24HR 0.55 ON 6- 6 TO 1/4 MILE OR LESS
LOWEST: -10 ON 1 3 = THUNDER
SNOW, ICE PELLETS, HAIL 4 = ICE PELLETS
TOTAL MONTH: 9.5 INCHES 5 = HAIL
GRTST 24HR 4.4 ON 6- 6 6 = FREEZING RAIN OR DRIZZLE
GRTST DEPTH: 13 ON 7 7 = DUSTSTORM OR SANDSTORM:
VSBY 1/2 MILE OR LESS
8 = SMOKE OR HAZE
[NO. OF DAYS WITH] [WEATHER - DAYS WITH] 9 = BLOWING SNOW
X = TORNADO
MAX 32 OR BELOW: 14 0.01 INCH OR MORE: 7
MAX 90 OR ABOVE: 0 0.10 INCH OR MORE: 3
MIN 32 OR BELOW: 31 0.50 INCH OR MORE: 1
MIN 0 OR BELOW: 2 1.00 INCH OR MORE: 0
[HDD (BASE 65) ]
TOTAL THIS MO. 1298 CLEAR (SCALE 0-3) 0
DPTR FM NORMAL 16 PTCLDY (SCALE 4-7) 13
TOTAL FM JUL 1 4463 CLOUDY (SCALE 8-10) 18
DPTR FM NORMAL -310
[CDD (BASE 65) ]
TOTAL THIS MO. 0
DPTR FM NORMAL 0 [PRESSURE DATA]
TOTAL FM JAN 1 0 HIGHEST SLP 30.77 ON 27
DPTR FM NORMAL 0 LOWEST SLP 29.22 ON 7
[REMARKS]
#FINAL-01-22#