000
CXUS53 KIWX 010810
CF6GSH
PRELIMINARY LOCAL CLIMATOLOGICAL DATA (WS FORM: F-6)
STATION: GOSHEN
MONTH: AUGUST
YEAR: 2023
LATITUDE: 41 31 N
LONGITUDE: 85 47 W
TEMPERATURE IN F: :PCPN: SNOW: WIND :SUNSHINE: SKY :PK WND
================================================================================
1 2 3 4 5 6A 6B 7 8 9 10 11 12 13 14 15 16 17 18
12Z AVG MX 2MIN
DY MAX MIN AVG DEP HDD CDD WTR SNW DPTH SPD SPD DIR MIN PSBL S-S WX SPD DR
================================================================================
1 81 56 69 -3 0 4 0.00 M M 2.0 9 290 M M 2 1 15 280
2 81 58 70 -2 0 5 0.00 M M 4.9 13 190 M M 0 16 200
3 85 58 72 0 0 7 0.00 M M 2.2 9 250 M M 0 18 12 240
4 85 62 74 2 0 9 0.00 M M 3.7 12 40 M M 1 18 15 20
5 78 62 70 -2 0 5 0.34 M M 9.1 20 90 M M 4 18 28 100
6 73 64 69 -3 0 4 0.35 M M 8.8 21 70 M M 10 1 29 80
7 75 60 68 -4 0 3 T M M 8.9 18 360 M M 8 1 25 360
8 81 57 69 -3 0 4 0.00 M M 6.0 15 280 M M 1 13 21 270
9 80 62 71 -1 0 6 0.05 M M 6.0 15 230 M M 2 1 19 210
10 79 63 71 -1 0 6 T M M 7.2 17 260 M M 6 128 M M
11 M M M M M M M M M M M M M M M M M
12 M M M M M M 0.00 M M M M M M M M M M
13 M M M M M M 0.00 M M M M M M M M M M
14 M M M M M M M M M M M M M M M M M
15 71 58 65 -6 0 0 0.02 M M 11.2 22 360 M M 7 18 29 360
16 78 50 64 -7 1 0 T M M 4.7 13 200 M M 0 12 16 210
17 75 59 67 -4 0 2 0.60 M M 11.7 22 220 M M 4 138 34 220
18 74 53 64 -7 1 0 0.00 M M 6.3 17 320 M M 1 8 24 340
19 79 50 65 -6 0 0 T M M 5.4 15 180 M M 0 1 21 190
20 88 66 77 6 0 12 0.00 M M 3.9 10 350 M M 3 13 200
21 90 70 80 10 0 15 0.00 M M 4.5 12 20 M M 4 1 15 20
22 83 66 75 5 0 10 0.00 M M 6.5 12 140 M M 2 1 16 50
23 92 67 80 10 0 15 0.00 M M 11.4 18 220 M M 5 25 220
24 93 73 83 13 0 18 0.00 M M 11.6 29 130 M M 3 13 38 140
25 82 71 77 7 0 12 0.00 M M 5.9 12 20 M M 8 1 16 340
26 83 65 74 4 0 9 0.00 M M 6.3 15 30 M M 6 12 22 40
27 77 55 66 -4 0 1 0.00 M M 7.3 14 70 M M 1 21 60
28 78 51 65 -4 0 0 0.00 M M 2.2 12 90 M M 0 1 15 30
29 82 52 67 -2 0 2 0.01 M M 7.7 15 340 M M 2 1 24 290
30 74 54 64 -5 1 0 0.00 M M 8.5 16 10 M M M 22 30
31 77 45 61 -8 4 0 0.00 M M 4.2 12 40 M M M 17 70
================================================================================
SM 2174 1607 7 149 1.37 M 178.1 M 80
================================================================================
AV 80.5 59.5 6.6 FASTST M M 3 MAX(MPH)
MISC ----> 29 130 38 140
================================================================================
NOTES:
# LAST OF SEVERAL OCCURRENCES
COLUMN 17 PEAK WIND IN M.P.H.
PRELIMINARY LOCAL CLIMATOLOGICAL DATA (WS FORM: F-6) , PAGE 2
STATION: GOSHEN
MONTH: AUGUST
YEAR: 2023
LATITUDE: 41 31 N
LONGITUDE: 85 47 W
[TEMPERATURE DATA] [PRECIPITATION DATA] SYMBOLS USED IN COLUMN 16
AVERAGE MONTHLY: 70.0 TOTAL FOR MONTH: 1.37 1 = FOG OR MIST
DPTR FM NORMAL: -0.8 DPTR FM NORMAL: -2.60 2 = FOG REDUCING VISIBILITY
HIGHEST: 93 ON 24 GRTST 24HR 0.67 ON 5- 6 TO 1/4 MILE OR LESS
LOWEST: 45 ON 31 3 = THUNDER
SNOW, ICE PELLETS, HAIL 4 = ICE PELLETS
TOTAL MONTH: M 5 = HAIL
GRTST 24HR M ON M 6 = FREEZING RAIN OR DRIZZLE
GRTST DEPTH: M ON M 7 = DUSTSTORM OR SANDSTORM:
VSBY 1/2 MILE OR LESS
8 = SMOKE OR HAZE
[NO. OF DAYS WITH] [WEATHER - DAYS WITH] 9 = BLOWING SNOW
X = TORNADO
MAX 32 OR BELOW: 0 0.01 INCH OR MORE: 6
MAX 90 OR ABOVE: 3 0.10 INCH OR MORE: 3
MIN 32 OR BELOW: 0 0.50 INCH OR MORE: 1
MIN 0 OR BELOW: 0 1.00 INCH OR MORE: 0
[HDD (BASE 65) ]
TOTAL THIS MO. 7 CLEAR (SCALE 0-3) 15
DPTR FM NORMAL -5 PTCLDY (SCALE 4-7) 9
TOTAL FM JUL 1 7 CLOUDY (SCALE 8-10) 7
DPTR FM NORMAL -4
[CDD (BASE 65) ]
TOTAL THIS MO. 149
DPTR FM NORMAL -42 [PRESSURE DATA]
TOTAL FM JAN 1 589 HIGHEST SLP 30.25 ON 22
DPTR FM NORMAL -86 LOWEST SLP 29.69 ON 17
[REMARKS]
#FINAL-08-23#