000
CXGM50 PGUM 020230
CF6GSN
PRELIMINARY LOCAL CLIMATOLOGICAL DATA (WS FORM: F-6)
STATION: SAIPAN/ISLEY_(CGS) MP
MONTH: JUNE
YEAR: 2023
LATITUDE: 15 7 N
LONGITUDE: 145-44 E
TEMPERATURE IN F: :PCPN: SNOW: WIND :SUNSHINE: SKY :PK WND
================================================================================
1 2 3 4 5 6A 6B 7 8 9 10 11 12 13 14 15 16 17 18
12Z AVG MX 2MIN
DY MAX MIN AVG DEP HDD CDD WTR SNW DPTH SPD SPD DIR MIN PSBL S-S WX SPD DR
================================================================================
1 88 79 84 1 0 19 0.00 0.0 0 12.8 18 90 M M 6 23 100
2 88 79 84 1 0 19 0.11 0.0 0 16.1 25 100 M M 6 31 90
3 88 79 84 1 0 19 T 0.0 0 13.6 22 110 M M 4 26 110
4 88 79 84 1 0 19 0.01 0.0 0 12.2 20 90 M M 4 24 90
5 89 78 84 1 0 19 0.07 0.0 0 12.6 20 80 M M 4 24 90
6 89 81 85 2 0 20 T 0.0 0 15.9 21 90 M M 5 26 100
7 89 80 85 2 0 20 0.05 0.0 0 15.5 22 70 M M 4 27 80
8 88 80 84 1 0 19 0.30 0.0 0 12.7 22 70 M M 4 28 80
9 89 78 84 1 0 19 0.00 0.0 0 5.7 13 90 M M 3 20 80
10 89 79 84 1 0 19 0.00 0.0 0 6.4 14 150 M M 3 16 150
11 90 80 85 2 0 20 0.48 0.0 0 9.6 22 100 M M 3 29 90
12 89 80 85 1 0 20 0.09 0.0 0 10.8 18 140 M M 4 28 120
13 89 81 85 1 0 20 0.02 0.0 0 11.0 17 100 M M 4 21 100
14 89 81 85 1 0 20 0.03 0.0 0 13.1 18 80 M M 4 22 80
15 90 81 86 2 0 21 T 0.0 0 15.1 22 80 M M 4 25 80
16 90 82 86 2 0 21 0.00 0.0 0 14.9 21 70 M M 4 26 80
17 90 81 86 2 0 21 T 0.0 0 14.8 22 80 M M 3 28 80
18 90 80 85 1 0 20 0.07 0.0 0 11.6 21 100 M M 4 25 90
19 90 77 84 0 0 19 0.01 0.0 0 10.3 17 100 M M 4 21 100
20 90 81 86 2 0 21 0.00 0.0 0 10.4 16 90 M M 3 21 110
21 91 81 86 2 0 21 0.18 0.0 0 12.7 20 90 M M 3 24 90
22 90 80 85 1 0 20 0.03 0.0 0 14.4 24 100 M M 4 28 90
23 91 79 85 1 0 20 0.03 0.0 0 15.4 22 80 M M 3 27 90
24 90 81 86 2 0 21 0.03 0.0 0 15.7 24 90 M M 5 32 100
25 91 79 85 1 0 20 0.02 0.0 0 14.5 24 90 M M 4 30 100
26 89 77 83 -1 0 18 0.19 0.0 0 13.7 25 100 M M 6 33 110
27 88 78 83 -1 0 18 0.13 0.0 0 10.4 21 110 M M 5 26 110
28 88 79 84 0 0 19 0.78 0.0 0 8.1 23 100 M M 3 26 110
29 88 79 84 0 0 19 0.03 0.0 0 9.2 16 100 M M 3 22 80
30 89 81 85 1 0 20 0.01 0.0 0 11.1 17 90 M M 3 22 100
================================================================================
SM 2677 2390 0 591 2.67 0.0 370.3 M 119
================================================================================
AV 89.2 79.7 12.3 FASTST M M 4 MAX(MPH)
MISC ----> # 25 100 33 110
================================================================================
NOTES:
# LAST OF SEVERAL OCCURRENCES
COLUMN 17 PEAK WIND IN M.P.H.
PRELIMINARY LOCAL CLIMATOLOGICAL DATA (WS FORM: F-6) , PAGE 2
STATION: SAIPAN/ISLEY_(CGS) MP
MONTH: JUNE
YEAR: 2023
LATITUDE: 15 7 N
LONGITUDE: 145-44 E
[TEMPERATURE DATA] [PRECIPITATION DATA] SYMBOLS USED IN COLUMN 16
AVERAGE MONTHLY: 84.5 TOTAL FOR MONTH: 2.67 1 = FOG OR MIST
DPTR FM NORMAL: 1.0 DPTR FM NORMAL: -1.57 2 = FOG REDUCING VISIBILITY
HIGHEST: 91 ON 25,23 GRTST 24HR 0.86 ON 27-28 TO 1/4 MILE OR LESS
LOWEST: 77 ON 26,19 3 = THUNDER
SNOW, ICE PELLETS, HAIL 4 = ICE PELLETS
TOTAL MONTH: 0.0 INCH 5 = HAIL
GRTST 24HR 0.0 6 = FREEZING RAIN OR DRIZZLE
GRTST DEPTH: 0 7 = DUSTSTORM OR SANDSTORM:
VSBY 1/2 MILE OR LESS
8 = SMOKE OR HAZE
[NO. OF DAYS WITH] [WEATHER - DAYS WITH] 9 = BLOWING SNOW
X = TORNADO
MAX 32 OR BELOW: 0 0.01 INCH OR MORE: 21
MAX 90 OR ABOVE: 12 0.10 INCH OR MORE: 7
MIN 32 OR BELOW: 0 0.50 INCH OR MORE: 1
MIN 0 OR BELOW: 0 1.00 INCH OR MORE: 0
[HDD (BASE 65) ]
TOTAL THIS MO. 0 CLEAR (SCALE 0-3) 6
DPTR FM NORMAL 0 PTCLDY (SCALE 4-7) 24
TOTAL FM JUL 1 5 CLOUDY (SCALE 8-10) 0
DPTR FM NORMAL 5
[CDD (BASE 65) ]
TOTAL THIS MO. 591
DPTR FM NORMAL 37 [PRESSURE DATA]
TOTAL FM JAN 1 3146 HIGHEST SLP 29.98 ON 1
DPTR FM NORMAL 213 LOWEST SLP 29.88 ON 1
[REMARKS]
#FINAL-06-23#