000
CXUS52 KGSP 011438
CF6GSP
PRELIMINARY LOCAL CLIMATOLOGICAL DATA (WS FORM: F-6)
STATION: GREENVILLE-SPARTANBURG SC
MONTH: SEPTEMBER
YEAR: 2022
LATITUDE: 34 54 N
LONGITUDE: 82 13 W
TEMPERATURE IN F: :PCPN: SNOW: WIND :SUNSHINE: SKY :PK WND
================================================================================
1 2 3 4 5 6A 6B 7 8 9 10 11 12 13 14 15 16 17 18
12Z AVG MX 2MIN
DY MAX MIN AVG DEP HDD CDD WTR SNW DPTH SPD SPD DIR MIN PSBL S-S WX SPD DR
================================================================================
1 89 63 76 0 0 11 0.00 0.0 0 5.1 12 60 M M 1 15 40
2 89 67 78 2 0 13 0.08 0.0 0 5.1 10 220 M M 5 1 14 120
3 88 70 79 3 0 14 T 0.0 0 4.0 15 170 M M 7 1 19 160
4 84 71 78 2 0 13 0.21 0.0 0 4.6 13 130 M M 9 13 20 270
5 81 71 76 0 0 11 1.24 0.0 0 6.2 16 210 M M 9 1 19 200
6 88 70 79 4 0 14 T 0.0 0 3.9 13 360 M M 4 1 16 10
7 86 69 78 3 0 13 0.00 0.0 0 3.2 10 30 M M 2 3 14 30
8 83 68 76 1 0 11 0.00 0.0 0 7.9 15 50 M M 4 20 50
9 81 65 73 -2 0 8 0.06 0.0 0 8.1 16 30 M M 5 8 22 50
10 68 65 67 -7 0 2 1.79 0.0 0 8.8 18 30 M M 10 1 24 30
11 83 68 76 2 0 11 0.47 0.0 0 5.5 12 200 M M 7 1 15 180
12 87 67 77 3 0 12 0.00 0.0 0 6.2 15 240 M M 2 20 230
13 80 54 67 -7 0 2 0.00 0.0 0 3.5 10 340 M M 0 17 360
14 81 57 69 -4 0 4 0.00 0.0 0 3.4 9 40 M M 1 13 70
15 81 56 69 -4 0 4 0.00 0.0 0 5.2 14 30 M M 0 19 50
16 82 58 70 -3 0 5 0.00 0.0 0 2.7 9 70 M M 1 12 30
17 82 59 71 -1 0 6 0.00 0.0 0 3.3 9 110 M M 2 1 12 100
18 83 59 71 -1 0 6 0.00 0.0 0 3.2 9 80 M M 1 1 13 60
19 86 59 73 1 0 8 0.00 0.0 0 2.4 8 330 M M 0 13 330
20 89 64 77 6 0 12 0.00 0.0 0 1.8 8 30 M M 1 10 50
21 89 62 76 5 0 11 0.00 0.0 0 1.2 7 40 M M 0 1 10 170
22 93 63 78 7 0 13 0.47 0.0 0 6.4 24 340 M M 1 13 38 350
23 76 51 64 -6 1 0 0.00 0.0 0 6.3 16 20 M M 0 22 60
24 79 47 63 -7 2 0 0.00 0.0 0 3.4 13 220 M M 0 16 250
25 77 58 68 -2 0 3 T 0.0 0 8.2 18 200 M M 2 23 190
26 81 56 69 0 0 4 0.00 0.0 0 2.9 15 240 M M 1 1 20 260
27 75 47 61 -8 4 0 0.00 0.0 0 3.6 13 360 M M 0 19 10
28 69 45 57 -11 8 0 0.00 0.0 0 7.0 14 10 M M 0 20 80
29 71 51 61 -7 4 0 0.00 0.0 0 16.1 29 60 M M 1 37 30
30 60 54 57 -11 8 0 0.78 0.0 0 14.2 25 360 M M 10 1 38 360
================================================================================
SM 2441 1814 27 211 5.10 0.0 163.4 M 86
================================================================================
AV 81.4 60.5 5.4 FASTST M M 3 MAX(MPH)
MISC ----> 29 60 # 38 350
================================================================================
NOTES:
# LAST OF SEVERAL OCCURRENCES
COLUMN 17 PEAK WIND IN M.P.H.
PRELIMINARY LOCAL CLIMATOLOGICAL DATA (WS FORM: F-6) , PAGE 2
STATION: GREENVILLE-SPARTANBURG SC
MONTH: SEPTEMBER
YEAR: 2022
LATITUDE: 34 54 N
LONGITUDE: 82 13 W
[TEMPERATURE DATA] [PRECIPITATION DATA] SYMBOLS USED IN COLUMN 16
AVERAGE MONTHLY: 70.9 TOTAL FOR MONTH: 5.10 1 = FOG OR MIST
DPTR FM NORMAL: -1.6 DPTR FM NORMAL: 1.37 2 = FOG REDUCING VISIBILITY
HIGHEST: 93 ON 22 GRTST 24HR 1.85 ON 9-10 TO 1/4 MILE OR LESS
LOWEST: 45 ON 28 3 = THUNDER
SNOW, ICE PELLETS, HAIL 4 = ICE PELLETS
TOTAL MONTH: 0.0 INCH 5 = HAIL
GRTST 24HR 0.0 6 = FREEZING RAIN OR DRIZZLE
GRTST DEPTH: 0 7 = DUSTSTORM OR SANDSTORM:
VSBY 1/2 MILE OR LESS
8 = SMOKE OR HAZE
[NO. OF DAYS WITH] [WEATHER - DAYS WITH] 9 = BLOWING SNOW
X = TORNADO
MAX 32 OR BELOW: 0 0.01 INCH OR MORE: 8
MAX 90 OR ABOVE: 1 0.10 INCH OR MORE: 6
MIN 32 OR BELOW: 0 0.50 INCH OR MORE: 3
MIN 0 OR BELOW: 0 1.00 INCH OR MORE: 2
[HDD (BASE 65) ]
TOTAL THIS MO. 27 CLEAR (SCALE 0-3) 20
DPTR FM NORMAL 15 PTCLDY (SCALE 4-7) 6
TOTAL FM JUL 1 27 CLOUDY (SCALE 8-10) 4
DPTR FM NORMAL 17
[CDD (BASE 65) ]
TOTAL THIS MO. 211
DPTR FM NORMAL -28 [PRESSURE DATA]
TOTAL FM JAN 1 1766 HIGHEST SLP 30.24 ON 28
DPTR FM NORMAL 100 LOWEST SLP 29.75 ON 30
[REMARKS]
#FINAL-09-22#