000
CXUS52 KGSP 280817
CF6GSP
PRELIMINARY LOCAL CLIMATOLOGICAL DATA (WS FORM: F-6)
STATION: GREENVILLE-SPARTANBURG SC
MONTH: MARCH
YEAR: 2024
LATITUDE: 34 54 N
LONGITUDE: 82 13 W
TEMPERATURE IN F: :PCPN: SNOW: WIND :SUNSHINE: SKY :PK WND
================================================================================
1 2 3 4 5 6A 6B 7 8 9 10 11 12 13 14 15 16 17 18
12Z AVG MX 2MIN
DY MAX MIN AVG DEP HDD CDD WTR SNW DPTH SPD SPD DIR MIN PSBL S-S WX SPD DR
================================================================================
1 43 38 41 -8 24 0 2.20 0.0 0 8.8 18 50 M M 9 1 25 40
2 68 43 56 7 9 0 0.00 0.0 0 5.7 14 30 M M 8 1 19 20
3 64 45 55 5 10 0 0.00 0.0 0 3.0 10 250 M M 6 1 14 250
4 72 40 56 6 9 0 0.00 0.0 0 2.9 10 60 M M 5 12 15 70
5 71 47 59 9 6 0 0.06 0.0 0 2.6 10 140 M M 5 1 15 190
6 58 52 55 5 10 0 1.06 0.0 0 5.6 14 30 M M 9 1 19 40
7 74 47 61 11 4 0 0.00 0.0 0 3.9 12 100 M M 2 12 16 160
8 63 48 56 5 9 0 0.08 0.0 0 5.7 15 100 M M 7 1 22 110
9 60 52 56 5 9 0 1.35 0.0 0 8.0 17 110 M M 8 18 28 100
10 63 42 53 2 12 0 0.00 0.0 0 6.8 15 360 M M 1 25 10
11 65 40 53 1 12 0 0.00 0.0 0 7.1 20 310 M M 0 33 300
12 74 33 54 2 11 0 0.00 0.0 0 3.6 16 200 M M 0 20 200
13 77 44 61 9 4 0 0.00 0.0 0 5.0 16 190 M M 0 22 190
14 81 42 62 10 3 0 0.00 0.0 0 5.9 17 210 M M 0 24 230
15 71 56 64 12 1 0 0.77 0.0 0 5.6 14 240 M M 3 138 19 270
16 77 53 65 12 0 0 0.00 0.0 0 4.5 18 200 M M 0 1 23 200
17 73 48 61 8 4 0 T 0.0 0 8.2 20 230 M M 2 27 240
18 61 39 50 -3 15 0 0.00 0.0 0 9.1 20 230 M M 2 32 340
19 59 30 45 -9 20 0 0.00 0.0 0 10.0 21 210 M M 0 29 220
20 74 42 58 4 7 0 0.00 0.0 0 6.2 17 240 M M 0 28 230
21 75 42 59 5 6 0 0.00 0.0 0 4.5 14 170 M M 0 20 160
22 60 51 56 2 9 0 0.95 0.0 0 7.6 16 40 M M 8 1 23 70
23 68 38 53 -2 12 0 0.27 0.0 0 7.5 20 20 M M 7 1 33 350
24 59 34 47 -8 18 0 0.00 0.0 0 8.0 18 50 M M 0 24 50
25 61 35 48 -7 17 0 0.00 0.0 0 7.5 16 70 M M 3 25 70
26 55 48 52 -3 13 0 0.26 0.0 0 9.3 16 20 M M 10 1 23 20
27 69 48 59 3 6 0 0.10 0.0 0 7.5 14 80 M M 8 1 19 80
================================================================================
SM 1795 1177 260 0 7.10 0.0 170.1 M 103
================================================================================
AV 66.5 43.6 6.3 FASTST M M 4 MAX(MPH)
MISC ----> 21 210 # 33 300
================================================================================
NOTES:
# LAST OF SEVERAL OCCURRENCES
COLUMN 17 PEAK WIND IN M.P.H.
PRELIMINARY LOCAL CLIMATOLOGICAL DATA (WS FORM: F-6) , PAGE 2
STATION: GREENVILLE-SPARTANBURG SC
MONTH: MARCH
YEAR: 2024
LATITUDE: 34 54 N
LONGITUDE: 82 13 W
[TEMPERATURE DATA] [PRECIPITATION DATA] SYMBOLS USED IN COLUMN 16
AVERAGE MONTHLY: 55.0 TOTAL FOR MONTH: 7.10 1 = FOG OR MIST
DPTR FM NORMAL: 2.7 DPTR FM NORMAL: 3.18 2 = FOG REDUCING VISIBILITY
HIGHEST: 81 ON 14 GRTST 24HR 2.20 ON 1- 1 TO 1/4 MILE OR LESS
LOWEST: 30 ON 19 3 = THUNDER
SNOW, ICE PELLETS, HAIL 4 = ICE PELLETS
TOTAL MONTH: 0.0 INCH 5 = HAIL
GRTST 24HR 0.0 6 = FREEZING RAIN OR DRIZZLE
GRTST DEPTH: 0 7 = DUSTSTORM OR SANDSTORM:
VSBY 1/2 MILE OR LESS
8 = SMOKE OR HAZE
[NO. OF DAYS WITH] [WEATHER - DAYS WITH] 9 = BLOWING SNOW
X = TORNADO
MAX 32 OR BELOW: 0 0.01 INCH OR MORE: 10
MAX 90 OR ABOVE: 0 0.10 INCH OR MORE: 8
MIN 32 OR BELOW: 1 0.50 INCH OR MORE: 5
MIN 0 OR BELOW: 0 1.00 INCH OR MORE: 3
[HDD (BASE 65) ]
TOTAL THIS MO. 260 CLEAR (SCALE 0-3) 15
DPTR FM NORMAL -91 PTCLDY (SCALE 4-7) 8
TOTAL FM JUL 1 2518 CLOUDY (SCALE 8-10) 4
DPTR FM NORMAL -261
[CDD (BASE 65) ]
TOTAL THIS MO. 0
DPTR FM NORMAL 0 [PRESSURE DATA]
TOTAL FM JAN 1 0 HIGHEST SLP M ON M
DPTR FM NORMAL -1 LOWEST SLP 29.66 ON 9
[REMARKS]