000
CXUS54 KAMA 010710
CF6GUY
PRELIMINARY LOCAL CLIMATOLOGICAL DATA (WS FORM: F-6)
STATION: GUYMON
MONTH: AUGUST
YEAR: 2022
LATITUDE: 36 41 N
LONGITUDE: 101 30 W
TEMPERATURE IN F: :PCPN: SNOW: WIND :SUNSHINE: SKY :PK WND
================================================================================
1 2 3 4 5 6A 6B 7 8 9 10 11 12 13 14 15 16 17 18
12Z AVG MX 2MIN
DY MAX MIN AVG DEP HDD CDD WTR SNW DPTH SPD SPD DIR MIN PSBL S-S WX SPD DR
================================================================================
1 96 67 82 2 0 17 0.00 M M 6.3 26 190 M M 0 3 37 200
2 100 68 84 4 0 19 0.00 M M 14.5 29 210 M M 0 39 210
3 100 70 85 5 0 20 0.00 M M 11.5 23 10 M M 0 31 30
4 98 70 84 4 0 19 0.00 M M 9.1 20 30 M M 0 27 50
5 101 70 86 6 0 21 0.00 M M 9.9 17 200 M M 0 30 210
6 103 70 87 7 0 22 M M M 14.6 25 210 M M 0 38 200
7 101 71 86 6 0 21 0.00 M M 13.0 23 230 M M 1 30 190
8 90 68 79 -1 0 14 0.00 M M 9.0 17 30 M M 2 26 40
9 96 66 81 1 0 16 T M M 5.7 24 320 M M 1 3 32 320
10 95 64 80 0 0 15 0.00 M M 5.0 13 110 M M 1 20 170
11 93 62 78 -1 0 13 0.00 M M 5.2 14 170 M M 0 21 160
12 97 60 79 0 0 14 0.00 M M 8.1 17 180 M M 0 23 200
13 98 62 80 1 0 15 0.00 M M 10.9 21 210 M M 0 28 210
14 99 63 81 2 0 16 0.00 M M 10.2 20 180 M M 0 28 180
15 101 65 83 4 0 18 0.00 M M 11.0 22 200 M M 1 30 210
16 88 66 77 -2 0 12 0.13 M M 11.5 24 360 M M 3 1 35 350
17 77 65 71 -7 0 6 0.32 M M 4.8 15 70 M M 7 1 20 70
18 88 60 74 -4 0 9 0.00 M M 3.2 10 50 M M 1 12 15 20
19 94 62 78 0 0 13 0.00 M M 9.5 21 210 M M 2 28 210
20 84 65 75 -3 0 10 0.03 M M 7.8 20 190 M M 3 27 190
21 78 62 70 -8 0 5 T M M 4.3 14 140 M M 5 1 20 130
22 87 58 73 -5 0 8 0.00 M M 4.4 15 50 M M 1 22 110
23 90 55 73 -4 0 8 0.00 M M 4.6 14 120 M M 0 17 80
24 90 56 73 -4 0 8 0.00 M M 5.6 13 170 M M 0 19 200
25 91 59 75 -2 0 10 0.00 M M 6.7 15 130 M M 0 21 130
26 92 59 76 -1 0 11 0.00 M M 10.5 20 180 M M 1 29 160
27 95 68 82 5 0 17 T M M 12.2 32 200 M M 3 3 44 200
28 99 62 81 5 0 16 0.00 M M 8.0 15 140 M M 0 23 150
29 99 70 85 9 0 20 T M M 9.2 22 70 M M 1 3 32 80
30 92 65 79 3 0 14 0.00 M M 8.3 17 60 M M 1 28 80
31 91 65 78 2 0 13 0.00 M M 6.0 15 180 M M 1 22 130
================================================================================
SM 2903 1993 0 440 0.48 M 260.6 M 35
================================================================================
AV 93.6 64.3 8.4 FASTST M M 1 MAX(MPH)
MISC ----> 32 200 44 200
================================================================================
NOTES:
# LAST OF SEVERAL OCCURRENCES
COLUMN 17 PEAK WIND IN M.P.H.
PRELIMINARY LOCAL CLIMATOLOGICAL DATA (WS FORM: F-6) , PAGE 2
STATION: GUYMON
MONTH: AUGUST
YEAR: 2022
LATITUDE: 36 41 N
LONGITUDE: 101 30 W
[TEMPERATURE DATA] [PRECIPITATION DATA] SYMBOLS USED IN COLUMN 16
AVERAGE MONTHLY: 79.0 TOTAL FOR MONTH: 0.48 1 = FOG OR MIST
DPTR FM NORMAL: 0.5 DPTR FM NORMAL: -2.10 2 = FOG REDUCING VISIBILITY
HIGHEST: 103 ON 6 GRTST 24HR 0.32 ON 17-17 TO 1/4 MILE OR LESS
LOWEST: 55 ON 23 3 = THUNDER
SNOW, ICE PELLETS, HAIL 4 = ICE PELLETS
TOTAL MONTH: M 5 = HAIL
GRTST 24HR M ON M 6 = FREEZING RAIN OR DRIZZLE
GRTST DEPTH: M ON M 7 = DUSTSTORM OR SANDSTORM:
VSBY 1/2 MILE OR LESS
8 = SMOKE OR HAZE
[NO. OF DAYS WITH] [WEATHER - DAYS WITH] 9 = BLOWING SNOW
X = TORNADO
MAX 32 OR BELOW: 0 0.01 INCH OR MORE: 3
MAX 90 OR ABOVE: 25 0.10 INCH OR MORE: 2
MIN 32 OR BELOW: 0 0.50 INCH OR MORE: 0
MIN 0 OR BELOW: 0 1.00 INCH OR MORE: 0
[HDD (BASE 65) ]
TOTAL THIS MO. 0 CLEAR (SCALE 0-3) 28
DPTR FM NORMAL -1 PTCLDY (SCALE 4-7) 3
TOTAL FM JUL 1 0 CLOUDY (SCALE 8-10) 0
DPTR FM NORMAL 0
[CDD (BASE 65) ]
TOTAL THIS MO. 440
DPTR FM NORMAL 22 [PRESSURE DATA]
TOTAL FM JAN 1 1726 HIGHEST SLP M ON M
DPTR FM NORMAL 338 LOWEST SLP 29.59 ON 27
[REMARKS]
#FINAL-08-22#