000
CXUS54 KAMA 010710
CF6GUY
PRELIMINARY LOCAL CLIMATOLOGICAL DATA (WS FORM: F-6)
STATION: GUYMON
MONTH: MARCH
YEAR: 2021
LATITUDE: 36 41 N
LONGITUDE: 101 30 W
TEMPERATURE IN F: :PCPN: SNOW: WIND :SUNSHINE: SKY :PK WND
================================================================================
1 2 3 4 5 6A 6B 7 8 9 10 11 12 13 14 15 16 17 18
12Z AVG MX 2MIN
DY MAX MIN AVG DEP HDD CDD WTR SNW DPTH SPD SPD DIR MIN PSBL S-S WX SPD DR
================================================================================
1 55 17 36 -6 29 0 0.00 M M 4.8 12 320 M M 0 17 320
2 71 19 45 3 20 0 0.00 M M 11.5 26 210 M M 0 34 210
3 73 24 49 7 16 0 0.00 M M 5.4 17 230 M M 0 22 210
4 73 27 50 7 15 0 T M M 10.5 30 320 M M 2 8 36 330
5 62 34 48 5 17 0 0.11 M M 13.4 26 20 M M 5 1 32 30
6 67 30 49 6 16 0 0.00 M M 12.1 24 180 M M 0 32 190
7 74 40 57 13 8 0 0.00 M M 20.7 36 200 M M 0 43 220
8 77 42 60 16 5 0 0.00 M M 20.2 35 190 M M 0 42 180
9 79 45 62 18 3 0 0.00 M M 17.1 37 220 M M 0 46 220
10 74 39 57 13 8 0 0.00 M M 16.1 36 260 M M 0 46 230
11 59 26 43 -2 22 0 0.00 M M 10.5 17 50 M M 0 23 80
12 44 40 42 -3 23 0 0.01 M M 8.8 15 50 M M 10 12 19 50
13 48 39 44 -1 21 0 1.68 M M 11.7 25 310 M M 10 13 31 350
14 60 34 47 1 18 0 T M M 14.7 29 200 M M 3 38 200
15 57 37 47 1 18 0 0.00 M M 13.2 26 320 M M 2 34 320
16 62 34 48 2 17 0 T M M 14.4 36 20 M M 2 46 20
17 44 32 38 -9 27 0 0.25 M M 25.2 40 10 M M 9 123 52 30
18 55 29 42 -5 23 0 0.00 M M 12.2 21 340 M M 0 26 20
19 59 27 43 -4 22 0 0.00 M M 8.9 18 190 M M 0 24 190
20 71 36 54 6 11 0 0.00 M M 20.0 33 180 M M 0 43 190
21 76 45 61 13 4 0 0.00 M M 13.3 24 190 M M 0 32 190
22 50 36 43 -5 22 0 0.35 M M 17.8 32 360 M M 9 1 42 360
23 60 35 48 0 17 0 0.00 M M 17.3 30 320 M M 1 38 320
24 40 33 37 -12 28 0 0.25 M M 10.4 21 10 M M 8 1 27 360
25 57 34 46 -3 19 0 0.00 M M 5.9 15 160 M M 5 21 150
26 70 42 56 7 9 0 T M M 15.2 28 220 M M 3 35 230
27 64 37 51 1 14 0 0.00 M M 13.2 26 350 M M 1 35 340
28 71 29 50 0 15 0 0.00 M M 13.3 25 210 M M 0 36 220
29 87 47 67 17 0 2 0.00 M M 24.9 37 220 M M 0 50 230
30 64 33 49 -1 16 0 0.00 M M 15.2 31 360 M M 0 39 360
31 62 28 45 -6 20 0 0.00 M M 5.7 18 80 M M 0 24 70
================================================================================
SM 1965 1050 503 2 2.65 M 423.6 M 70
================================================================================
AV 63.4 33.9 13.7 FASTST M M 2 MAX(MPH)
MISC ----> 40 10 52 30
================================================================================
NOTES:
# LAST OF SEVERAL OCCURRENCES
COLUMN 17 PEAK WIND IN M.P.H.
PRELIMINARY LOCAL CLIMATOLOGICAL DATA (WS FORM: F-6) , PAGE 2
STATION: GUYMON
MONTH: MARCH
YEAR: 2021
LATITUDE: 36 41 N
LONGITUDE: 101 30 W
[TEMPERATURE DATA] [PRECIPITATION DATA] SYMBOLS USED IN COLUMN 16
AVERAGE MONTHLY: 48.6 TOTAL FOR MONTH: 2.65 1 = FOG OR MIST
DPTR FM NORMAL: 2.3 DPTR FM NORMAL: 1.22 2 = FOG REDUCING VISIBILITY
HIGHEST: 87 ON 29 GRTST 24HR 1.68 ON 12-13 TO 1/4 MILE OR LESS
LOWEST: 17 ON 1 3 = THUNDER
SNOW, ICE PELLETS, HAIL 4 = ICE PELLETS
TOTAL MONTH: M 5 = HAIL
GRTST 24HR M ON M 6 = FREEZING RAIN OR DRIZZLE
GRTST DEPTH: M ON M 7 = DUSTSTORM OR SANDSTORM:
VSBY 1/2 MILE OR LESS
8 = SMOKE OR HAZE
[NO. OF DAYS WITH] [WEATHER - DAYS WITH] 9 = BLOWING SNOW
X = TORNADO
MAX 32 OR BELOW: 0 0.01 INCH OR MORE: 6
MAX 90 OR ABOVE: 0 0.10 INCH OR MORE: 5
MIN 32 OR BELOW: 11 0.50 INCH OR MORE: 1
MIN 0 OR BELOW: 0 1.00 INCH OR MORE: 1
[HDD (BASE 65) ]
TOTAL THIS MO. 503 CLEAR (SCALE 0-3) 24
DPTR FM NORMAL -78 PTCLDY (SCALE 4-7) 3
TOTAL FM JUL 1 4031 CLOUDY (SCALE 8-10) 4
DPTR FM NORMAL -17
[CDD (BASE 65) ]
TOTAL THIS MO. 2
DPTR FM NORMAL 0 [PRESSURE DATA]
TOTAL FM JAN 1 2 HIGHEST SLP M ON M
DPTR FM NORMAL 0 LOWEST SLP 29.47 ON 14
[REMARKS]
#FINAL-03-21#