000
CXUS54 KFWD 010731
CF6GVT
PRELIMINARY LOCAL CLIMATOLOGICAL DATA (WS FORM: F-6)
STATION: GREENVILLE
MONTH: MAY
YEAR: 2023
LATITUDE: 33 4 N
LONGITUDE: 96 4 W
TEMPERATURE IN F: :PCPN: SNOW: WIND :SUNSHINE: SKY :PK WND
================================================================================
1 2 3 4 5 6A 6B 7 8 9 10 11 12 13 14 15 16 17 18
12Z AVG MX 2MIN
DY MAX MIN AVG DEP HDD CDD WTR SNW DPTH SPD SPD DIR MIN PSBL S-S WX SPD DR
================================================================================
1 73 49 61 -8 4 0 0.00 M M 3.6 9 10 M M 0 M M
2 78 46 62 -7 3 0 0.00 M M 3.8 8 60 M M 1 M M
3 78 55 67 -3 0 2 0.00 M M 5.0 12 10 M M 4 M M
4 81 57 69 -1 0 4 0.00 M M 7.8 16 170 M M 4 8 21 180
5 89 64 77 7 0 12 0.00 M M 10.3 14 130 M M 6 18 22 130
6 87 60 74 4 0 9 0.00 M M 9.8 30 320 M M 3 41 320
7 85 65 75 4 0 10 0.00 M M 12.4 21 200 M M 4 44 140
8 86 69 78 7 0 13 0.00 M M 9.5 16 180 M M 4 1 22 180
9 84 66 75 4 0 10 0.00 M M 7.7 16 150 M M 3 1 17 170
10 77 65 71 -1 0 6 M M M 4.6 10 140 M M 6 1 M M
11 86 62 74 2 0 9 0.00 M M 7.0 15 160 M M 7 128 20 150
12 88 74 81 9 0 16 0.00 M M 12.0 17 180 M M 6 18 29 160
13 87 69 78 6 0 13 0.00 M M 8.6 13 160 M M 2 1 18 100
14 80 68 74 1 0 9 0.00 M M 4.3 9 130 M M 7 1 M M
15 85 68 77 4 0 12 0.00 M M 5.4 9 330 M M 5 1 20 240
16 76 64 70 -3 0 5 0.00 M M 5.9 10 340 M M 8 1 M M
17 77 60 69 -5 0 4 0.00 M M 4.6 12 10 M M 2 16 50
18 84 59 72 -2 0 7 0.00 M M 2.7 7 110 M M 2 M M
19 91 64 78 4 0 13 0.02 M M 7.5 15 200 M M 2 22 200
20 76 60 68 -6 0 3 0.01 M M 9.4 16 330 M M 7 18 22 350
21 76 58 67 -8 0 2 0.02 M M 4.7 6 90 M M 5 M M
22 80 58 69 -6 0 4 0.00 M M 4.0 7 60 M M 1 1 M M
23 84 59 72 -3 0 7 0.00 M M 3.8 8 170 M M 1 M M
24 85 63 74 -1 0 9 0.00 M M 5.9 10 110 M M 2 1 16 100
25 84 61 73 -3 0 8 0.00 M M 3.2 10 100 M M 2 8 M M
26 87 62 75 -1 0 10 0.00 M M 5.0 13 90 M M 1 1 17 70
27 86 65 76 0 0 11 0.00 M M 4.4 7 80 M M 4 M M
28 88 60 74 -2 0 9 0.00 M M 5.8 12 140 M M 2 M M
29 88 66 77 0 0 12 0.12 M M 5.6 12 150 M M 6 18 28 70
30 85 67 76 -1 0 11 0.02 M M 2.7 6 130 M M 4 1 M M
31 88 64 76 -1 0 11 0.00 M M 4.1 9 150 M M 1 1 20 180
================================================================================
SM 2579 1927 7 251 0.19 M 191.3 M 112
================================================================================
AV 83.2 62.2 6.2 FASTST M M 4 MAX(MPH)
MISC ----> 30 320 44 140
================================================================================
NOTES:
# LAST OF SEVERAL OCCURRENCES
COLUMN 17 PEAK WIND IN M.P.H.
PRELIMINARY LOCAL CLIMATOLOGICAL DATA (WS FORM: F-6) , PAGE 2
STATION: GREENVILLE
MONTH: MAY
YEAR: 2023
LATITUDE: 33 4 N
LONGITUDE: 96 4 W
[TEMPERATURE DATA] [PRECIPITATION DATA] SYMBOLS USED IN COLUMN 16
AVERAGE MONTHLY: 72.7 TOTAL FOR MONTH: 0.19 1 = FOG OR MIST
DPTR FM NORMAL: -0.4 DPTR FM NORMAL: -5.33 2 = FOG REDUCING VISIBILITY
HIGHEST: 91 ON 19 GRTST 24HR 0.12 ON 29-29 TO 1/4 MILE OR LESS
LOWEST: 46 ON 2 3 = THUNDER
SNOW, ICE PELLETS, HAIL 4 = ICE PELLETS
TOTAL MONTH: M 5 = HAIL
GRTST 24HR M ON M 6 = FREEZING RAIN OR DRIZZLE
GRTST DEPTH: M ON M 7 = DUSTSTORM OR SANDSTORM:
VSBY 1/2 MILE OR LESS
8 = SMOKE OR HAZE
[NO. OF DAYS WITH] [WEATHER - DAYS WITH] 9 = BLOWING SNOW
X = TORNADO
MAX 32 OR BELOW: 0 0.01 INCH OR MORE: 5
MAX 90 OR ABOVE: 1 0.10 INCH OR MORE: 1
MIN 32 OR BELOW: 0 0.50 INCH OR MORE: 0
MIN 0 OR BELOW: 0 1.00 INCH OR MORE: 0
[HDD (BASE 65) ]
TOTAL THIS MO. 7 CLEAR (SCALE 0-3) 15
DPTR FM NORMAL -3 PTCLDY (SCALE 4-7) 16
TOTAL FM JUL 1 2240 CLOUDY (SCALE 8-10) 0
DPTR FM NORMAL -162
[CDD (BASE 65) ]
TOTAL THIS MO. 251
DPTR FM NORMAL -12 [PRESSURE DATA]
TOTAL FM JAN 1 337 HIGHEST SLP M ON M
DPTR FM NORMAL -48 LOWEST SLP M ON M
[REMARKS]
#FINAL-05-23#