025
CXUS54 KEWX 011010
CF6GYB
PRELIMINARY LOCAL CLIMATOLOGICAL DATA (WS FORM: F-6)
STATION: GIDDINGS-LEE COUNTY AIRPORT
MONTH: JANUARY
YEAR: 2021
LATITUDE: 30 10 N
LONGITUDE: 96 59 W
TEMPERATURE IN F: :PCPN: SNOW: WIND :SUNSHINE: SKY :PK WND
================================================================================
1 2 3 4 5 6A 6B 7 8 9 10 11 12 13 14 15 16 17 18
12Z AVG MX 2MIN
DY MAX MIN AVG DEP HDD CDD WTR SNW DPTH SPD SPD DIR MIN PSBL S-S WX SPD DR
================================================================================
1 52 37 45 M 20 0 0.00 M M 7.9 15 330 M M 4 22 340
2 62 39 51 M 14 0 0.00 M M 3.8 12 330 M M 3 17 330
3 71 40 56 M 9 0 0.00 M M 6.6 14 200 M M 0 20 220
4 77 45 61 M 4 0 0.00 M M 4.2 8 220 M M 2 12 M M
5 74 46 60 M 5 0 0.00 M M 4.9 9 160 M M 2 8 16 160
6 71 52 62 M 3 0 0.35 M M 7.5 16 190 M M 7 26 190
7 61 44 53 M 12 0 0.00 M M 10.0 18 340 M M 0 27 330
8 55 37 46 M 19 0 0.00 M M 5.1 10 10 M M 2 17 350
9 56 34 45 M 20 0 0.00 M M 3.1 9 80 M M 2 1 M M
10 48 35 42 M 23 0 0.91 M M 8.8 16 80 M M 9 1 21 80
11 46 32 39 M 26 0 0.00 M M 5.6 10 340 M M 6 1 17 360
12 50 29 40 M 25 0 0.00 M M 1.9 6 210 M M 2 1 M M
13 65 33 49 M 16 0 0.00 M M 4.4 12 240 M M 0 1 M M
14 71 42 57 M 8 0 0.00 M M 8.7 16 350 M M 0 25 10
15 63 44 54 M 11 0 0.00 M M 9.9 21 330 M M 0 26 330
16 64 39 52 M 13 0 0.00 M M 3.9 9 330 M M 1 8 M M
17 69 41 55 M 10 0 0.00 M M 3.9 9 320 M M 0 16 300
18 79 39 59 M 6 0 0.00 M M 5.7 18 200 M M 5 25 160
19 75 51 63 M 2 0 0.08 M M 6.7 12 360 M M 10 1 18 170
20 55 45 50 M 15 0 0.02 M M 4.8 9 320 M M 10 1 M M
21 59 47 53 M 12 0 0.01 M M 1.1 5 200 M M 9 12 M M
22 74 52 63 M 2 0 0.00 M M 4.1 12 10 M M 7 1 18 10
23 61 48 55 M 10 0 0.00 M M 5.4 9 80 M M 10 1 M M
24 64 52 58 M 7 0 0.00 M M 6.2 14 180 M M 10 12 21 160
25 74 50 62 M 3 0 0.00 M M 8.0 15 180 M M 6 1 28 310
26 76 46 61 M 4 0 0.00 M M 3.7 12 360 M M 1 M M
27 67 47 57 M 8 0 0.00 M M 9.0 14 360 M M 0 24 360
28 59 38 49 M 16 0 0.00 M M 3.7 7 60 M M 0 M M
29 71 38 55 M 10 0 0.00 M M 4.1 9 170 M M 4 17 170
30 76 58 67 M 0 2 0.00 M M 7.9 15 190 M M 6 25 190
31 67 51 59 M 6 0 0.00 M M 8.1 14 330 M M 0 8 21 330
================================================================================
SM 2012 1331 339 2 1.37 M 178.7 M 118
================================================================================
AV 64.9 42.9 5.8 FASTST M M 4 MAX(MPH)
MISC ----> 21 330 28 310
================================================================================
NOTES:
# LAST OF SEVERAL OCCURRENCES
COLUMN 17 PEAK WIND IN M.P.H.
PRELIMINARY LOCAL CLIMATOLOGICAL DATA (WS FORM: F-6) , PAGE 2
STATION: GIDDINGS-LEE COUNTY AIRPORT
MONTH: JANUARY
YEAR: 2021
LATITUDE: 30 10 N
LONGITUDE: 96 59 W
[TEMPERATURE DATA] [PRECIPITATION DATA] SYMBOLS USED IN COLUMN 16
AVERAGE MONTHLY: 53.9 TOTAL FOR MONTH: 1.37 1 = FOG OR MIST
DPTR FM NORMAL: 0.0 DPTR FM NORMAL: M 2 = FOG REDUCING VISIBILITY
HIGHEST: 79 ON 18 GRTST 24HR 0.91 ON 10-10 TO 1/4 MILE OR LESS
LOWEST: 29 ON 12 3 = THUNDER
SNOW, ICE PELLETS, HAIL 4 = ICE PELLETS
TOTAL MONTH: M 5 = HAIL
GRTST 24HR M ON M 6 = FREEZING RAIN OR DRIZZLE
GRTST DEPTH: M ON M 7 = DUSTSTORM OR SANDSTORM:
VSBY 1/2 MILE OR LESS
8 = SMOKE OR HAZE
[NO. OF DAYS WITH] [WEATHER - DAYS WITH] 9 = BLOWING SNOW
X = TORNADO
MAX 32 OR BELOW: 0 0.01 INCH OR MORE: 5
MAX 90 OR ABOVE: 0 0.10 INCH OR MORE: 2
MIN 32 OR BELOW: 2 0.50 INCH OR MORE: 1
MIN 0 OR BELOW: 0 1.00 INCH OR MORE: 0
[HDD (BASE 65) ]
TOTAL THIS MO. 339 CLEAR (SCALE 0-3) 17
DPTR FM NORMAL M PTCLDY (SCALE 4-7) 8
TOTAL FM JUL 1 790 CLOUDY (SCALE 8-10) 6
DPTR FM NORMAL M
[CDD (BASE 65) ]
TOTAL THIS MO. 2
DPTR FM NORMAL M [PRESSURE DATA]
TOTAL FM JAN 1 2 HIGHEST SLP M ON M
DPTR FM NORMAL M LOWEST SLP M ON M
[REMARKS]
#FINAL-01-21#