000
CXUS54 KFWD 010731
CF6GYI
PRELIMINARY LOCAL CLIMATOLOGICAL DATA (WS FORM: F-6)
STATION: SHERMAN/DENISON
MONTH: SEPTEMBER
YEAR: 2022
LATITUDE: 33 42 N
LONGITUDE: 96 40 W
TEMPERATURE IN F: :PCPN: SNOW: WIND :SUNSHINE: SKY :PK WND
================================================================================
1 2 3 4 5 6A 6B 7 8 9 10 11 12 13 14 15 16 17 18
12Z AVG MX 2MIN
DY MAX MIN AVG DEP HDD CDD WTR SNW DPTH SPD SPD DIR MIN PSBL S-S WX SPD DR
================================================================================
1 86 73 80 0 0 15 0.00 M M 3.3 13 230 M M 3 M M
2 90 71 81 1 0 16 0.00 M M 6.0 17 160 M M 2 21 160
3 96 70 83 4 0 18 0.00 M M 4.1 10 60 M M 0 1 M M
4 87 68 78 -1 0 13 0.00 M M 2.8 12 270 M M 2 M M
5 93 65 79 0 0 14 0.00 M M 2.7 9 160 M M 1 M M
6 94 66 80 2 0 15 0.00 M M 2.4 10 360 M M 1 M M
7 94 68 81 3 0 16 0.00 M M 5.2 14 360 M M 0 17 360
8 91 71 81 3 0 16 0.00 M M 5.9 12 110 M M 3 M M
9 90 66 78 1 0 13 0.00 M M 7.1 12 150 M M 1 M M
10 90 62 76 -1 0 11 0.00 M M 3.5 9 360 M M 1 16 360
11 83 65 74 -3 0 9 0.00 M M 8.7 17 330 M M 2 21 10
12 86 56 71 -5 0 6 0.00 M M 3.3 10 310 M M 0 M M
13 92 62 77 1 0 12 0.00 M M 8.6 13 130 M M 0 17 130
14 90 60 75 -1 0 10 0.00 M M 8.0 13 130 M M 0 17 130
15 90 65 78 3 0 13 0.00 M M 9.7 15 120 M M 0 18 120
16 93 69 81 6 0 16 0.00 M M 11.3 16 140 M M 1 21 160
17 95 73 84 10 0 19 0.00 M M 11.6 18 170 M M 2 23 170
18 97 75 86 12 0 21 0.00 M M 10.6 15 200 M M 1 22 150
19 98 73 86 12 0 21 0.00 M M 8.3 14 160 M M 1 17 160
20 99 73 86 13 0 21 0.00 M M 8.3 12 140 M M 1 21 210
21 99 74 87 14 0 22 0.00 M M 8.3 12 210 M M 0 M M
22 99 70 85 13 0 20 0.00 M M 5.7 10 330 M M 1 21 330
23 99 68 84 12 0 19 0.00 M M 9.8 18 110 M M 1 21 110
24 98 73 86 14 0 21 0.00 M M 11.0 18 210 M M 0 138 200
25 98 69 84 13 0 19 0.00 M M 7.2 15 10 M M 1 29 10
26 87 60 74 3 0 9 0.00 M M 6.3 13 350 M M 0 21 20
27 91 55 73 2 0 8 0.00 M M 5.1 12 160 M M 0 M M
28 92 62 77 7 0 12 0.00 M M 10.0 14 200 M M 1 18 200
29 81 61 71 1 0 6 0.00 M M 10.0 16 110 M M 0 26 110
30 83 53 68 -2 0 3 0.00 M M 5.6 10 120 M M 0 M M
================================================================================
SM 2761 1996 0 434 0.00 M 210.2 M 26
================================================================================
AV 92.0 66.5 7.0 FASTST M M 1 MAX(MPH)
MISC ----> # 18 170 138 200
================================================================================
NOTES:
# LAST OF SEVERAL OCCURRENCES
COLUMN 17 PEAK WIND IN M.P.H.
PRELIMINARY LOCAL CLIMATOLOGICAL DATA (WS FORM: F-6) , PAGE 2
STATION: SHERMAN/DENISON
MONTH: SEPTEMBER
YEAR: 2022
LATITUDE: 33 42 N
LONGITUDE: 96 40 W
[TEMPERATURE DATA] [PRECIPITATION DATA] SYMBOLS USED IN COLUMN 16
AVERAGE MONTHLY: 79.3 TOTAL FOR MONTH: 0.00 1 = FOG OR MIST
DPTR FM NORMAL: 4.4 DPTR FM NORMAL: -3.59 2 = FOG REDUCING VISIBILITY
HIGHEST: 99 ON 23,22 GRTST 24HR 0.00 ON 1- 1 TO 1/4 MILE OR LESS
LOWEST: 53 ON 30 3 = THUNDER
SNOW, ICE PELLETS, HAIL 4 = ICE PELLETS
TOTAL MONTH: M 5 = HAIL
GRTST 24HR M ON M 6 = FREEZING RAIN OR DRIZZLE
GRTST DEPTH: M ON M 7 = DUSTSTORM OR SANDSTORM:
VSBY 1/2 MILE OR LESS
8 = SMOKE OR HAZE
[NO. OF DAYS WITH] [WEATHER - DAYS WITH] 9 = BLOWING SNOW
X = TORNADO
MAX 32 OR BELOW: 0 0.01 INCH OR MORE: 0
MAX 90 OR ABOVE: 23 0.10 INCH OR MORE: 0
MIN 32 OR BELOW: 0 0.50 INCH OR MORE: 0
MIN 0 OR BELOW: 0 1.00 INCH OR MORE: 0
[HDD (BASE 65) ]
TOTAL THIS MO. 0 CLEAR (SCALE 0-3) 29
DPTR FM NORMAL -13 PTCLDY (SCALE 4-7) 1
TOTAL FM JUL 1 0 CLOUDY (SCALE 8-10) 0
DPTR FM NORMAL -12
[CDD (BASE 65) ]
TOTAL THIS MO. 434
DPTR FM NORMAL 124 [PRESSURE DATA]
TOTAL FM JAN 1 2788 HIGHEST SLP M ON M
DPTR FM NORMAL 728 LOWEST SLP 9999.00 ON 1
[REMARKS]
#FINAL-09-22#