000
CXUS54 KFWD 010830
CF6GYI
PRELIMINARY LOCAL CLIMATOLOGICAL DATA (WS FORM: F-6)
STATION: SHERMAN/DENISON
MONTH: JANUARY
YEAR: 2022
LATITUDE: 33 42 N
LONGITUDE: 96 40 W
TEMPERATURE IN F: :PCPN: SNOW: WIND :SUNSHINE: SKY :PK WND
================================================================================
1 2 3 4 5 6A 6B 7 8 9 10 11 12 13 14 15 16 17 18
12Z AVG MX 2MIN
DY MAX MIN AVG DEP HDD CDD WTR SNW DPTH SPD SPD DIR MIN PSBL S-S WX SPD DR
================================================================================
1 63 21 42 0 23 0 0.05 M M 10.3 22 320 M M 10 1 30 350
2 37 17 27 -15 38 0 0.00 M M 12.4 21 330 M M 4 32 310
3 53 21 37 -5 28 0 0.00 M M 7.0 13 160 M M 0 M M
4 60 33 47 5 18 0 0.00 M M 13.4 25 180 M M 0 30 190
5 56 31 44 2 21 0 0.00 M M 9.3 17 20 M M 1 25 30
6 37 24 31 -11 34 0 0.00 M M 12.2 20 350 M M 0 29 350
7 47 19 33 -9 32 0 0.00 M M 8.0 15 160 M M 4 22 170
8 63 44 54 12 11 0 0.00 M M 12.4 18 190 M M 10 1 25 200
9 62 37 50 8 15 0 0.00 M M 13.1 20 350 M M 6 1 33 10
10 55 26 41 -1 24 0 0.00 M M 3.9 13 30 M M 0 18 30
11 59 31 45 3 20 0 0.00 M M 6.4 16 210 M M 0 18 220
12 62 34 48 6 17 0 0.00 M M 7.9 15 200 M M 0 M M
13 74 35 55 13 10 0 0.00 M M 4.4 13 290 M M 0 M M
14 70 38 54 12 11 0 0.00 M M 9.0 15 350 M M 0 23 140
15 52 28 40 -2 25 0 0.00 M M 22.5 31 360 M M 9 41 360
16 51 25 38 -4 27 0 0.00 M M 6.2 14 340 M M 1 16 340
17 62 27 45 3 20 0 0.00 M M 4.6 12 150 M M 0 M M
18 71 46 59 17 6 0 0.00 M M 17.8 25 180 M M 0 33 190
19 60 30 45 3 20 0 0.00 M M 16.4 25 360 M M 6 38 350
20 34 21 28 -15 37 0 0.00 M M 15.5 24 360 M M 5 35 10
21 43 16 30 -13 35 0 0.00 M M 2.5 7 30 M M 0 M M
22 50 20 35 -8 30 0 0.00 M M 4.0 8 170 M M 0 M M
23 65 28 47 4 18 0 0.00 M M 5.9 12 290 M M 0 M M
24 60 35 48 5 17 0 0.00 M M 7.0 13 200 M M 0 1 18 200
25 55 32 44 1 21 0 0.00 M M 10.5 15 30 M M 1 12 21 30
26 48 26 37 -6 28 0 0.00 M M 5.9 10 30 M M 2 M M
27 49 32 41 -2 24 0 0.00 M M 2.2 7 320 M M 8 M M
28 56 25 41 -2 24 0 0.00 M M 6.8 21 290 M M 0 1 26 320
29 68 28 48 5 17 0 0.00 M M 7.8 16 210 M M 0 26 240
30 69 33 51 7 14 0 0.00 M M 5.5 10 220 M M 0 M M
31 70 43 57 13 8 0 0.00 M M 10.6 17 150 M M 3 24 150
================================================================================
SM 1761 906 673 0 0.05 M 281.2 M 70
================================================================================
AV 56.8 29.2 9.1 FASTST M M 2 MAX(MPH)
MISC ----> 31 360 41 360
================================================================================
NOTES:
# LAST OF SEVERAL OCCURRENCES
COLUMN 17 PEAK WIND IN M.P.H.
PRELIMINARY LOCAL CLIMATOLOGICAL DATA (WS FORM: F-6) , PAGE 2
STATION: SHERMAN/DENISON
MONTH: JANUARY
YEAR: 2022
LATITUDE: 33 42 N
LONGITUDE: 96 40 W
[TEMPERATURE DATA] [PRECIPITATION DATA] SYMBOLS USED IN COLUMN 16
AVERAGE MONTHLY: 43.0 TOTAL FOR MONTH: 0.05 1 = FOG OR MIST
DPTR FM NORMAL: 0.5 DPTR FM NORMAL: -2.42 2 = FOG REDUCING VISIBILITY
HIGHEST: 74 ON 13 GRTST 24HR 0.05 ON 1- 1 TO 1/4 MILE OR LESS
LOWEST: 16 ON 21 3 = THUNDER
SNOW, ICE PELLETS, HAIL 4 = ICE PELLETS
TOTAL MONTH: M 5 = HAIL
GRTST 24HR M ON M 6 = FREEZING RAIN OR DRIZZLE
GRTST DEPTH: M ON M 7 = DUSTSTORM OR SANDSTORM:
VSBY 1/2 MILE OR LESS
8 = SMOKE OR HAZE
[NO. OF DAYS WITH] [WEATHER - DAYS WITH] 9 = BLOWING SNOW
X = TORNADO
MAX 32 OR BELOW: 0 0.01 INCH OR MORE: 1
MAX 90 OR ABOVE: 0 0.10 INCH OR MORE: 0
MIN 32 OR BELOW: 21 0.50 INCH OR MORE: 0
MIN 0 OR BELOW: 0 1.00 INCH OR MORE: 0
[HDD (BASE 65) ]
TOTAL THIS MO. 673 CLEAR (SCALE 0-3) 22
DPTR FM NORMAL -25 PTCLDY (SCALE 4-7) 6
TOTAL FM JUL 1 1295 CLOUDY (SCALE 8-10) 3
DPTR FM NORMAL -546
[CDD (BASE 65) ]
TOTAL THIS MO. 0
DPTR FM NORMAL 0 [PRESSURE DATA]
TOTAL FM JAN 1 0 HIGHEST SLP M ON M
DPTR FM NORMAL 0 LOWEST SLP M ON M
[REMARKS]
#FINAL-01-22#