000
CXUS54 KJAN 011003
CLMHBG
CLIMATE REPORT
NATIONAL WEATHER SERVICE JACKSON MS
503 AM CDT SAT JUL 01 2023
...................................
...THE HATTIESBURG CLIMATE SUMMARY FOR THE MONTH OF JUNE 2023...
CLIMATE NORMAL PERIOD: 1991 TO 2020
CLIMATE RECORD PERIOD: 1893 TO 2023
WEATHER OBSERVED NORMAL DEPART LAST YEAR`S
VALUE DATE(S) VALUE FROM VALUE DATE(S)
NORMAL
................................................................
TEMPERATURE (F)
RECORD
HIGH 106 06/14/1963
LOW 49 06/02/1972
06/03/1956
HIGHEST 98 06/29 MM MM 102 06/25
06/30
LOWEST 65 06/04 MM MM 64 06/05
06/06
06/02
AVG. MAXIMUM 92.1 89.8 2.3 94.2
AVG. MINIMUM 70.1 69.5 0.6 72.2
MEAN 81.1 79.7 1.4 83.2
DAYS MAX >= 90 24 20.6 3.4 28
DAYS MAX <= 32 0 0.0 0.0 0
DAYS MIN <= 32 0 0.0 0.0 0
DAYS MIN <= 0 0 0.0 0.0 0
PRECIPITATION (INCHES)
RECORD
MAXIMUM 14.02 2003
MINIMUM 0.53 2009
TOTALS 4.16 5.85 -1.69 2.34
DAILY AVG. 0.14 0.20 -0.06 0.08
DAYS >= .01 15 10.9 4.1 8
DAYS >= .10 9 7.5 1.5 2
DAYS >= .50 2 3.5 -1.5 2
DAYS >= 1.00 1 1.2 -0.2 1
GREATEST
24 HR. TOTAL 1.87 06/16 TO 06/16 1.32
SNOWFALL (INCHES)
TOTALS 0.0
SINCE 7/1 T
DAYS >= TRACE 0
DAYS >= 1.0 0
GREATEST
24 HR TOTAL MM
DEGREE DAYS
HEATING TOTAL 0 0 0 0
SINCE 7/1 1394 1919 -525 MM
COOLING TOTAL 490 439 51 552
SINCE 1/1 1152 877 275 MM
................................................................
WIND (MPH)
AVERAGE WIND SPEED 4.3
HIGHEST WIND SPEED/DIRECTION 41/310 DATE 06/14
HIGHEST GUST SPEED/DIRECTION 63/300 DATE 06/14
SKY COVER
POSSIBLE SUNSHINE (PERCENT) MM
AVERAGE SKY COVER 0.20
NUMBER OF DAYS FAIR 26
NUMBER OF DAYS PC 4
NUMBER OF DAYS CLOUDY 0
AVERAGE RH (PERCENT) 72
WEATHER CONDITIONS. NUMBER OF DAYS WITH
THUNDERSTORM 18 MIXED PRECIP 0
HEAVY RAIN 8 RAIN 8
LIGHT RAIN 15 FREEZING RAIN 0
LT FREEZING RAIN 0 HAIL 0
HEAVY SNOW 0 SNOW 0
LIGHT SNOW 0 SLEET 0
FOG 16 FOG W/VIS <= 1/4 MILE 1
HAZE 7
- INDICATES NEGATIVE NUMBERS.
R INDICATES RECORD WAS SET OR TIED.
MM INDICATES DATA IS MISSING.
T INDICATES TRACE AMOUNT.
$$