000
CXUS53 KGID 012328
CF6HDE
PRELIMINARY LOCAL CLIMATOLOGICAL DATA (WS FORM: F-6)
STATION: HOLDREGE NE
MONTH: JUNE
YEAR: 2022
LATITUDE: 40 27 N
LONGITUDE: 99 20 W
TEMPERATURE IN F: :PCPN: SNOW: WIND :SUNSHINE: SKY :PK WND
================================================================================
1 2 3 4 5 6A 6B 7 8 9 10 11 12 13 14 15 16 17 18
12Z AVG MX 2MIN
DY MAX MIN AVG DEP HDD CDD WTR SNW DPTH SPD SPD DIR MIN PSBL S-S WX SPD DR
================================================================================
1 68 49 59 M 6 0 T M M 7.5 14 20 M M 2 20 20
2 77 47 62 M 3 0 0.00 M M 5.9 10 260 M M 2 24 240
3 82 55 69 M 0 4 0.00 M M 11.7 22 170 M M 2 30 180
4 85 57 71 M 0 6 0.00 M M 11.5 17 180 M M 2 30 160
5 79 55 67 M 0 2 0.88 M M 10.5 22 140 M M 4 3 45 150
6 81 60 71 M 0 6 0.01 M M 6.3 17 10 M M 4 37 120
7 76 57 67 M 0 2 0.83 M M 10.1 18 80 M M 6 13 28 220
8 75 56 66 M 0 1 0.00 M M 10.6 22 350 M M 0 27 350
9 76 55 66 M 0 1 T M M 12.4 22 190 M M 4 3 29 190
10 84 56 70 M 0 5 0.00 M M 7.7 15 360 M M 1 18 360
11 93 60 77 M 0 12 0.00 M M 10.1 18 200 M M 0 23 210
12 94 69 82 M 0 17 T M M 11.4 17 140 M M 0 3 35 100
13 106 65 86 M 0 21 0.00 M M 18.3 33 180 M M 0 43 180
14 87 59 73 M 0 8 0.18 M M 14.2 28 170 M M 2 37 170
15 84 58 71 M 0 6 0.23 M M 10.8 16 30 M M 4 3 27 60
16 87 60 74 M 0 9 0.00 M M 10.8 17 70 M M 0 27 50
17 98 66 82 M 0 17 0.00 M M 11.9 17 150 M M 0 23 80
18 96 66 81 M 0 16 0.00 M M 15.3 25 160 M M 0 38 160
19 95 72 84 M 0 19 0.00 M M 20.3 31 160 M M 0 39 160
20 98 75 87 M 0 22 0.00 M M 19.5 28 190 M M 1 39 190
21 83 61 72 M 0 7 T M M 6.7 21 330 M M 3 32 330
22 87 61 74 M 0 9 T M M 6.2 13 180 M M 4 16 150
23 86 66 76 M 0 11 T M M 12.0 20 140 M M 4 1 27 150
24 88 67 78 M 0 13 0.14 M M 14.1 29 280 M M 2 3 47 40
25 80 57 69 M 0 4 0.00 M M 14.1 31 350 M M 2 40 350
26 76 53 65 M 0 0 0.00 M M 5.1 10 10 M M 2 16 340
27 80 53 67 M 0 2 0.00 M M 7.0 18 180 M M 4 25 180
28 91 53 72 M 0 7 0.00 M M 10.5 17 210 M M 0 23 210
29 94 59 77 M 0 12 0.00 M M 15.6 25 180 M M 0 33 180
30 93 69 81 M 0 16 0.00 M M 9.7 17 180 M M 0 24 190
================================================================================
SM 2579 1796 9 255 2.27 M 337.8 M 55
================================================================================
AV 86.0 59.9 11.3 FASTST M M 2 MAX(MPH)
MISC ----> 33 180 47 40
================================================================================
NOTES:
# LAST OF SEVERAL OCCURRENCES
COLUMN 17 PEAK WIND IN M.P.H.
PRELIMINARY LOCAL CLIMATOLOGICAL DATA (WS FORM: F-6) , PAGE 2
STATION: HOLDREGE NE
MONTH: JUNE
YEAR: 2022
LATITUDE: 40 27 N
LONGITUDE: 99 20 W
[TEMPERATURE DATA] [PRECIPITATION DATA] SYMBOLS USED IN COLUMN 16
AVERAGE MONTHLY: 72.9 TOTAL FOR MONTH: 2.27 1 = FOG OR MIST
DPTR FM NORMAL: M DPTR FM NORMAL: M 2 = FOG REDUCING VISIBILITY
HIGHEST: 106 ON 13 GRTST 24HR 0.88 ON 5- 5 TO 1/4 MILE OR LESS
LOWEST: 47 ON 2 3 = THUNDER
SNOW, ICE PELLETS, HAIL 4 = ICE PELLETS
TOTAL MONTH: M 5 = HAIL
GRTST 24HR M ON M 6 = FREEZING RAIN OR DRIZZLE
GRTST DEPTH: M ON M 7 = DUSTSTORM OR SANDSTORM:
VSBY 1/2 MILE OR LESS
8 = SMOKE OR HAZE
[NO. OF DAYS WITH] [WEATHER - DAYS WITH] 9 = BLOWING SNOW
X = TORNADO
MAX 32 OR BELOW: 0 0.01 INCH OR MORE: 6
MAX 90 OR ABOVE: 10 0.10 INCH OR MORE: 5
MIN 32 OR BELOW: 0 0.50 INCH OR MORE: 2
MIN 0 OR BELOW: 0 1.00 INCH OR MORE: 0
[HDD (BASE 65) ]
TOTAL THIS MO. 9 CLEAR (SCALE 0-3) 22
DPTR FM NORMAL M PTCLDY (SCALE 4-7) 8
TOTAL FM JUL 1 4433 CLOUDY (SCALE 8-10) 0
DPTR FM NORMAL M
[CDD (BASE 65) ]
TOTAL THIS MO. 255
DPTR FM NORMAL M [PRESSURE DATA]
TOTAL FM JAN 1 350 HIGHEST SLP M ON M
DPTR FM NORMAL M LOWEST SLP M ON M
[REMARKS]
#FINAL-06-22#