000
CXUS54 KEWX 011010
CF6HDO
PRELIMINARY LOCAL CLIMATOLOGICAL DATA (WS FORM: F-6)
STATION: HONDO
MONTH: AUGUST
YEAR: 2023
LATITUDE: 29 21 N
LONGITUDE: 99 10 W
TEMPERATURE IN F: :PCPN: SNOW: WIND :SUNSHINE: SKY :PK WND
================================================================================
1 2 3 4 5 6A 6B 7 8 9 10 11 12 13 14 15 16 17 18
12Z AVG MX 2MIN
DY MAX MIN AVG DEP HDD CDD WTR SNW DPTH SPD SPD DIR MIN PSBL S-S WX SPD DR
================================================================================
1 103 73 88 2 0 23 0.00 M M 8.1 18 140 M M 2 18 29 140
2 102 73 88 2 0 23 0.00 M M 9.4 21 150 M M 0 29 150
3 102 75 89 3 0 24 0.00 M M 10.2 22 150 M M 2 30 140
4 105 76 91 5 0 26 0.00 M M 10.1 23 150 M M 0 32 140
5 105 73 89 3 0 24 0.00 M M 9.8 22 150 M M 0 28 150
6 106 75 91 5 0 26 0.00 M M 10.3 24 150 M M 1 34 150
7 106 74 90 4 0 25 0.00 M M 10.1 28 150 M M 0 34 140
8 105 75 90 4 0 25 0.00 M M 10.1 26 150 M M 1 34 140
9 107 76 92 6 0 27 0.00 M M 11.6 26 140 M M 2 36 150
10 106 77 92 6 0 27 0.00 M M 10.9 24 140 M M 1 32 140
11 106 79 93 8 0 28 0.00 M M 11.4 25 150 M M 3 33 150
12 105 78 92 7 0 27 0.00 M M 11.4 26 140 M M 2 34 140
13 104 78 91 6 0 26 0.00 M M 12.3 24 150 M M 2 34 160
14 104 74 89 4 0 24 0.00 M M 7.9 18 170 M M 2 8 25 160
15 105 74 90 5 0 25 0.00 M M 6.3 17 120 M M 0 8 21 110
16 105 78 92 7 0 27 0.00 M M 8.1 16 180 M M 0 22 170
17 107 73 90 5 0 25 0.00 M M 6.0 16 130 M M 0 28 130
18 105 69 87 2 0 22 T M M 8.8 21 140 M M 0 29 140
19 103 74 89 4 0 24 0.00 M M 9.5 22 150 M M 0 30 160
20 103 73 88 3 0 23 0.00 M M 6.3 18 140 M M 2 27 140
21 106 75 91 7 0 26 0.00 M M 7.6 24 120 M M 1 33 120
22 91 75 83 -1 0 18 0.64 M M 11.7 35 160 M M 4 13 45 160
23 95 76 86 2 0 21 0.23 M M 8.6 37 180 M M 5 13 49 180
24 97 71 84 0 0 19 0.00 M M 5.3 13 180 M M 2 17 160
25 102 74 88 4 0 23 0.00 M M 5.2 17 180 M M 1 27 140
26 103 74 89 5 0 24 0.00 M M 4.6 16 160 M M 0 22 150
27 105 73 89 5 0 24 0.00 M M 5.6 20 30 M M 0 28 40
28 103 74 89 6 0 24 1.21 M M 8.4 35 330 M M 1 13 46 330
29 99 72 86 3 0 21 0.00 M M 9.0 18 50 M M 1 30 360
30 101 70 86 3 0 21 0.00 M M 6.8 23 310 M M 1 31 310
31 102 70 86 3 0 21 0.00 M M 5.6 13 160 M M 0 18 160
================================================================================
SM 3198 2301 0 743 2.08 M 267.0 M 36
================================================================================
AV103.2 74.2 8.6 FASTST M M 1 MAX(MPH)
MISC ----> 37 180 49 180
================================================================================
NOTES:
# LAST OF SEVERAL OCCURRENCES
COLUMN 17 PEAK WIND IN M.P.H.
PRELIMINARY LOCAL CLIMATOLOGICAL DATA (WS FORM: F-6) , PAGE 2
STATION: HONDO
MONTH: AUGUST
YEAR: 2023
LATITUDE: 29 21 N
LONGITUDE: 99 10 W
[TEMPERATURE DATA] [PRECIPITATION DATA] SYMBOLS USED IN COLUMN 16
AVERAGE MONTHLY: 88.7 TOTAL FOR MONTH: 2.08 1 = FOG OR MIST
DPTR FM NORMAL: 3.9 DPTR FM NORMAL: 0.15 2 = FOG REDUCING VISIBILITY
HIGHEST: 107 ON 17, 9 GRTST 24HR 1.21 ON 28-28 TO 1/4 MILE OR LESS
LOWEST: 69 ON 18 3 = THUNDER
SNOW, ICE PELLETS, HAIL 4 = ICE PELLETS
TOTAL MONTH: M 5 = HAIL
GRTST 24HR M ON M 6 = FREEZING RAIN OR DRIZZLE
GRTST DEPTH: M ON M 7 = DUSTSTORM OR SANDSTORM:
VSBY 1/2 MILE OR LESS
8 = SMOKE OR HAZE
[NO. OF DAYS WITH] [WEATHER - DAYS WITH] 9 = BLOWING SNOW
X = TORNADO
MAX 32 OR BELOW: 0 0.01 INCH OR MORE: 3
MAX 90 OR ABOVE: 31 0.10 INCH OR MORE: 3
MIN 32 OR BELOW: 0 0.50 INCH OR MORE: 2
MIN 0 OR BELOW: 0 1.00 INCH OR MORE: 1
[HDD (BASE 65) ]
TOTAL THIS MO. 0 CLEAR (SCALE 0-3) 29
DPTR FM NORMAL 0 PTCLDY (SCALE 4-7) 2
TOTAL FM JUL 1 0 CLOUDY (SCALE 8-10) 0
DPTR FM NORMAL 0
[CDD (BASE 65) ]
TOTAL THIS MO. 743
DPTR FM NORMAL 131 [PRESSURE DATA]
TOTAL FM JAN 1 2850 HIGHEST SLP 30.08 ON 15
DPTR FM NORMAL 436 LOWEST SLP 29.68 ON 9
[REMARKS]
#FINAL-08-23#