000
CXUS53 KBIS 010830
CF6HEI
PRELIMINARY LOCAL CLIMATOLOGICAL DATA (WS FORM: F-6)
STATION: HETTINGER ND
MONTH: JUNE
YEAR: 2023
LATITUDE: 46 0 N
LONGITUDE: 102 39 W
TEMPERATURE IN F: :PCPN: SNOW: WIND :SUNSHINE: SKY :PK WND
================================================================================
1 2 3 4 5 6A 6B 7 8 9 10 11 12 13 14 15 16 17 18
12Z AVG MX 2MIN
DY MAX MIN AVG DEP HDD CDD WTR SNW DPTH SPD SPD DIR MIN PSBL S-S WX SPD DR
================================================================================
1 87 59 73 15 0 8 0.69 M M 8.9 30 100 M M 2 13 46 100
2 82 59 71 13 0 6 0.00 M M 12.5 25 120 M M 2 36 120
3 83 60 72 14 0 7 0.00 M M 10.1 20 140 M M 1 29 160
4 85 57 71 12 0 6 T M M 3.8 21 150 M M 1 3 29 150
5 87 56 72 13 0 7 0.00 M M 5.9 15 140 M M 0 1 19 140
6 88 56 72 13 0 7 0.00 M M 4.9 16 180 M M 0 23 180
7 91 52 72 12 0 7 0.00 M M 4.6 13 190 M M 0 18 160
8 92 53 73 13 0 8 T M M 6.3 17 80 M M 1 3 24 80
9 80 65 73 13 0 8 0.04 M M 8.0 20 140 M M 5 13 31 140
10 73 45 59 -2 6 0 0.00 M M 13.0 23 60 M M 5 13 32 60
11 74 39 57 -4 8 0 0.00 M M 5.8 14 110 M M 0 18 20 110
12 80 42 61 0 4 0 0.00 M M 3.9 14 150 M M 0 19 150
13 82 41 62 1 3 0 0.00 M M 3.3 12 10 M M 0 15 340
14 87 47 67 5 0 2 T M M 7.2 20 270 M M 1 13 29 270
15 68 55 62 0 3 0 0.52 M M 12.0 23 340 M M 9 13 32 340
16 67 44 56 -6 9 0 0.01 M M 7.5 18 340 M M 6 1 25 330
17 78 41 60 -3 5 0 T M M 4.1 18 230 M M 1 12 24 230
18 89 48 69 6 0 4 0.00 M M 9.0 23 150 M M 0 33 140
19 86 61 74 11 0 9 0.00 M M 9.7 20 70 M M 0 28 80
20 79 59 69 6 0 4 0.00 M M 11.1 20 320 M M 2 29 340
21 69 56 63 -1 2 0 0.49 M M 10.2 20 330 M M 8 13 29 330
22 70 54 62 -2 3 0 0.06 M M 10.0 18 10 M M 9 13 27 360
23 68 56 62 -2 3 0 2.09 M M 13.0 24 60 M M 10 13 33 60
24 66 55 61 -4 4 0 0.88 M M 14.6 36 70 M M 6 13 46 70
25 78 51 65 0 0 0 0.00 M M 6.9 15 330 M M 1 21 310
26 81 48 65 0 0 0 0.30 M M 7.2 23 120 M M 2 13 30 110
27 79 55 67 2 0 2 0.26 M M 6.4 17 350 M M 3 13 24 320
28 82 53 68 2 0 3 0.00 M M 6.5 14 310 M M 2 3 18 330
29 85 57 71 5 0 6 0.00 M M 5.4 12 340 M M 0 16 320
30 84 56 70 4 0 5 0.04 M M 4.6 15 170 M M 2 13 21 120
================================================================================
SM 2400 1580 50 99 5.38 M 236.4 M 79
================================================================================
AV 80.0 52.7 7.9 FASTST M M 3 MAX(MPH)
MISC ----> 36 70 # 46 100
================================================================================
NOTES:
# LAST OF SEVERAL OCCURRENCES
COLUMN 17 PEAK WIND IN M.P.H.
PRELIMINARY LOCAL CLIMATOLOGICAL DATA (WS FORM: F-6) , PAGE 2
STATION: HETTINGER ND
MONTH: JUNE
YEAR: 2023
LATITUDE: 46 0 N
LONGITUDE: 102 39 W
[TEMPERATURE DATA] [PRECIPITATION DATA] SYMBOLS USED IN COLUMN 16
AVERAGE MONTHLY: 66.3 TOTAL FOR MONTH: 5.38 1 = FOG OR MIST
DPTR FM NORMAL: 4.2 DPTR FM NORMAL: 2.62 2 = FOG REDUCING VISIBILITY
HIGHEST: 92 ON 8 GRTST 24HR 2.09 ON 23-23 TO 1/4 MILE OR LESS
LOWEST: 39 ON 11 3 = THUNDER
SNOW, ICE PELLETS, HAIL 4 = ICE PELLETS
TOTAL MONTH: M 5 = HAIL
GRTST 24HR M ON M 6 = FREEZING RAIN OR DRIZZLE
GRTST DEPTH: M ON M 7 = DUSTSTORM OR SANDSTORM:
VSBY 1/2 MILE OR LESS
8 = SMOKE OR HAZE
[NO. OF DAYS WITH] [WEATHER - DAYS WITH] 9 = BLOWING SNOW
X = TORNADO
MAX 32 OR BELOW: 0 0.01 INCH OR MORE: 11
MAX 90 OR ABOVE: 2 0.10 INCH OR MORE: 7
MIN 32 OR BELOW: 0 0.50 INCH OR MORE: 4
MIN 0 OR BELOW: 0 1.00 INCH OR MORE: 1
[HDD (BASE 65) ]
TOTAL THIS MO. 50 CLEAR (SCALE 0-3) 22
DPTR FM NORMAL -85 PTCLDY (SCALE 4-7) 4
TOTAL FM JUL 1 8578 CLOUDY (SCALE 8-10) 4
DPTR FM NORMAL -24
[CDD (BASE 65) ]
TOTAL THIS MO. 99
DPTR FM NORMAL 51 [PRESSURE DATA]
TOTAL FM JAN 1 132 HIGHEST SLP M ON M
DPTR FM NORMAL 78 LOWEST SLP 29.47 ON 18
[REMARKS]
#FINAL-06-23#