000
CXUS51 KLWX 020312
CF6HGR
PRELIMINARY LOCAL CLIMATOLOGICAL DATA (WS FORM: F-6)
STATION: HAGERSTOWN MD
MONTH: JUNE
YEAR: 2021
LATITUDE: 39 42 N
LONGITUDE: 77 43 W
TEMPERATURE IN F: :PCPN: SNOW: WIND :SUNSHINE: SKY :PK WND
================================================================================
1 2 3 4 5 6A 6B 7 8 9 10 11 12 13 14 15 16 17 18
12Z AVG MX 2MIN
DY MAX MIN AVG DEP HDD CDD WTR SNW DPTH SPD SPD DIR MIN PSBL S-S WX SPD DR
================================================================================
1 77 52 65 -4 0 0 0.00 M M 5.1 10 160 M M 1 15 170
2 79 65 72 3 0 7 0.00 M M 9.3 22 150 M M 4 27 150
3 76 66 71 1 0 6 0.08 M M 6.2 17 310 M M 7 1 22 320
4 84 64 74 4 0 9 0.00 M M 5.3 18 300 M M 2 12 23 310
5 91 65 78 8 0 13 0.00 M M 7.5 17 300 M M 1 20 200
6 92 69 81 11 0 16 0.00 M M 4.2 13 220 M M 2 18 240
7 91 73 82 11 0 17 T M M 5.4 14 190 M M 2 17 190
8 90 74 82 11 0 17 0.00 M M 4.9 12 290 M M 3 3 17 230
9 86 72 79 8 0 14 T M M 5.4 13 310 M M 4 3 15 270
10 84 67 76 4 0 11 0.66 M M 4.9 15 20 M M 6 1238 27 250
11 68 61 65 -7 0 0 1.05 M M 7.7 12 360 M M 10 1 15 10
12 75 60 68 -4 0 3 0.00 M M 4.8 12 350 M M 8 1 14 360
13 76 63 70 -3 0 5 0.10 M M 6.0 13 180 M M 5 13 16 150
14 86 66 76 3 0 11 0.05 M M 5.8 24 340 M M 4 30 340
15 79 62 71 -2 0 6 0.00 M M 8.4 21 310 M M 4 25 310
16 78 56 67 -7 0 2 0.00 M M 8.0 20 310 M M 0 22 310
17 80 53 67 -7 0 2 0.00 M M 4.9 15 280 M M 0 19 310
18 84 56 70 -4 0 5 0.00 M M 7.1 18 170 M M 1 24 160
19 84 70 77 3 0 12 T M M 6.4 18 280 M M 3 22 270
20 90 65 78 4 0 13 0.02 M M 6.7 17 170 M M 1 1 23 160
21 94 70 82 7 0 17 0.66 M M 7.2 37 260 M M 3 138 53 260
22 72 55 64 -11 1 0 0.61 M M 8.1 23 300 M M 6 1 30 290
23 76 50 63 -12 2 0 0.00 M M 4.1 10 300 M M 1 15 320
24 79 56 68 -8 0 3 0.00 M M 6.5 16 170 M M 0 22 160
25 81 59 70 -6 0 5 0.00 M M 8.7 18 170 M M 0 25 150
26 86 71 79 3 0 14 0.00 M M 9.1 18 170 M M 5 22 140
27 90 72 81 5 0 16 0.00 M M 8.2 16 190 M M 1 22 200
28 95 75 85 9 0 20 0.00 M M 7.0 15 190 M M 2 18 190
29 95 76 86 10 0 21 0.00 M M 7.3 16 190 M M 1 23 200
30 96 73 85 8 0 20 T M M 6.3 26 300 M M 2 3 33 310
================================================================================
SM 2514 1936 3 285 3.23 M 196.5 M 89
================================================================================
AV 83.8 64.5 6.6 FASTST M M 3 MAX(MPH)
MISC ----> 37 260 53 260
================================================================================
NOTES:
# LAST OF SEVERAL OCCURRENCES
COLUMN 17 PEAK WIND IN M.P.H.
PRELIMINARY LOCAL CLIMATOLOGICAL DATA (WS FORM: F-6) , PAGE 2
STATION: HAGERSTOWN MD
MONTH: JUNE
YEAR: 2021
LATITUDE: 39 42 N
LONGITUDE: 77 43 W
[TEMPERATURE DATA] [PRECIPITATION DATA] SYMBOLS USED IN COLUMN 16
AVERAGE MONTHLY: 74.2 TOTAL FOR MONTH: 3.23 1 = FOG OR MIST
DPTR FM NORMAL: 1.1 DPTR FM NORMAL: -0.13 2 = FOG REDUCING VISIBILITY
HIGHEST: 96 ON 30 GRTST 24HR 1.27 ON 21-22 TO 1/4 MILE OR LESS
LOWEST: 50 ON 23 3 = THUNDER
SNOW, ICE PELLETS, HAIL 4 = ICE PELLETS
TOTAL MONTH: M 5 = HAIL
GRTST 24HR M ON M 6 = FREEZING RAIN OR DRIZZLE
GRTST DEPTH: M ON M 7 = DUSTSTORM OR SANDSTORM:
VSBY 1/2 MILE OR LESS
8 = SMOKE OR HAZE
[NO. OF DAYS WITH] [WEATHER - DAYS WITH] 9 = BLOWING SNOW
X = TORNADO
MAX 32 OR BELOW: 0 0.01 INCH OR MORE: 8
MAX 90 OR ABOVE: 10 0.10 INCH OR MORE: 5
MIN 32 OR BELOW: 0 0.50 INCH OR MORE: 4
MIN 0 OR BELOW: 0 1.00 INCH OR MORE: 1
[HDD (BASE 65) ]
TOTAL THIS MO. 3 CLEAR (SCALE 0-3) 19
DPTR FM NORMAL -7 PTCLDY (SCALE 4-7) 10
TOTAL FM JUL 1 4460 CLOUDY (SCALE 8-10) 1
DPTR FM NORMAL -252
[CDD (BASE 65) ]
TOTAL THIS MO. 285
DPTR FM NORMAL 30 [PRESSURE DATA]
TOTAL FM JAN 1 396 HIGHEST SLP 30.39 ON 24
DPTR FM NORMAL 27 LOWEST SLP 29.60 ON 21
[REMARKS]
#FINAL-06-21#