328
CXUS51 KLWX 011915
CF6HGR
PRELIMINARY LOCAL CLIMATOLOGICAL DATA (WS FORM: F-6)
STATION: HAGERSTOWN MD
MONTH: NOVEMBER
YEAR: 2020
LATITUDE: 39 42 N
LONGITUDE: 77 43 W
TEMPERATURE IN F: :PCPN: SNOW: WIND :SUNSHINE: SKY :PK WND
================================================================================
1 2 3 4 5 6A 6B 7 8 9 10 11 12 13 14 15 16 17 18
12Z AVG MX 2MIN
DY MAX MIN AVG DEP HDD CDD WTR SNW DPTH SPD SPD DIR MIN PSBL S-S WX SPD DR
================================================================================
1 58 37 48 -2 17 0 0.03 M M 14.6 35 290 M M 5 1 44 300
2 46 37 42 -8 23 0 T M M 18.3 35 300 M M 5 43 300
3 61 42 52 3 13 0 0.00 M M 9.4 21 280 M M 0 27 250
4 69 38 54 5 11 0 0.00 M M 5.9 15 170 M M 0 19 170
5 69 44 57 8 8 0 0.00 M M 4.5 10 170 M M 0 13 160
6 72 45 59 11 6 0 0.00 M M 2.4 8 210 M M 0 12 250
7 73 43 58 10 7 0 0.00 M M 2.7 7 70 M M 0 9 200
8 73 45 59 11 6 0 0.00 M M 1.9 7 60 M M 0 8 250
9 74 47 61 14 4 0 0.00 M M 3.9 10 170 M M 0 18 14 170
10 76 53 65 18 0 0 0.00 M M 7.6 18 170 M M 1 1 22 180
11 68 61 65 18 0 0 1.18 M M 6.7 16 170 M M 7 12 21 170
12 65 41 53 7 12 0 0.11 M M 7.5 18 340 M M 8 12 26 340
13 60 40 50 4 15 0 0.00 M M 4.7 16 290 M M 4 20 270
14 54 38 46 0 19 0 0.00 M M 3.8 10 280 M M 1 13 280
15 63 38 51 6 14 0 0.32 M M 16.9 36 280 M M 8 1 46 250
16 57 44 51 6 14 0 0.00 M M 13.7 26 290 M M 2 34 310
17 50 34 42 -2 23 0 T M M 15.0 31 310 M M 4 41 300
18 41 28 35 -9 30 0 0.00 M M 8.8 22 320 M M 5 29 320
19 51 26 39 -5 26 0 0.00 M M 8.1 16 160 M M 0 20 160
20 69 36 53 10 12 0 0.00 M M 6.6 14 160 M M 1 19 190
21 62 48 55 12 10 0 0.00 M M 3.5 13 10 M M 7 16 20
22 54 47 51 9 14 0 0.00 M M 4.6 12 180 M M 10 15 40
23 54 39 47 5 18 0 0.19 M M 14.0 29 310 M M 8 18 35 320
24 48 34 41 -1 24 0 0.00 M M 4.6 14 150 M M 3 20 150
25 55 40 48 7 17 0 0.04 M M 11.4 20 160 M M 3 1 26 170
26 63 46 55 14 10 0 0.05 M M 7.9 24 280 M M 6 1 28 290
27 59 48 54 14 11 0 0.00 M M 1.9 8 40 M M 9 11 30
28 55 36 46 6 19 0 0.00 M M 5.7 21 280 M M 3 25 280
29 56 32 44 4 21 0 0.00 M M 5.6 13 180 M M 0 15 180
30 52 44 48 9 17 0 1.17 M M 7.5 16 270 M M 9 1 22 250
================================================================================
SM 1807 1231 421 0 3.09 M 229.7 M 109
================================================================================
AV 60.2 41.0 7.7 FASTST M M 4 MAX(MPH)
MISC ----> 36 280 46 250
================================================================================
NOTES:
# LAST OF SEVERAL OCCURRENCES
COLUMN 17 PEAK WIND IN M.P.H.
PRELIMINARY LOCAL CLIMATOLOGICAL DATA (WS FORM: F-6) , PAGE 2
STATION: HAGERSTOWN MD
MONTH: NOVEMBER
YEAR: 2020
LATITUDE: 39 42 N
LONGITUDE: 77 43 W
[TEMPERATURE DATA] [PRECIPITATION DATA] SYMBOLS USED IN COLUMN 16
AVERAGE MONTHLY: 50.6 TOTAL FOR MONTH: 3.09 1 = FOG OR MIST
DPTR FM NORMAL: 5.7 DPTR FM NORMAL: -0.13 2 = FOG REDUCING VISIBILITY
HIGHEST: 76 ON 10 GRTST 24HR 1.18 ON 11-11 TO 1/4 MILE OR LESS
LOWEST: 26 ON 19 3 = THUNDER
SNOW, ICE PELLETS, HAIL 4 = ICE PELLETS
TOTAL MONTH: M 5 = HAIL
GRTST 24HR M ON M 6 = FREEZING RAIN OR DRIZZLE
GRTST DEPTH: M ON M 7 = DUSTSTORM OR SANDSTORM:
VSBY 1/2 MILE OR LESS
8 = SMOKE OR HAZE
[NO. OF DAYS WITH] [WEATHER - DAYS WITH] 9 = BLOWING SNOW
X = TORNADO
MAX 32 OR BELOW: 0 0.01 INCH OR MORE: 8
MAX 90 OR ABOVE: 0 0.10 INCH OR MORE: 5
MIN 32 OR BELOW: 3 0.50 INCH OR MORE: 2
MIN 0 OR BELOW: 0 1.00 INCH OR MORE: 2
[HDD (BASE 65) ]
TOTAL THIS MO. 421 CLEAR (SCALE 0-3) 14
DPTR FM NORMAL -182 PTCLDY (SCALE 4-7) 13
TOTAL FM JUL 1 712 CLOUDY (SCALE 8-10) 3
DPTR FM NORMAL -293
[CDD (BASE 65) ]
TOTAL THIS MO. 0
DPTR FM NORMAL 0 [PRESSURE DATA]
TOTAL FM JAN 1 1381 HIGHEST SLP 30.62 ON 19
DPTR FM NORMAL 412 LOWEST SLP 29.35 ON 30
[REMARKS]
#FINAL-11-20#