000
CXUS56 KLOX 011155
CF6HHR
PRELIMINARY LOCAL CLIMATOLOGICAL DATA (WS FORM: F-6)
STATION: HAWTHORNE AIRPORT CA
MONTH: AUGUST
YEAR: 2022
LATITUDE: 33 55 N
LONGITUDE: 118 20 W
TEMPERATURE IN F: :PCPN: SNOW: WIND :SUNSHINE: SKY :PK WND
================================================================================
1 2 3 4 5 6A 6B 7 8 9 10 11 12 13 14 15 16 17 18
12Z AVG MX 2MIN
DY MAX MIN AVG DEP HDD CDD WTR SNW DPTH SPD SPD DIR MIN PSBL S-S WX SPD DR
================================================================================
1 80 70 75 3 0 10 0.00 M M 7.7 16 250 M M 2 20 280
2 79 68 74 2 0 9 0.00 M M 7.3 17 260 M M 1 23 260
3 78 68 73 1 0 8 0.00 M M 6.6 15 260 M M 0 8 22 260
4 78 68 73 1 0 8 0.00 M M 5.8 14 260 M M 0 17 260
5 81 67 74 2 0 9 0.00 M M 6.9 18 270 M M 0 8 25 260
6 80 66 73 1 0 8 0.00 M M 6.5 21 260 M M 0 26 270
7 85 66 76 4 0 11 0.00 M M 5.3 17 270 M M 0 22 260
8 87 70 79 7 0 14 0.00 M M 4.5 13 260 M M 0 18 270
9 89 73 81 9 0 16 0.00 M M 5.2 15 270 M M 0 20 270
10 88 71 80 8 0 15 0.00 M M 5.8 16 270 M M 0 8 22 250
11 83 70 77 5 0 12 0.00 M M 6.4 17 260 M M 0 23 270
12 82 68 75 3 0 10 0.00 M M 5.4 16 270 M M 0 8 21 270
13 85 69 77 5 0 12 0.00 M M 4.2 14 260 M M 0 8 19 260
14 84 70 77 5 0 12 0.00 M M 5.1 15 270 M M 0 21 260
15 80 68 74 2 0 9 0.00 M M 5.1 14 260 M M 0 19 270
16 81 68 75 3 0 10 0.00 M M 4.8 13 260 M M 0 8 19 270
17 80 67 74 2 0 9 0.00 M M 6.2 14 270 M M 0 8 19 260
18 74 64 69 -3 0 4 0.00 M M 6.0 16 250 M M 2 18 22 270
19 79 65 72 0 0 7 0.00 M M 4.5 14 260 M M 0 8 20 270
20 83 70 77 5 0 12 0.00 M M 6.0 13 260 M M 4 19 260
21 80 69 75 3 0 10 0.00 M M 6.7 14 270 M M 7 21 250
22 76 66 71 -1 0 6 0.00 M M 5.2 14 270 M M 8 8 21 260
23 80 66 73 1 0 8 0.00 M M 4.5 14 250 M M 4 18 21 250
24 84 70 77 5 0 12 0.00 M M 4.1 12 260 M M 3 8 18 260
25 84 69 77 5 0 12 0.00 M M 5.4 14 260 M M 2 20 260
26 80 68 74 2 0 9 0.00 M M 5.1 15 260 M M 4 18 22 260
27 79 69 74 2 0 9 0.00 M M 5.9 16 260 M M 5 8 24 260
28 78 68 73 1 0 8 0.00 M M 6.6 15 260 M M 4 22 280
29 77 67 72 0 0 7 0.00 M M 6.3 16 260 M M 3 22 250
30 81 67 74 2 0 9 0.00 M M 5.6 22 260 M M 0 8 28 260
31 87 70 79 7 0 14 0.00 M M 4.7 20 260 M M 0 8 26 260
================================================================================
SM 2522 2115 0 309 0.00 M 175.4 M 49
================================================================================
AV 81.4 68.2 5.7 FASTST M M 2 MAX(MPH)
MISC ----> 22 260 28 260
================================================================================
NOTES:
# LAST OF SEVERAL OCCURRENCES
COLUMN 17 PEAK WIND IN M.P.H.
PRELIMINARY LOCAL CLIMATOLOGICAL DATA (WS FORM: F-6) , PAGE 2
STATION: HAWTHORNE AIRPORT CA
MONTH: AUGUST
YEAR: 2022
LATITUDE: 33 55 N
LONGITUDE: 118 20 W
[TEMPERATURE DATA] [PRECIPITATION DATA] SYMBOLS USED IN COLUMN 16
AVERAGE MONTHLY: 74.8 TOTAL FOR MONTH: 0.00 1 = FOG OR MIST
DPTR FM NORMAL: 2.8 DPTR FM NORMAL: 0.00 2 = FOG REDUCING VISIBILITY
HIGHEST: 89 ON 9 GRTST 24HR 0.00 ON 3- 3 TO 1/4 MILE OR LESS
LOWEST: 64 ON 18 3 = THUNDER
SNOW, ICE PELLETS, HAIL 4 = ICE PELLETS
TOTAL MONTH: M 5 = HAIL
GRTST 24HR M ON M 6 = FREEZING RAIN OR DRIZZLE
GRTST DEPTH: M ON M 7 = DUSTSTORM OR SANDSTORM:
VSBY 1/2 MILE OR LESS
8 = SMOKE OR HAZE
[NO. OF DAYS WITH] [WEATHER - DAYS WITH] 9 = BLOWING SNOW
X = TORNADO
MAX 32 OR BELOW: 0 0.01 INCH OR MORE: 0
MAX 90 OR ABOVE: 0 0.10 INCH OR MORE: 0
MIN 32 OR BELOW: 0 0.50 INCH OR MORE: 0
MIN 0 OR BELOW: 0 1.00 INCH OR MORE: 0
[HDD (BASE 65) ]
TOTAL THIS MO. 0 CLEAR (SCALE 0-3) 24
DPTR FM NORMAL 0 PTCLDY (SCALE 4-7) 6
TOTAL FM JUL 1 0 CLOUDY (SCALE 8-10) 1
DPTR FM NORMAL -1
[CDD (BASE 65) ]
TOTAL THIS MO. 309
DPTR FM NORMAL 92 [PRESSURE DATA]
TOTAL FM JAN 1 853 HIGHEST SLP 30.06 ON 21
DPTR FM NORMAL 283 LOWEST SLP 29.72 ON 31
[REMARKS]
#FINAL-08-22#