000
CXUS56 KPQR 011610
CF6HIO
PRELIMINARY LOCAL CLIMATOLOGICAL DATA (WS FORM: F-6)
STATION: HILLSBORO OR
MONTH: DECEMBER
YEAR: 2023
LATITUDE: 45 32 N
LONGITUDE: 122 57 W
TEMPERATURE IN F: :PCPN: SNOW: WIND :SUNSHINE: SKY :PK WND
================================================================================
1 2 3 4 5 6A 6B 7 8 9 10 11 12 13 14 15 16 17 18
12Z AVG MX 2MIN
DY MAX MIN AVG DEP HDD CDD WTR SNW DPTH SPD SPD DIR MIN PSBL S-S WX SPD DR
================================================================================
1 52 37 45 4 20 0 0.54 M M 6.5 16 190 M M 9 1 20 170
2 50 43 47 6 18 0 0.71 M M 7.1 22 170 M M 9 1 30 190
3 57 45 51 10 14 0 0.65 M M 2.2 9 190 M M 10 1 16 210
4 63 54 59 18 6 0 0.08 M M 12.2 21 180 M M 10 1 29 180
5 61 57 59 18 6 0 0.90 M M 8.9 16 180 M M 10 1 22 170
6 57 44 51 11 14 0 1.38 M M 6.1 16 170 M M 10 1 20 160
7 48 36 42 2 23 0 0.15 M M 7.1 20 170 M M 7 18 25 180
8 46 32 39 -1 26 0 0.03 M M 1.2 6 360 M M 7 12 7 10
9 45 31 38 -2 27 0 0.56 M M 3.5 12 170 M M 10 12 15 170
10 51 45 48 8 17 0 0.74 M M 5.0 15 170 M M 10 1 19 170
11 54 37 46 6 19 0 0.00 M M 2.3 8 90 M M 10 12 10 60
12 53 33 43 3 22 0 0.00 M M 8.3 18 80 M M 2 12 23 80
13 54 37 46 6 19 0 0.00 M M 3.6 16 110 M M 0 23 80
14 48 38 43 3 22 0 0.04 M M 2.3 7 280 M M 9 12 8 260
15 53 31 42 3 23 0 0.00 M M 3.6 13 110 M M 2 12 15 70
16 49 27 38 -1 27 0 0.00 M M 0.8 6 330 M M 1 12 6 330
17 50 26 38 -1 27 0 0.00 M M 2.3 15 360 M M 2 12 18 150
18 48 37 43 4 22 0 0.03 M M 3.1 8 80 M M 8 1 11 80
19 51 38 45 6 20 0 0.45 M M 2.4 9 30 M M 9 12 12 90
20 50 35 43 4 22 0 0.00 M M 0.9 7 300 M M 8 12 8 300
21 41 35 38 -1 27 0 0.00 M M 1.1 6 150 M M 10 12 6 160
22 49 30 40 1 25 0 0.17 M M 3.5 15 310 M M 8 12 19 300
23 39 29 34 -5 31 0 0.00 M M 2.9 8 90 M M 9 12 11 100
24 40 30 35 -4 30 0 0.01 M M 1.6 9 150 M M 7 12 10 160
25 43 39 41 2 24 0 0.69 M M 2.6 18 280 M M 10 1 22 270
26 48 37 43 4 22 0 T M M 4.9 18 90 M M 7 12 25 90
27 50 40 45 6 20 0 0.32 M M 5.9 18 80 M M 8 1 26 90
28 50 41 46 7 19 0 0.04 M M 2.2 8 110 M M 8 1 10 110
29 55 43 49 10 16 0 0.14 M M 6.2 17 90 M M 7 1 24 100
30 52 41 47 8 18 0 0.05 M M 1.3 7 240 M M 9 12 8 230
31 44 40 42 2 23 0 0.00 M M 1.8 6 270 M M 10 12 8 40
================================================================================
SM 1551 1168 649 0 7.68 M 123.4 M 236
================================================================================
AV 50.0 37.7 4.0 FASTST M M 8 MAX(MPH)
MISC ----> 22 170 30 190
================================================================================
NOTES:
# LAST OF SEVERAL OCCURRENCES
COLUMN 17 PEAK WIND IN M.P.H.
PRELIMINARY LOCAL CLIMATOLOGICAL DATA (WS FORM: F-6) , PAGE 2
STATION: HILLSBORO OR
MONTH: DECEMBER
YEAR: 2023
LATITUDE: 45 32 N
LONGITUDE: 122 57 W
[TEMPERATURE DATA] [PRECIPITATION DATA] SYMBOLS USED IN COLUMN 16
AVERAGE MONTHLY: 43.9 TOTAL FOR MONTH: 7.68 1 = FOG OR MIST
DPTR FM NORMAL: 4.1 DPTR FM NORMAL: 1.63 2 = FOG REDUCING VISIBILITY
HIGHEST: 63 ON 4 GRTST 24HR 1.63 ON 5- 6 TO 1/4 MILE OR LESS
LOWEST: 26 ON 17 3 = THUNDER
SNOW, ICE PELLETS, HAIL 4 = ICE PELLETS
TOTAL MONTH: M 5 = HAIL
GRTST 24HR M ON M 6 = FREEZING RAIN OR DRIZZLE
GRTST DEPTH: M ON M 7 = DUSTSTORM OR SANDSTORM:
VSBY 1/2 MILE OR LESS
8 = SMOKE OR HAZE
[NO. OF DAYS WITH] [WEATHER - DAYS WITH] 9 = BLOWING SNOW
X = TORNADO
MAX 32 OR BELOW: 0 0.01 INCH OR MORE: 20
MAX 90 OR ABOVE: 0 0.10 INCH OR MORE: 13
MIN 32 OR BELOW: 8 0.50 INCH OR MORE: 8
MIN 0 OR BELOW: 0 1.00 INCH OR MORE: 1
[HDD (BASE 65) ]
TOTAL THIS MO. 649 CLEAR (SCALE 0-3) 5
DPTR FM NORMAL -134 PTCLDY (SCALE 4-7) 10
TOTAL FM JUL 1 1705 CLOUDY (SCALE 8-10) 16
DPTR FM NORMAL -287
[CDD (BASE 65) ]
TOTAL THIS MO. 0
DPTR FM NORMAL 0 [PRESSURE DATA]
TOTAL FM JAN 1 516 HIGHEST SLP 30.45 ON 8
DPTR FM NORMAL 241 LOWEST SLP 29.44 ON 19
[REMARKS]
#FINAL-12-23#