000
CXUS53 KGID 012130 AAA
CF6HJH
PRELIMINARY LOCAL CLIMATOLOGICAL DATA (WS FORM: F-6)
STATION: HEBRON NE
MONTH: JULY
YEAR: 2023
LATITUDE: 40 9 N
LONGITUDE: 97 35 W
TEMPERATURE IN F: :PCPN: SNOW: WIND :SUNSHINE: SKY :PK WND
================================================================================
1 2 3 4 5 6A 6B 7 8 9 10 11 12 13 14 15 16 17 18
12Z AVG MX 2MIN
DY MAX MIN AVG DEP HDD CDD WTR SNW DPTH SPD SPD DIR MIN PSBL S-S WX SPD DR
================================================================================
1 82 65 74 M 0 9 0.01 M M 5.4 14 30 M M 5 13 20 50
2 89 61 75 M 0 10 0.00 M M 3.7 9 70 M M 0 1 M M
3 94 62 78 M 0 13 0.00 M M 5.9 14 160 M M 1 1 24 190
4 99 66 83 M 0 18 0.21 M M 7.9 14 170 M M 1 3 37 40
5 78 63 71 M 0 6 0.04 M M 7.0 15 40 M M 8 1 22 40
6 78 61 70 M 0 5 0.00 M M 4.4 9 80 M M 6 M M
7 81 66 74 M 0 9 0.28 M M 7.0 14 150 M M 9 3 25 340
8 78 59 69 M 0 4 0.01 M M 5.4 12 30 M M 5 M M
9 84 57 71 M 0 6 0.00 M M 2.7 8 180 M M 2 1 M M
10 93 65 79 M 0 14 0.00 M M 9.6 16 200 M M 0 23 190
11 96 64 80 M 0 15 0.00 M M 4.9 12 160 M M 0 18 190
12 90 68 79 M 0 14 T M M 8.1 17 80 M M 4 30 350
13 93 64 79 M 0 14 T M M 1.9 8 350 M M 2 12 M M
14 83 63 73 M 0 8 1.29 M M 3.4 17 10 M M 2 3 23 10
15 89 65 77 M 0 12 0.00 M M 3.0 8 320 M M 1 M M
16 88 66 77 M 0 12 0.05 M M 4.8 12 180 M M 2 25 210
17 82 66 74 M 0 9 0.00 M M 6.9 13 80 M M 4 18 23 60
18 84 66 75 M 0 10 T M M 8.8 21 80 M M 4 3 30 80
19 84 64 74 M 0 9 T M M 3.7 13 350 M M 3 1 16 40
20 86 67 77 M 0 12 0.00 M M 4.9 12 20 M M 1 1 17 20
21 85 61 73 M 0 8 0.00 M M 2.5 8 360 M M 5 M M
22 93 60 77 M 0 12 0.00 M M 4.3 9 240 M M 1 17 280
23 96 61 79 M 0 14 0.00 M M 4.2 12 70 M M 0 M M
24 99 71 85 M 0 20 0.00 M M 7.6 15 150 M M 0 20 60
25 102 73 88 M 0 23 0.00 M M 4.7 14 140 M M 0 17 130
26 104 76 90 M 0 25 0.00 M M 6.9 14 40 M M 0 21 340
27 106 79 93 M 0 28 T M M 7.5 14 180 M M 0 20 240
28 108 71 90 M 0 25 0.00 M M 5.0 15 250 M M 1 3 18 250
29 87 68 78 M 0 13 0.60 M M 6.6 20 40 M M 1 13 52 90
30 94 69 82 M 0 17 0.08 M M 6.6 16 120 M M 2 1 25 80
31 87 69 78 M 0 13 0.16 M M 8.9 14 30 M M 3 21 160
================================================================================
SM 2792 2036 0 407 2.73 M 174.2 M 73
================================================================================
AV 90.1 65.7 5.6 FASTST M M 2 MAX(MPH)
MISC ----> 21 80 M M
================================================================================
NOTES:
# LAST OF SEVERAL OCCURRENCES
COLUMN 17 PEAK WIND IN M.P.H.
PRELIMINARY LOCAL CLIMATOLOGICAL DATA (WS FORM: F-6) , PAGE 2
STATION: HEBRON NE
MONTH: JULY
YEAR: 2023
LATITUDE: 40 9 N
LONGITUDE: 97 35 W
[TEMPERATURE DATA] [PRECIPITATION DATA] SYMBOLS USED IN COLUMN 16
AVERAGE MONTHLY: 77.9 TOTAL FOR MONTH: 2.73 1 = FOG OR MIST
DPTR FM NORMAL: M DPTR FM NORMAL: M 2 = FOG REDUCING VISIBILITY
HIGHEST: 108 ON 28 GRTST 24HR 1.29 ON 14-14 TO 1/4 MILE OR LESS
LOWEST: 57 ON 9 3 = THUNDER
SNOW, ICE PELLETS, HAIL 4 = ICE PELLETS
TOTAL MONTH: M 5 = HAIL
GRTST 24HR M ON M 6 = FREEZING RAIN OR DRIZZLE
GRTST DEPTH: M ON M 7 = DUSTSTORM OR SANDSTORM:
VSBY 1/2 MILE OR LESS
8 = SMOKE OR HAZE
[NO. OF DAYS WITH] [WEATHER - DAYS WITH] 9 = BLOWING SNOW
X = TORNADO
MAX 32 OR BELOW: 0 0.01 INCH OR MORE: 10
MAX 90 OR ABOVE: 14 0.10 INCH OR MORE: 5
MIN 32 OR BELOW: 0 0.50 INCH OR MORE: 2
MIN 0 OR BELOW: 0 1.00 INCH OR MORE: 1
[HDD (BASE 65) ]
TOTAL THIS MO. 0 CLEAR (SCALE 0-3) 21
DPTR FM NORMAL M PTCLDY (SCALE 4-7) 9
TOTAL FM JUL 1 0 CLOUDY (SCALE 8-10) 1
DPTR FM NORMAL M
[CDD (BASE 65) ]
TOTAL THIS MO. 407
DPTR FM NORMAL M [PRESSURE DATA]
TOTAL FM JAN 1 861 HIGHEST SLP M ON M
DPTR FM NORMAL M LOWEST SLP M ON M
[REMARKS]
#FINAL-07-23#