000
CXUS56 KHNX 011420
CF6HJO
PRELIMINARY LOCAL CLIMATOLOGICAL DATA (WS FORM: F-6)
STATION: HANFORD CA AIRPORT
MONTH: SEPTEMBER
YEAR: 2021
LATITUDE: 36 19 N
LONGITUDE: 119 38 W
TEMPERATURE IN F: :PCPN: SNOW: WIND :SUNSHINE: SKY :PK WND
================================================================================
1 2 3 4 5 6A 6B 7 8 9 10 11 12 13 14 15 16 17 18
12Z AVG MX 2MIN
DY MAX MIN AVG DEP HDD CDD WTR SNW DPTH SPD SPD DIR MIN PSBL S-S WX SPD DR
================================================================================
1 95 56 76 -2 0 11 0.00 0.0 0 4.9 13 320 M M 0 8 16 330
2 92 58 75 -3 0 10 0.00 0.0 0 5.0 12 330 M M 0 14 320
3 93 55 74 -4 0 9 0.00 0.0 0 4.8 13 310 M M 0 18 15 320
4 98 61 80 2 0 15 0.00 0.0 0 5.2 10 330 M M 0 8 17 310
5 101 57 79 2 0 14 0.00 0.0 0 4.5 13 320 M M 0 8 17 340
6 104 62 83 6 0 18 0.00 0.0 0 4.8 12 310 M M 1 8 16 320
7 105 63 84 7 0 19 0.00 0.0 0 6.9 17 310 M M 2 8 22 290
8 105 64 85 8 0 20 0.00 0.0 0 3.4 14 320 M M 2 8 19 320
9 108 66 87 10 0 22 T 0.0 0 4.0 10 320 M M 2 8 14 320
10 100 73 87 11 0 22 0.00 0.0 0 8.7 17 320 M M 0 22 310
11 97 64 81 5 0 16 0.00 0.0 0 6.6 16 320 M M 0 8 19 320
12 99 63 81 5 0 16 0.00 0.0 0 6.8 14 320 M M 0 17 310
13 100 58 79 3 0 14 0.00 0.0 0 2.7 10 330 M M 1 8 13 310
14 100 60 80 5 0 15 0.00 0.0 0 1.4 8 350 M M 1 8 11 350
15 96 63 80 5 0 15 0.00 0.0 0 5.4 12 320 M M 1 8 15 320
16 95 59 77 2 0 12 0.00 0.0 0 4.9 14 320 M M 1 17 320
17 92 59 76 1 0 11 0.00 0.0 0 3.9 12 310 M M 1 16 320
18 88 60 74 0 0 9 0.00 0.0 0 9.1 17 310 M M 0 8 21 310
19 85 59 72 -2 0 7 0.00 0.0 0 10.6 18 330 M M 0 8 26 330
20 87 53 70 -4 0 5 0.00 0.0 0 2.3 8 40 M M 2 8 11 40
21 93 56 75 2 0 10 0.00 0.0 0 3.7 12 300 M M 2 18 15 310
22 100 57 79 6 0 14 0.00 0.0 0 4.0 15 310 M M 1 18 20 310
23 92 59 76 3 0 11 0.00 0.0 0 3.1 14 310 M M 0 8 18 300
24 93 59 76 4 0 11 0.00 0.0 0 2.3 7 120 M M 1 18 10 120
25 88 60 74 2 0 9 0.00 0.0 0 2.2 7 140 M M 7 18 8 110
26 87 60 74 2 0 9 0.00 0.0 0 4.4 12 320 M M 1 18 15 310
27 86 59 73 1 0 8 0.00 0.0 0 8.1 18 310 M M 0 25 330
28 77 55 66 -5 0 1 0.00 0.0 0 9.7 22 320 M M 4 8 27 320
29 81 49 65 -6 0 0 0.00 0.0 0 3.4 12 320 M M 0 17 340
30 87 47 67 -3 0 2 0.00 0.0 0 2.1 6 40 M M 0 8 10 20
================================================================================
SM 2824 1774 0 355 T 0.0 148.9 M 30
================================================================================
AV 94.1 59.1 5.0 FASTST M M 1 MAX(MPH)
MISC ----> 22 320 27 320
================================================================================
NOTES:
# LAST OF SEVERAL OCCURRENCES
COLUMN 17 PEAK WIND IN M.P.H.
PRELIMINARY LOCAL CLIMATOLOGICAL DATA (WS FORM: F-6) , PAGE 2
STATION: HANFORD CA AIRPORT
MONTH: SEPTEMBER
YEAR: 2021
LATITUDE: 36 19 N
LONGITUDE: 119 38 W
[TEMPERATURE DATA] [PRECIPITATION DATA] SYMBOLS USED IN COLUMN 16
AVERAGE MONTHLY: 76.6 TOTAL FOR MONTH: T 1 = FOG OR MIST
DPTR FM NORMAL: 1.9 DPTR FM NORMAL: -0.04 2 = FOG REDUCING VISIBILITY
HIGHEST: 108 ON 9 GRTST 24HR T ON 9- 9 TO 1/4 MILE OR LESS
LOWEST: 47 ON 30 3 = THUNDER
SNOW, ICE PELLETS, HAIL 4 = ICE PELLETS
TOTAL MONTH: 0.0 INCH 5 = HAIL
GRTST 24HR 0.0 6 = FREEZING RAIN OR DRIZZLE
GRTST DEPTH: 0 7 = DUSTSTORM OR SANDSTORM:
VSBY 1/2 MILE OR LESS
8 = SMOKE OR HAZE
[NO. OF DAYS WITH] [WEATHER - DAYS WITH] 9 = BLOWING SNOW
X = TORNADO
MAX 32 OR BELOW: 0 0.01 INCH OR MORE: 0
MAX 90 OR ABOVE: 21 0.10 INCH OR MORE: 0
MIN 32 OR BELOW: 0 0.50 INCH OR MORE: 0
MIN 0 OR BELOW: 0 1.00 INCH OR MORE: 0
[HDD (BASE 65) ]
TOTAL THIS MO. 0 CLEAR (SCALE 0-3) 28
DPTR FM NORMAL -4 PTCLDY (SCALE 4-7) 2
TOTAL FM JUL 1 0 CLOUDY (SCALE 8-10) 0
DPTR FM NORMAL -1
[CDD (BASE 65) ]
TOTAL THIS MO. 355
DPTR FM NORMAL 58 [PRESSURE DATA]
TOTAL FM JAN 1 2242 HIGHEST SLP 30.12 ON 21
DPTR FM NORMAL 444 LOWEST SLP 29.67 ON 1
[REMARKS]
#FINAL-09-21#