000
CXUS54 KJAN 011410
CF6HKS
PRELIMINARY LOCAL CLIMATOLOGICAL DATA (WS FORM: F-6)
STATION: JACKSON HAWKINS
MONTH: MARCH
YEAR: 2021
LATITUDE: 32 20 N
LONGITUDE: 90 14 W
TEMPERATURE IN F: :PCPN: SNOW: WIND :SUNSHINE: SKY :PK WND
================================================================================
1 2 3 4 5 6A 6B 7 8 9 10 11 12 13 14 15 16 17 18
12Z AVG MX 2MIN
DY MAX MIN AVG DEP HDD CDD WTR SNW DPTH SPD SPD DIR MIN PSBL S-S WX SPD DR
================================================================================
1 71 47 59 5 6 0 0.59 0.0 0 7.4 15 40 M M 9 1 23 30
2 47 37 42 -12 23 0 0.70 0.0 0 6.2 16 50 M M 9 18 25 70
3 62 34 48 -7 17 0 0.00 0.0 0 3.8 10 350 M M 1 1 16 20
4 71 36 54 -1 11 0 0.00 0.0 0 2.0 10 70 M M 0 1 16 70
5 65 43 54 -1 11 0 T 0.0 0 3.3 12 10 M M 2 17 M
6 63 42 53 -2 12 0 0.00 0.0 0 6.4 16 340 M M 0 30 350
7 65 36 51 -5 14 0 0.00 0.0 0 3.4 14 60 M M 0 8 22 60
8 74 36 55 -1 10 0 0.00 0.0 0 4.8 15 130 M M 0 19 140
9 75 40 58 2 7 0 0.00 0.0 0 8.1 20 170 M M 0 30 190
10 80 52 66 10 0 1 0.00 0.0 0 13.8 24 180 M M 2 1 33 160
11 81 60 71 15 0 6 0.00 0.0 0 10.4 20 160 M M 2 26 200
12 82 63 73 16 0 8 0.00 0.0 0 5.8 13 190 M M 6 21 170
13 83 57 70 13 0 5 0.00 0.0 0 4.8 13 170 M M 1 1 19 210
14 81 57 69 12 0 4 0.00 0.0 0 9.3 18 140 M M 5 1 25 170
15 79 59 69 12 0 4 0.61 0.0 0 8.2 28 290 M M 7 13 46 280
16 84 66 75 17 0 10 0.16 0.0 0 6.0 22 170 M M 8 13 28 180
17 83 64 74 16 0 9 0.91 0.0 0 M 30 280 M M M 13 48 280
18 65 50 58 0 7 0 0.00 0.0 0 16.0 25 280 M M 8 35 300
19 52 48 50 -8 15 0 T 0.0 0 7.3 15 310 M M 10 24 330
20 64 47 56 -2 9 0 0.00 0.0 0 4.1 12 100 M M 7 17 20
21 70 41 56 -3 9 0 0.00 0.0 0 4.4 13 70 M M 0 8 16 30
22 75 45 60 1 5 0 0.00 0.0 0 7.8 18 150 M M 3 24 170
23 67 58 63 4 2 0 0.71 0.0 0 11.5 28 140 M M 9 13 40 140
24 78 59 69 10 0 4 0.07 0.0 0 7.7 22 150 M M 6 3 28 140
25 82 64 73 13 0 8 0.33 0.0 0 8.8 24 220 M M 7 13 33 210
26 81 58 70 10 0 5 0.00 0.0 0 7.4 14 130 M M 3 19 140
27 88 67 78 18 0 13 0.00 0.0 0 11.7 24 170 M M 7 33 170
28 75 49 62 2 3 0 0.36 0.0 0 8.7 20 300 M M 3 1 31 350
29 72 41 57 -3 8 0 0.00 0.0 0 4.4 14 110 M M 0 21 130
30 80 48 64 3 1 0 0.33 0.0 0 8.3 18 170 M M 6 18 26 170
31 72 45 59 -2 6 0 0.96 0.0 0 7.4 20 300 M M 7 13 33 300
================================================================================
SM 2267 1549 176 77 5.73 0.0 219.2 M 128
================================================================================
AV 73.1 50.0 7.3 FASTST M M 4 MAX(MPH)
MISC ----> 30 280 48 280
================================================================================
NOTES:
# LAST OF SEVERAL OCCURRENCES
COLUMN 17 PEAK WIND IN M.P.H.
PRELIMINARY LOCAL CLIMATOLOGICAL DATA (WS FORM: F-6) , PAGE 2
STATION: JACKSON HAWKINS
MONTH: MARCH
YEAR: 2021
LATITUDE: 32 20 N
LONGITUDE: 90 14 W
[TEMPERATURE DATA] [PRECIPITATION DATA] SYMBOLS USED IN COLUMN 16
AVERAGE MONTHLY: 61.5 TOTAL FOR MONTH: 5.73 1 = FOG OR MIST
DPTR FM NORMAL: 3.9 DPTR FM NORMAL: 0.63 2 = FOG REDUCING VISIBILITY
HIGHEST: 88 ON 27 GRTST 24HR 1.29 ON 30-31 TO 1/4 MILE OR LESS
LOWEST: 34 ON 3 3 = THUNDER
SNOW, ICE PELLETS, HAIL 4 = ICE PELLETS
TOTAL MONTH: 0.0 INCH 5 = HAIL
GRTST 24HR 0.0 6 = FREEZING RAIN OR DRIZZLE
GRTST DEPTH: 0 7 = DUSTSTORM OR SANDSTORM:
VSBY 1/2 MILE OR LESS
8 = SMOKE OR HAZE
[NO. OF DAYS WITH] [WEATHER - DAYS WITH] 9 = BLOWING SNOW
X = TORNADO
MAX 32 OR BELOW: 0 0.01 INCH OR MORE: 11
MAX 90 OR ABOVE: 0 0.10 INCH OR MORE: 10
MIN 32 OR BELOW: 0 0.50 INCH OR MORE: 6
MIN 0 OR BELOW: 0 1.00 INCH OR MORE: 0
[HDD (BASE 65) ]
TOTAL THIS MO. 176 CLEAR (SCALE 0-3) 14
DPTR FM NORMAL -80 PTCLDY (SCALE 4-7) 12
TOTAL FM JUL 1 1998 CLOUDY (SCALE 8-10) 5
DPTR FM NORMAL -122
[CDD (BASE 65) ]
TOTAL THIS MO. 77
DPTR FM NORMAL 50 [PRESSURE DATA]
TOTAL FM JAN 1 103 HIGHEST SLP 30.53 ON 8
DPTR FM NORMAL 64 LOWEST SLP 29.54 ON 17
[REMARKS]
#FINAL-03-21#