000
CXHW50 PHFO 011250
CF6HNL
PRELIMINARY LOCAL CLIMATOLOGICAL DATA (WS FORM: F-6)
STATION: HONOLULU HI
MONTH: NOVEMBER
YEAR: 2021
LATITUDE: 21 21 N
LONGITUDE: 157 56 W
TEMPERATURE IN F: :PCPN: SNOW: WIND :SUNSHINE: SKY :PK WND
================================================================================
1 2 3 4 5 6A 6B 7 8 9 10 11 12 13 14 15 16 17 18
12Z AVG MX 2MIN
DY MAX MIN AVG DEP HDD CDD WTR SNW DPTH SPD SPD DIR MIN PSBL S-S WX SPD DR
================================================================================
1 85 71 78 -1 0 13 0.00 M M 7.2 17 230 M M 3 21 210
2 84 72 78 -1 0 13 0.00 M M 5.8 13 330 M M 5 17 330
3 88 74 81 2 0 16 T M M 8.1 18 90 M M 4 24 50
4 87 74 81 2 0 16 T M M 12.9 28 70 M M 4 33 70
5 87 74 81 2 0 16 T M M 14.8 24 60 M M 5 33 60
6 87 77 82 3 0 17 T M M 15.4 25 60 M M 4 34 80
7 86 74 80 1 0 15 0.00 M M 11.2 21 70 M M 5 26 60
8 87 74 81 3 0 16 0.00 M M 10.4 17 60 M M 5 24 80
9 84 72 78 0 0 13 0.00 M M 5.4 15 160 M M 5 18 150
10 84 68 76 -2 0 11 0.00 M M 5.4 13 60 M M 3 15 180
11 85 69 77 -1 0 12 0.00 M M 7.7 20 30 M M 5 23 40
12 84 73 79 1 0 14 0.00 M M 6.0 14 130 M M 4 18 140
13 84 71 78 0 0 13 0.00 M M 3.1 12 150 M M 5 15 140
14 80 71 76 -2 0 11 0.01 M M 4.9 21 160 M M 7 27 150
15 82 69 76 -2 0 11 T M M 4.2 15 240 M M 6 22 330
16 84 73 79 1 0 14 0.03 M M 4.6 10 190 M M 7 14 160
17 85 71 78 0 0 13 0.00 M M 5.2 13 220 M M 3 16 220
18 88 71 80 2 0 15 0.00 M M 5.8 15 70 M M 3 23 10
19 88 72 80 2 0 15 0.00 M M 9.1 18 80 M M 2 23 70
20 85 71 78 0 0 13 0.00 M M 6.6 17 140 M M 3 22 130
21 87 71 79 1 0 14 0.00 M M 10.7 22 70 M M 2 30 70
22 85 73 79 2 0 14 0.01 M M 9.3 18 60 M M 6 25 50
23 87 72 80 3 0 15 T M M 7.0 20 70 M M 4 25 100
24 87 68 78 1 0 13 0.00 M M 7.1 17 30 M M 2 22 30
25 87 69 78 1 0 13 0.00 M M 10.9 21 70 M M 2 27 70
26 85 70 78 1 0 13 0.00 M M 8.7 22 70 M M 2 25 80
27 82 68 75 -2 0 10 0.01 M M 6.3 15 70 M M 5 19 350
28 81 68 75 -2 0 10 T M M 8.5 22 50 M M 6 29 40
29 81 72 77 0 0 12 0.01 M M 13.2 25 50 M M 4 32 50
30 85 71 78 1 0 13 0.02 M M 9.6 24 70 M M 3 29 70
================================================================================
SM 2551 2143 0 404 0.09 M 245.1 M 124
================================================================================
AV 85.0 71.4 8.2 FASTST M M 4 MAX(MPH)
MISC ----> 28 70 34 80
================================================================================
NOTES:
# LAST OF SEVERAL OCCURRENCES
COLUMN 17 PEAK WIND IN M.P.H.
PRELIMINARY LOCAL CLIMATOLOGICAL DATA (WS FORM: F-6) , PAGE 2
STATION: HONOLULU HI
MONTH: NOVEMBER
YEAR: 2021
LATITUDE: 21 21 N
LONGITUDE: 157 56 W
[TEMPERATURE DATA] [PRECIPITATION DATA] SYMBOLS USED IN COLUMN 16
AVERAGE MONTHLY: 78.2 TOTAL FOR MONTH: 0.09 1 = FOG OR MIST
DPTR FM NORMAL: 0.2 DPTR FM NORMAL: -2.16 2 = FOG REDUCING VISIBILITY
HIGHEST: 88 ON 19,18 GRTST 24HR 0.03 ON 16-16 TO 1/4 MILE OR LESS
LOWEST: 68 ON 28,27 3 = THUNDER
SNOW, ICE PELLETS, HAIL 4 = ICE PELLETS
TOTAL MONTH: M 5 = HAIL
GRTST 24HR M ON M 6 = FREEZING RAIN OR DRIZZLE
GRTST DEPTH: M ON M 7 = DUSTSTORM OR SANDSTORM:
VSBY 1/2 MILE OR LESS
8 = SMOKE OR HAZE
[NO. OF DAYS WITH] [WEATHER - DAYS WITH] 9 = BLOWING SNOW
X = TORNADO
MAX 32 OR BELOW: 0 0.01 INCH OR MORE: 6
MAX 90 OR ABOVE: 0 0.10 INCH OR MORE: 0
MIN 32 OR BELOW: 0 0.50 INCH OR MORE: 0
MIN 0 OR BELOW: 0 1.00 INCH OR MORE: 0
[HDD (BASE 65) ]
TOTAL THIS MO. 0 CLEAR (SCALE 0-3) 9
DPTR FM NORMAL 0 PTCLDY (SCALE 4-7) 21
TOTAL FM JUL 1 0 CLOUDY (SCALE 8-10) 0
DPTR FM NORMAL 0
[CDD (BASE 65) ]
TOTAL THIS MO. 404
DPTR FM NORMAL 16 [PRESSURE DATA]
TOTAL FM JAN 1 4642 HIGHEST SLP 30.13 ON 7
DPTR FM NORMAL 202 LOWEST SLP 29.88 ON 30
[REMARKS]
#FINAL-11-21#