654
CXHW50 PHFO 011250
CF6HNL
PRELIMINARY LOCAL CLIMATOLOGICAL DATA (WS FORM: F-6)
STATION: HONOLULU HI
MONTH: MARCH
YEAR: 2021
LATITUDE: 21 21 N
LONGITUDE: 157 56 W
TEMPERATURE IN F: :PCPN: SNOW: WIND :SUNSHINE: SKY :PK WND
================================================================================
1 2 3 4 5 6A 6B 7 8 9 10 11 12 13 14 15 16 17 18
12Z AVG MX 2MIN
DY MAX MIN AVG DEP HDD CDD WTR SNW DPTH SPD SPD DIR MIN PSBL S-S WX SPD DR
================================================================================
1 81 71 76 2 0 11 0.01 M M 16.0 30 70 M M 7 37 70
2 82 69 76 2 0 11 0.02 M M 16.8 28 50 M M 5 41 70
3 79 67 73 -1 0 8 0.12 M M 10.4 22 50 M M 5 1 29 50
4 79 64 72 -2 0 7 T M M 7.3 20 70 M M 5 25 40
5 77 65 71 -3 0 6 0.33 M M 9.0 20 40 M M 7 1 25 30
6 79 67 73 -1 0 8 0.04 M M 14.4 25 60 M M 5 1 31 50
7 84 70 77 3 0 12 0.00 M M 13.0 23 70 M M 2 29 50
8 80 70 75 1 0 10 0.72 M M 10.0 23 60 M M 8 1 30 60
9 79 68 74 0 0 9 0.51 M M 4.3 14 130 M M 9 1 18 110
10 78 64 71 -3 0 6 1.03 M M 8.0 20 120 M M 6 13 24 120
11 77 63 70 -4 0 5 0.37 M M 4.6 13 330 M M 6 1 15 200
12 79 67 73 -1 0 8 0.48 M M 10.8 24 210 M M 7 1 32 210
13 77 66 72 -2 0 7 0.03 M M 6.8 17 30 M M 6 1 23 50
14 77 66 72 -2 0 7 T M M 5.3 13 210 M M 4 15 210
15 80 66 73 -1 0 8 0.02 M M 6.6 21 130 M M 4 1 26 140
16 80 68 74 0 0 9 0.01 M M 7.7 22 60 M M 7 1 27 60
17 79 69 74 -1 0 9 0.00 M M 13.2 29 40 M M 4 39 60
18 75 67 71 -4 0 6 T M M 11.8 25 60 M M 6 1 32 80
19 81 69 75 0 0 10 T M M 13.5 25 70 M M 4 33 80
20 81 69 75 0 0 10 0.03 M M 17.6 28 70 M M 5 36 60
21 80 67 74 -1 0 9 0.01 M M 16.6 26 50 M M 4 1 36 50
22 83 70 77 2 0 12 0.00 M M 11.5 23 50 M M 3 29 70
23 80 67 74 -1 0 9 0.20 M M 6.6 17 160 M M 5 23 160
24 81 73 77 2 0 12 0.01 M M 12.5 20 160 M M 7 24 160
25 81 70 76 1 0 11 0.27 M M 8.3 17 260 M M 6 1 21 160
26 85 69 77 2 0 12 0.00 M M 6.2 17 70 M M 4 24 20
27 85 71 78 3 0 13 0.00 M M 13.4 22 60 M M 7 29 90
28 81 72 77 2 0 12 T M M 12.9 21 70 M M 8 28 60
29 84 72 78 3 0 13 T M M 10.1 22 80 M M 6 27 80
30 84 70 77 2 0 12 T M M 10.2 22 70 M M 4 26 70
31 84 70 77 1 0 12 T M M 9.3 21 40 M M 5 29 40
================================================================================
SM 2492 2116 0 294 4.21 M 324.7 M 171
================================================================================
AV 80.4 68.3 10.5 FASTST M M 6 MAX(MPH)
MISC ----> 30 70 41 70
================================================================================
NOTES:
# LAST OF SEVERAL OCCURRENCES
COLUMN 17 PEAK WIND IN M.P.H.
PRELIMINARY LOCAL CLIMATOLOGICAL DATA (WS FORM: F-6) , PAGE 2
STATION: HONOLULU HI
MONTH: MARCH
YEAR: 2021
LATITUDE: 21 21 N
LONGITUDE: 157 56 W
[TEMPERATURE DATA] [PRECIPITATION DATA] SYMBOLS USED IN COLUMN 16
AVERAGE MONTHLY: 74.3 TOTAL FOR MONTH: 4.21 1 = FOG OR MIST
DPTR FM NORMAL: -0.2 DPTR FM NORMAL: 2.19 2 = FOG REDUCING VISIBILITY
HIGHEST: 85 ON 27,26 GRTST 24HR 1.39 ON 10-11 TO 1/4 MILE OR LESS
LOWEST: 63 ON 11 3 = THUNDER
SNOW, ICE PELLETS, HAIL 4 = ICE PELLETS
TOTAL MONTH: M 5 = HAIL
GRTST 24HR M ON M 6 = FREEZING RAIN OR DRIZZLE
GRTST DEPTH: M ON M 7 = DUSTSTORM OR SANDSTORM:
VSBY 1/2 MILE OR LESS
8 = SMOKE OR HAZE
[NO. OF DAYS WITH] [WEATHER - DAYS WITH] 9 = BLOWING SNOW
X = TORNADO
MAX 32 OR BELOW: 0 0.01 INCH OR MORE: 18
MAX 90 OR ABOVE: 0 0.10 INCH OR MORE: 9
MIN 32 OR BELOW: 0 0.50 INCH OR MORE: 3
MIN 0 OR BELOW: 0 1.00 INCH OR MORE: 1
[HDD (BASE 65) ]
TOTAL THIS MO. 0 CLEAR (SCALE 0-3) 2
DPTR FM NORMAL 0 PTCLDY (SCALE 4-7) 27
TOTAL FM JUL 1 0 CLOUDY (SCALE 8-10) 2
DPTR FM NORMAL 0
[CDD (BASE 65) ]
TOTAL THIS MO. 294
DPTR FM NORMAL 1 [PRESSURE DATA]
TOTAL FM JAN 1 932 HIGHEST SLP 30.23 ON 20
DPTR FM NORMAL 157 LOWEST SLP 29.89 ON 23
[REMARKS]
#FINAL-03-21#