000
CXHW50 PHFO 011250
CF6HNL
PRELIMINARY LOCAL CLIMATOLOGICAL DATA (WS FORM: F-6)
STATION: HONOLULU HI
MONTH: NOVEMBER
YEAR: 2023
LATITUDE: 21 21 N
LONGITUDE: 157 56 W
TEMPERATURE IN F: :PCPN: SNOW: WIND :SUNSHINE: SKY :PK WND
================================================================================
1 2 3 4 5 6A 6B 7 8 9 10 11 12 13 14 15 16 17 18
12Z AVG MX 2MIN
DY MAX MIN AVG DEP HDD CDD WTR SNW DPTH SPD SPD DIR MIN PSBL S-S WX SPD DR
================================================================================
1 84 73 79 0 0 14 0.00 M M 4.7 12 160 M M 4 17 150
2 85 71 78 -1 0 13 0.00 M M 5.0 13 210 M M 3 17 210
3 89 71 80 1 0 15 0.00 M M 7.4 17 40 M M 3 31 20
4 87 74 81 2 0 16 T M M 11.9 24 80 M M 6 1 31 50
5 87 75 81 2 0 16 T M M 17.1 28 70 M M 5 38 80
6 88 75 82 3 0 17 T M M 15.6 31 80 M M 6 40 90
7 85 74 80 1 0 15 0.01 M M 13.7 25 50 M M 7 1 34 70
8 86 72 79 1 0 14 T M M 7.4 20 140 M M 4 30 90
9 88 75 82 4 0 17 0.00 M M 10.9 22 50 M M 3 30 20
10 86 74 80 2 0 15 0.00 M M 10.9 21 70 M M 4 32 40
11 86 76 81 3 0 16 T M M 14.8 24 70 M M 4 36 50
12 86 76 81 3 0 16 0.00 M M 16.5 28 90 M M 4 40 70
13 86 75 81 3 0 16 T M M 17.2 26 60 M M 4 38 80
14 83 73 78 0 0 13 0.01 M M 15.5 30 40 M M 6 47 20
15 81 70 76 -2 0 11 T M M 13.7 26 40 M M 6 44 20
16 84 71 78 0 0 13 0.00 M M 11.3 25 70 M M 4 33 60
17 84 72 78 0 0 13 0.00 M M 12.7 24 60 M M 4 34 90
18 80 66 73 -5 0 8 T M M 6.3 16 180 M M 5 22 170
19 82 72 77 -1 0 12 0.02 M M 9.4 18 180 M M 8 24 200
20 79 71 75 -3 0 10 0.09 M M 7.4 16 60 M M 8 1 35 20
21 84 72 78 0 0 13 0.00 M M 8.2 22 80 M M 6 28 60
22 84 70 77 0 0 12 0.01 M M 5.8 14 80 M M 6 21 10
23 85 71 78 1 0 13 0.01 M M 8.2 18 80 M M 5 1 26 20
24 83 69 76 -1 0 11 T M M 7.0 14 60 M M 3 19 140
25 85 70 78 1 0 13 0.00 M M 7.4 21 80 M M 4 28 80
26 83 71 77 0 0 12 0.00 M M 8.8 20 30 M M 5 31 20
27 82 71 77 0 0 12 0.03 M M 7.8 18 70 M M 6 1 24 90
28 79 68 74 -3 0 9 0.42 M M 6.4 24 160 M M 6 1 33 160
29 77 70 74 -3 0 9 1.54 M M 6.0 21 130 M M 7 1 26 130
30 79 69 74 -3 0 9 T M M 7.3 21 110 M M 7 31 110
================================================================================
SM 2517 2157 0 393 2.14 M 302.3 M 153
================================================================================
AV 83.9 71.9 10.1 FASTST M M 5 MAX(MPH)
MISC ----> 31 80 47 20
================================================================================
NOTES:
# LAST OF SEVERAL OCCURRENCES
COLUMN 17 PEAK WIND IN M.P.H.
PRELIMINARY LOCAL CLIMATOLOGICAL DATA (WS FORM: F-6) , PAGE 2
STATION: HONOLULU HI
MONTH: NOVEMBER
YEAR: 2023
LATITUDE: 21 21 N
LONGITUDE: 157 56 W
[TEMPERATURE DATA] [PRECIPITATION DATA] SYMBOLS USED IN COLUMN 16
AVERAGE MONTHLY: 77.9 TOTAL FOR MONTH: 2.14 1 = FOG OR MIST
DPTR FM NORMAL: -0.1 DPTR FM NORMAL: -0.11 2 = FOG REDUCING VISIBILITY
HIGHEST: 89 ON 3 GRTST 24HR 1.54 ON 29-29 TO 1/4 MILE OR LESS
LOWEST: 66 ON 18 3 = THUNDER
SNOW, ICE PELLETS, HAIL 4 = ICE PELLETS
TOTAL MONTH: M 5 = HAIL
GRTST 24HR M ON M 6 = FREEZING RAIN OR DRIZZLE
GRTST DEPTH: M ON M 7 = DUSTSTORM OR SANDSTORM:
VSBY 1/2 MILE OR LESS
8 = SMOKE OR HAZE
[NO. OF DAYS WITH] [WEATHER - DAYS WITH] 9 = BLOWING SNOW
X = TORNADO
MAX 32 OR BELOW: 0 0.01 INCH OR MORE: 9
MAX 90 OR ABOVE: 0 0.10 INCH OR MORE: 2
MIN 32 OR BELOW: 0 0.50 INCH OR MORE: 1
MIN 0 OR BELOW: 0 1.00 INCH OR MORE: 1
[HDD (BASE 65) ]
TOTAL THIS MO. 0 CLEAR (SCALE 0-3) 2
DPTR FM NORMAL 0 PTCLDY (SCALE 4-7) 28
TOTAL FM JUL 1 0 CLOUDY (SCALE 8-10) 0
DPTR FM NORMAL 0
[CDD (BASE 65) ]
TOTAL THIS MO. 393
DPTR FM NORMAL 5 [PRESSURE DATA]
TOTAL FM JAN 1 4676 HIGHEST SLP 30.14 ON 16
DPTR FM NORMAL 236 LOWEST SLP 29.78 ON 29
[REMARKS]
#FINAL-11-23#