000
CXUS54 KMAF 011110
CF6HOB
PRELIMINARY LOCAL CLIMATOLOGICAL DATA (WS FORM: F-6)
STATION: LEA AIRPORT, HOBBS
MONTH: AUGUST
YEAR: 2023
LATITUDE: 32 40 N
LONGITUDE: 103-12 E
TEMPERATURE IN F: :PCPN: SNOW: WIND :SUNSHINE: SKY :PK WND
================================================================================
1 2 3 4 5 6A 6B 7 8 9 10 11 12 13 14 15 16 17 18
12Z AVG MX 2MIN
DY MAX MIN AVG DEP HDD CDD WTR SNW DPTH SPD SPD DIR MIN PSBL S-S WX SPD DR
================================================================================
1 99 73 86 M 0 21 0.07 M M 10.6 26 310 M M 2 3 32 310
2 99 72 86 M 0 21 0.00 M M 9.8 17 160 M M 0 18 150
3 102 73 88 M 0 23 0.00 M M 8.4 12 80 M M 1 16 170
4 102 75 89 M 0 24 0.00 M M 9.6 15 120 M M 1 20 130
5 104 77 91 M 0 26 0.00 M M 11.7 17 170 M M 0 22 120
6 106 75 91 M 0 26 0.00 M M 9.5 16 170 M M 0 21 170
7 102 70 86 M 0 21 0.82 M M 11.6 28 20 M M 2 3 40 40
8 97 72 85 M 0 20 0.00 M M 8.6 22 340 M M 1 32 190
9 100 70 85 M 0 20 0.00 M M 8.2 18 270 M M 1 25 270
10 100 70 85 M 0 20 0.00 M M 6.7 14 330 M M 1 17 260
11 102 77 90 M 0 25 0.49 M M 10.4 25 200 M M 1 3 39 320
12 100 75 88 M 0 23 0.00 M M 9.4 16 220 M M 1 24 290
13 99 75 87 M 0 22 0.06 M M 7.8 35 350 M M 2 53 350
14 88 70 79 M 0 14 0.00 M M 16.0 24 30 M M 5 29 360
15 90 66 78 M 0 13 0.00 M M 8.2 14 90 M M 3 17 90
16 97 70 84 M 0 19 0.00 M M 6.6 15 180 M M 2 17 210
17 102 73 88 M 0 23 0.00 M M 7.5 15 160 M M 2 25 150
18 99 70 85 M 0 20 0.00 M M 7.3 16 110 M M 1 23 160
19 97 66 82 M 0 17 0.00 M M 9.2 17 120 M M 0 22 100
20 95 68 82 M 0 17 0.00 M M 10.1 21 110 M M 0 30 110
21 338 66 202 M 0 137 0.00 M M 9.9 22 90 M M 2 30 80
22 93 72 83 M 0 18 0.00 M M 8.2 14 100 M M 3 23 90
23 88 72 80 M 0 15 0.00 M M 13.4 26 80 M M 5 33 100
24 93 66 80 M 0 15 0.00 M M 9.7 16 160 M M 2 22 160
25 95 66 81 M 0 16 0.00 M M 9.1 17 150 M M 0 26 160
26 97 70 84 M 0 19 0.00 M M 7.0 14 230 M M 3 17 200
27 93 66 80 M 0 15 0.17 M M 11.1 26 240 M M 3 3 35 240
28 84 70 77 M 0 12 0.02 M M 7.0 14 30 M M 5 16 60
29 90 66 78 M 0 13 0.00 M M 9.7 17 350 M M 2 24 70
30 88 63 76 M 0 11 0.00 M M 5.6 9 350 M M 0 M M
31 93 63 78 M 0 13 0.00 M M 5.7 12 130 M M 1 17 140
================================================================================
SM 3232 2177 0 699 1.63 M 283.5 M 52
================================================================================
AV104.3 70.2 9.1 FASTST M M 2 MAX(MPH)
MISC ----> 35 350 53 350
================================================================================
NOTES:
# LAST OF SEVERAL OCCURRENCES
COLUMN 17 PEAK WIND IN M.P.H.
PRELIMINARY LOCAL CLIMATOLOGICAL DATA (WS FORM: F-6) , PAGE 2
STATION: LEA AIRPORT, HOBBS
MONTH: AUGUST
YEAR: 2023
LATITUDE: 32 40 N
LONGITUDE: 103-12 E
[TEMPERATURE DATA] [PRECIPITATION DATA] SYMBOLS USED IN COLUMN 16
AVERAGE MONTHLY: 87.2 TOTAL FOR MONTH: 1.63 1 = FOG OR MIST
DPTR FM NORMAL: 0.0 DPTR FM NORMAL: -0.29 2 = FOG REDUCING VISIBILITY
HIGHEST: 338 ON 21 GRTST 24HR 0.82 ON 7- 7 TO 1/4 MILE OR LESS
LOWEST: 63 ON 31,30 3 = THUNDER
SNOW, ICE PELLETS, HAIL 4 = ICE PELLETS
TOTAL MONTH: M 5 = HAIL
GRTST 24HR M ON M 6 = FREEZING RAIN OR DRIZZLE
GRTST DEPTH: M ON M 7 = DUSTSTORM OR SANDSTORM:
VSBY 1/2 MILE OR LESS
8 = SMOKE OR HAZE
[NO. OF DAYS WITH] [WEATHER - DAYS WITH] 9 = BLOWING SNOW
X = TORNADO
MAX 32 OR BELOW: 0 0.01 INCH OR MORE: 6
MAX 90 OR ABOVE: 27 0.10 INCH OR MORE: 3
MIN 32 OR BELOW: 0 0.50 INCH OR MORE: 1
MIN 0 OR BELOW: 0 1.00 INCH OR MORE: 0
[HDD (BASE 65) ]
TOTAL THIS MO. 0 CLEAR (SCALE 0-3) 28
DPTR FM NORMAL M PTCLDY (SCALE 4-7) 3
TOTAL FM JUL 1 0 CLOUDY (SCALE 8-10) 0
DPTR FM NORMAL M
[CDD (BASE 65) ]
TOTAL THIS MO. 699
DPTR FM NORMAL M [PRESSURE DATA]
TOTAL FM JAN 1 2421 HIGHEST SLP M ON M
DPTR FM NORMAL M LOWEST SLP M ON M
[REMARKS]
#FINAL-08-23#