000
CXUS54 KLZK 011230
CF6HOT
PRELIMINARY LOCAL CLIMATOLOGICAL DATA (WS FORM: F-6)
STATION: HOT SPRINGS MEMORIAL FIELD
MONTH: FEBRUARY
YEAR: 2022
LATITUDE: 34 28 N
LONGITUDE: 93 6 W
TEMPERATURE IN F: :PCPN: SNOW: WIND :SUNSHINE: SKY :PK WND
================================================================================
1 2 3 4 5 6A 6B 7 8 9 10 11 12 13 14 15 16 17 18
12Z AVG MX 2MIN
DY MAX MIN AVG DEP HDD CDD WTR SNW DPTH SPD SPD DIR MIN PSBL S-S WX SPD DR
================================================================================
1 66 47 57 13 8 0 0.01 M M 5.7 14 130 M M 9 18 22 120
2 60 32 46 2 19 0 0.05 M M 6.3 22 50 M M 10 16 26 40
3 33 25 29 -15 36 0 0.10 M M 7.4 16 40 M M 10 168 23 50
4 37 24 31 -13 34 0 0.00 M M 5.1 10 320 M M 6 18 16 330
5 44 20 32 -12 33 0 0.00 M M 2.4 8 80 M M 0 12 170
6 51 22 37 -8 28 0 0.00 M M 2.8 9 260 M M 0 1 12 270
7 54 26 40 -5 25 0 0.00 M M 2.4 10 330 M M 0 16 300
8 64 25 45 0 20 0 0.00 M M 4.9 20 240 M M 0 25 240
9 69 31 50 5 15 0 0.00 M M 3.7 13 350 M M 0 19 330
10 68 33 51 6 14 0 0.00 M M 1.1 10 80 M M 1 14 80
11 71 32 52 6 13 0 T M M 5.8 18 240 M M 1 25 20
12 55 29 42 -4 23 0 0.01 M M 6.3 13 330 M M 7 22 350
13 59 22 41 -5 24 0 0.00 M M 4.6 17 230 M M 0 23 320
14 70 25 48 2 17 0 0.00 M M 4.9 17 240 M M 0 22 240
15 68 34 51 5 14 0 0.00 M M 6.2 16 200 M M 1 8 24 160
16 69 56 63 16 2 0 T M M 9.5 20 160 M M 9 1 30 140
17 68 33 51 4 14 0 0.91 M M 10.3 26 240 M M 9 13 35 300
18 49 27 38 -9 27 0 0.00 M M 3.3 12 350 M M 2 18 360
19 63 27 45 -2 20 0 0.00 M M 3.8 10 100 M M 0 15 100
20 66 32 49 1 16 0 0.00 M M 7.4 16 180 M M 0 26 200
21 70 52 61 13 4 0 0.03 M M 4.9 12 140 M M 8 1 18 150
22 68 33 51 3 14 0 0.97 M M 6.8 21 240 M M 9 13 32 280
23 33 29 31 -17 34 0 0.27 M M 7.4 16 40 M M 10 168 23 70
24 34 31 33 -16 32 0 0.03 M M 6.0 15 310 M M 10 16 24 290
25 36 27 32 -17 33 0 0.00 M M 7.9 14 80 M M 10 21 310
26 36 29 33 -16 32 0 0.16 M M 6.0 14 60 M M 10 16 18 60
27 53 32 43 -6 22 0 0.00 M M 4.2 12 30 M M 4 18 18 40
28 65 27 46 -4 19 0 0.00 M M 2.6 10 230 M M 0 14 280
================================================================================
SM 1579 862 592 0 2.54 M 149.7 M 126
================================================================================
AV 56.4 30.8 5.3 FASTST M M 5 MAX(MPH)
MISC ----> 26 240 35 300
================================================================================
NOTES:
# LAST OF SEVERAL OCCURRENCES
COLUMN 17 PEAK WIND IN M.P.H.
PRELIMINARY LOCAL CLIMATOLOGICAL DATA (WS FORM: F-6) , PAGE 2
STATION: HOT SPRINGS MEMORIAL FIELD
MONTH: FEBRUARY
YEAR: 2022
LATITUDE: 34 28 N
LONGITUDE: 93 6 W
[TEMPERATURE DATA] [PRECIPITATION DATA] SYMBOLS USED IN COLUMN 16
AVERAGE MONTHLY: 43.6 TOTAL FOR MONTH: 2.54 1 = FOG OR MIST
DPTR FM NORMAL: -2.8 DPTR FM NORMAL: -1.56 2 = FOG REDUCING VISIBILITY
HIGHEST: 71 ON 11 GRTST 24HR 1.00 ON 21-22 TO 1/4 MILE OR LESS
LOWEST: 20 ON 5 3 = THUNDER
SNOW, ICE PELLETS, HAIL 4 = ICE PELLETS
TOTAL MONTH: M 5 = HAIL
GRTST 24HR M ON M 6 = FREEZING RAIN OR DRIZZLE
GRTST DEPTH: M ON M 7 = DUSTSTORM OR SANDSTORM:
VSBY 1/2 MILE OR LESS
8 = SMOKE OR HAZE
[NO. OF DAYS WITH] [WEATHER - DAYS WITH] 9 = BLOWING SNOW
X = TORNADO
MAX 32 OR BELOW: 0 0.01 INCH OR MORE: 10
MAX 90 OR ABOVE: 0 0.10 INCH OR MORE: 5
MIN 32 OR BELOW: 21 0.50 INCH OR MORE: 2
MIN 0 OR BELOW: 0 1.00 INCH OR MORE: 0
[HDD (BASE 65) ]
TOTAL THIS MO. 592 CLEAR (SCALE 0-3) 14
DPTR FM NORMAL 70 PTCLDY (SCALE 4-7) 3
TOTAL FM JUL 1 2124 CLOUDY (SCALE 8-10) 11
DPTR FM NORMAL -237
[CDD (BASE 65) ]
TOTAL THIS MO. 0
DPTR FM NORMAL -2 [PRESSURE DATA]
TOTAL FM JAN 1 0 HIGHEST SLP 30.59 ON 5
DPTR FM NORMAL -1 LOWEST SLP 29.64 ON 17
[REMARKS]
#FINAL-02-22#