000
CXUS54 KHGX 011410
CF6HOU
PRELIMINARY LOCAL CLIMATOLOGICAL DATA (WS FORM: F-6)
STATION: HOUSTON/HOBBY AIRPORT
MONTH: OCTOBER
YEAR: 2022
LATITUDE: 29 38 N
LONGITUDE: 95 17 W
TEMPERATURE IN F: :PCPN: SNOW: WIND :SUNSHINE: SKY :PK WND
================================================================================
1 2 3 4 5 6A 6B 7 8 9 10 11 12 13 14 15 16 17 18
12Z AVG MX 2MIN
DY MAX MIN AVG DEP HDD CDD WTR SNW DPTH SPD SPD DIR MIN PSBL S-S WX SPD DR
================================================================================
1 86 59 73 -5 0 8 0.00 0.0 0 4.6 14 50 M M 0 20 60
2 87 58 73 -4 0 8 0.00 0.0 0 5.0 15 30 M M 5 20 360
3 89 62 76 -1 0 11 0.00 0.0 0 4.0 12 30 M M 7 17 10
4 87 65 76 -1 0 11 0.00 0.0 0 5.2 12 110 M M 8 16 340
5 88 63 76 -1 0 11 0.00 0.0 0 4.7 14 40 M M 2 18 140
6 91 66 79 3 0 14 0.00 0.0 0 5.5 15 80 M M 3 20 80
7 90 67 79 3 0 14 0.00 0.0 0 3.9 15 330 M M 6 19 10
8 89 70 80 4 0 15 0.00 0.0 0 9.2 18 130 M M 4 22 120
9 86 67 77 2 0 12 0.00 0.0 0 7.8 13 130 M M 4 19 120
10 85 66 76 1 0 11 0.00 0.0 0 7.0 20 130 M M 1 26 110
11 86 67 77 2 0 12 0.00 0.0 0 7.8 20 110 M M 5 26 100
12 94 73 84 10 0 19 0.00 0.0 0 6.6 20 160 M M 4 3 25 170
13 92 72 82 8 0 17 0.20 0.0 0 7.2 28 210 M M 6 13 35 210
14 86 69 78 4 0 13 0.00 0.0 0 7.6 16 120 M M 2 23 130
15 91 67 79 6 0 14 0.00 0.0 0 6.9 15 130 M M 3 20 160
16 90 71 81 8 0 16 0.00 0.0 0 6.3 16 140 M M 4 20 110
17 77 63 70 -3 0 5 0.01 0.0 0 11.6 25 360 M M 8 18 35 350
18 70 56 63 -9 2 0 0.00 0.0 0 13.9 21 360 M M 4 31 10
19 69 48 59 -13 6 0 0.00 0.0 0 7.2 14 10 M M 0 19 350
20 83 50 67 -5 0 2 0.00 0.0 0 8.6 18 230 M M 0 27 220
21 85 57 71 0 0 6 0.00 0.0 0 9.3 20 190 M M 2 27 240
22 86 61 74 3 0 9 0.00 0.0 0 11.7 24 170 M M 4 32 180
23 87 69 78 7 0 13 0.00 0.0 0 13.5 26 190 M M 7 34 160
24 82 68 75 5 0 10 0.05 0.0 0 13.3 31 320 M M 9 1 44 320
25 76 56 66 -4 0 1 0.13 0.0 0 12.1 37 300 M M 3 1 56 310
26 76 52 64 -6 1 0 0.00 0.0 0 5.2 16 90 M M 0 19 90
27 76 53 65 -4 0 0 0.17 0.0 0 8.5 16 100 M M 3 138 24 110
28 75 61 68 -1 0 3 2.26 0.0 0 12.1 26 120 M M 9 138 35 110
29 68 57 63 -6 2 0 0.00 0.0 0 9.3 18 300 M M 9 26 290
30 77 54 66 -2 0 1 0.00 0.0 0 5.8 14 260 M M 3 22 290
31 79 57 68 0 0 3 0.00 0.0 0 3.4 13 140 M M 7 18 130
================================================================================
SM 2583 1924 11 259 2.82 0.0 244.8 M 132
================================================================================
AV 83.3 62.1 7.9 FASTST M M 4 MAX(MPH)
MISC ----> 37 300 56 310
================================================================================
NOTES:
# LAST OF SEVERAL OCCURRENCES
COLUMN 17 PEAK WIND IN M.P.H.
PRELIMINARY LOCAL CLIMATOLOGICAL DATA (WS FORM: F-6) , PAGE 2
STATION: HOUSTON/HOBBY AIRPORT
MONTH: OCTOBER
YEAR: 2022
LATITUDE: 29 38 N
LONGITUDE: 95 17 W
[TEMPERATURE DATA] [PRECIPITATION DATA] SYMBOLS USED IN COLUMN 16
AVERAGE MONTHLY: 72.7 TOTAL FOR MONTH: 2.82 1 = FOG OR MIST
DPTR FM NORMAL: -0.3 DPTR FM NORMAL: -2.96 2 = FOG REDUCING VISIBILITY
HIGHEST: 94 ON 12 GRTST 24HR 2.43 ON 27-28 TO 1/4 MILE OR LESS
LOWEST: 48 ON 19 3 = THUNDER
SNOW, ICE PELLETS, HAIL 4 = ICE PELLETS
TOTAL MONTH: 0.0 INCH 5 = HAIL
GRTST 24HR 0.0 6 = FREEZING RAIN OR DRIZZLE
GRTST DEPTH: 0 7 = DUSTSTORM OR SANDSTORM:
VSBY 1/2 MILE OR LESS
8 = SMOKE OR HAZE
[NO. OF DAYS WITH] [WEATHER - DAYS WITH] 9 = BLOWING SNOW
X = TORNADO
MAX 32 OR BELOW: 0 0.01 INCH OR MORE: 6
MAX 90 OR ABOVE: 6 0.10 INCH OR MORE: 4
MIN 32 OR BELOW: 0 0.50 INCH OR MORE: 1
MIN 0 OR BELOW: 0 1.00 INCH OR MORE: 1
[HDD (BASE 65) ]
TOTAL THIS MO. 11 CLEAR (SCALE 0-3) 11
DPTR FM NORMAL -8 PTCLDY (SCALE 4-7) 17
TOTAL FM JUL 1 11 CLOUDY (SCALE 8-10) 3
DPTR FM NORMAL -5
[CDD (BASE 65) ]
TOTAL THIS MO. 259
DPTR FM NORMAL -8 [PRESSURE DATA]
TOTAL FM JAN 1 3735 HIGHEST SLP 30.38 ON 19
DPTR FM NORMAL 490 LOWEST SLP 29.76 ON 24
[REMARKS]
#FINAL-10-22#