000
CXUS54 KHGX 020623
CF6HOU
PRELIMINARY LOCAL CLIMATOLOGICAL DATA (WS FORM: F-6)
STATION: HOUSTON/HOBBY AIRPORT
MONTH: JANUARY
YEAR: 2022
LATITUDE: 29 38 N
LONGITUDE: 95 17 W
TEMPERATURE IN F: :PCPN: SNOW: WIND :SUNSHINE: SKY :PK WND
================================================================================
1 2 3 4 5 6A 6B 7 8 9 10 11 12 13 14 15 16 17 18
12Z AVG MX 2MIN
DY MAX MIN AVG DEP HDD CDD WTR SNW DPTH SPD SPD DIR MIN PSBL S-S WX SPD DR
================================================================================
1 85 71 78 23 0 13 T 0.0 0 12.8 24 210 M M 8 18 37 200
2 72 34 53 -2 12 0 T 0.0 0 19.9 32 350 M M 4 18 43 350
3 55 33 44 -11 21 0 0.00 0.0 0 5.4 15 350 M M 0 19 350
4 69 42 56 1 9 0 0.00 0.0 0 6.7 17 180 M M 5 23 180
5 80 52 66 11 0 1 0.00 0.0 0 6.9 20 220 M M 3 1 27 250
6 75 48 62 8 3 0 0.00 0.0 0 9.6 21 350 M M 4 12 32 360
7 57 41 49 -5 16 0 0.00 0.0 0 11.0 17 100 M M 7 22 50
8 76 57 67 13 0 2 1.00 0.0 0 14.4 24 160 M M 10 13 35 170
9 79 58 69 15 0 4 0.11 0.0 0 12.1 25 180 M M 9 13 36 170
10 62 49 56 2 9 0 0.00 0.0 0 15.6 25 20 M M 5 39 50
11 59 46 53 -1 12 0 T 0.0 0 8.0 16 70 M M 8 19 70
12 62 49 56 2 9 0 0.00 0.0 0 4.5 9 360 M M 9 12 360
13 73 46 60 6 5 0 0.00 0.0 0 4.7 14 240 M M 1 18 250
14 77 47 62 8 3 0 0.00 0.0 0 5.4 17 190 M M 2 1 22 200
15 63 39 51 -4 14 0 T 0.0 0 20.0 36 320 M M 6 1 51 300
16 59 35 47 -8 18 0 0.00 0.0 0 9.6 26 330 M M 0 35 310
17 69 38 54 -1 11 0 0.00 0.0 0 4.1 10 170 M M 0 8 15 200
18 76 48 62 7 3 0 0.00 0.0 0 10.6 24 190 M M 5 32 190
19 82 57 70 15 0 5 0.57 0.0 0 12.4 28 200 M M 7 13 35 180
20 57 40 49 -6 16 0 T 0.0 0 17.6 26 360 M M 10 38 340
21 52 39 46 -9 19 0 0.00 0.0 0 11.5 21 360 M M 5 26 350
22 57 34 46 -9 19 0 0.00 0.0 0 9.3 20 50 M M 1 29 40
23 61 41 51 -4 14 0 0.00 0.0 0 4.1 12 220 M M 7 14 210
24 54 50 52 -3 13 0 0.33 0.0 0 7.9 15 20 M M 10 18 20 80
25 61 48 55 0 10 0 0.00 0.0 0 9.4 17 40 M M 10 18 22 40
26 56 41 49 -7 16 0 0.00 0.0 0 7.6 20 50 M M 5 25 50
27 63 42 53 -3 12 0 0.00 0.0 0 6.2 14 60 M M 6 18 50
28 59 44 52 -4 13 0 T 0.0 0 11.9 21 350 M M 5 30 20
29 62 35 49 -7 16 0 0.00 0.0 0 5.7 14 170 M M 1 21 220
30 70 39 55 -1 10 0 0.00 0.0 0 7.2 16 210 M M 1 20 230
31 62 51 57 1 8 0 1.21 0.0 0 10.2 25 120 M M 9 1 32 120
================================================================================
SM 2044 1394 311 25 3.22 0.0 302.3 M 163
================================================================================
AV 65.9 45.0 9.8 FASTST M M 5 MAX(MPH)
MISC ----> 36 320 51 300
================================================================================
NOTES:
# LAST OF SEVERAL OCCURRENCES
COLUMN 17 PEAK WIND IN M.P.H.
PRELIMINARY LOCAL CLIMATOLOGICAL DATA (WS FORM: F-6) , PAGE 2
STATION: HOUSTON/HOBBY AIRPORT
MONTH: JANUARY
YEAR: 2022
LATITUDE: 29 38 N
LONGITUDE: 95 17 W
[TEMPERATURE DATA] [PRECIPITATION DATA] SYMBOLS USED IN COLUMN 16
AVERAGE MONTHLY: 55.5 TOTAL FOR MONTH: 3.22 1 = FOG OR MIST
DPTR FM NORMAL: 0.5 DPTR FM NORMAL: -0.87 2 = FOG REDUCING VISIBILITY
HIGHEST: 85 ON 1 GRTST 24HR 1.21 ON 31-31 TO 1/4 MILE OR LESS
LOWEST: 33 ON 3 3 = THUNDER
SNOW, ICE PELLETS, HAIL 4 = ICE PELLETS
TOTAL MONTH: 0.0 INCH 5 = HAIL
GRTST 24HR 0.0 6 = FREEZING RAIN OR DRIZZLE
GRTST DEPTH: 0 7 = DUSTSTORM OR SANDSTORM:
VSBY 1/2 MILE OR LESS
8 = SMOKE OR HAZE
[NO. OF DAYS WITH] [WEATHER - DAYS WITH] 9 = BLOWING SNOW
X = TORNADO
MAX 32 OR BELOW: 0 0.01 INCH OR MORE: 5
MAX 90 OR ABOVE: 0 0.10 INCH OR MORE: 5
MIN 32 OR BELOW: 0 0.50 INCH OR MORE: 3
MIN 0 OR BELOW: 0 1.00 INCH OR MORE: 2
[HDD (BASE 65) ]
TOTAL THIS MO. 311 CLEAR (SCALE 0-3) 8
DPTR FM NORMAL -19 PTCLDY (SCALE 4-7) 16
TOTAL FM JUL 1 446 CLOUDY (SCALE 8-10) 7
DPTR FM NORMAL -323
[CDD (BASE 65) ]
TOTAL THIS MO. 25
DPTR FM NORMAL 6 [PRESSURE DATA]
TOTAL FM JAN 1 25 HIGHEST SLP 30.59 ON 11
DPTR FM NORMAL 6 LOWEST SLP 29.66 ON 1
[REMARKS]
#FINAL-01-22#