000
CXUS55 KSEW 011514 CCA
CF6HQM
PRELIMINARY LOCAL CLIMATOLOGICAL DATA (WS FORM: F-6)
STATION: HOQUIAM WA AIRPORT
MONTH: JANUARY
YEAR: 2023
LATITUDE: 46 58 N
LONGITUDE: 123 56 W
TEMPERATURE IN F: :PCPN: SNOW: WIND :SUNSHINE: SKY :PK WND
================================================================================
1 2 3 4 5 6A 6B 7 8 9 10 11 12 13 14 15 16 17 18
12Z AVG MX 2MIN
DY MAX MIN AVG DEP HDD CDD WTR SNW DPTH SPD SPD DIR MIN PSBL S-S WX SPD DR
================================================================================
1 M 38 M M M M 0.00 M M 8.0 16 100 M M 5 18 22 120
2 M M M M M M 0.02 M M 9.9 20 80 M M 3 8 27 80
3 M M M M M M 0.03 M M 10.0 15 100 M M 9 20 90
4 48 41 45 3 20 0 0.12 M M 17.2 30 80 M M 5 1 49 70
5 54 46 50 8 15 0 0.32 M M 16.7 28 190 M M 9 18 40 180
6 52 46 49 7 16 0 0.35 M M 13.6 24 120 M M 9 1 33 120
7 49 42 46 4 19 0 0.38 M M 8.9 14 70 M M 8 1 20 80
8 52 43 48 6 17 0 0.44 M M 15.0 31 200 M M 9 1 44 200
9 53 44 49 7 16 0 1.67 M M 16.0 39 160 M M 7 138 53 160
10 56 44 50 8 15 0 0.02 M M 10.9 22 70 M M 4 1 31 80
11 54 47 51 8 14 0 0.27 M M 13.8 23 80 M M 9 1 37 130
12 55 49 52 9 13 0 1.44 M M 10.9 21 80 M M 10 1 30 70
13 54 50 52 9 13 0 0.74 M M 10.0 20 200 M M 10 1 28 180
14 55 49 52 9 13 0 0.07 M M 10.7 18 70 M M 10 1 28 70
15 50 46 48 5 17 0 0.60 M M 14.1 24 230 M M 10 1 30 220
16 49 44 47 4 18 0 0.23 M M 7.6 14 190 M M 9 1 20 190
17 48 45 47 4 18 0 0.20 M M 9.8 16 160 M M 10 1 22 160
18 50 36 43 0 22 0 0.62 M M 8.0 21 280 M M 6 1 28 140
19 46 33 40 -3 25 0 0.03 M M 5.1 10 90 M M 5 1 14 80
20 48 37 43 0 22 0 0.00 M M 7.7 12 100 M M 5 1 16 80
21 49 34 42 -1 23 0 0.20 M M 17.0 41 290 M M 9 128 59 280
22 47 36 42 -1 23 0 0.03 M M 3.4 15 290 M M 7 1 23 280
23 47 39 43 0 22 0 T M M 3.7 12 110 M M 10 1 13 110
24 49 41 45 2 20 0 0.00 M M 4.1 14 290 M M 10 18 17 290
25 50 42 46 3 19 0 0.00 M M 3.5 10 110 M M 10 1 15 80
26 50 41 46 3 19 0 0.09 M M 7.1 22 280 M M 10 1 29 280
27 50 45 48 5 17 0 0.14 M M 7.9 25 290 M M 10 18 35 290
28 49 39 44 1 21 0 T M M 6.0 16 70 M M 6 1 23 90
29 45 29 37 -6 28 0 0.00 M M 8.8 22 70 M M 0 30 70
30 43 27 35 -8 30 0 0.00 M M 5.0 10 100 M M 0 13 90
31 44 32 38 -5 27 0 0.00 M M 5.8 13 100 M M 9 15 110
================================================================================
SM 1396 1185 542 0 8.01 M 296.2 M 233
================================================================================
AV 49.9 40.9 9.6 FASTST M M 8 MAX(MPH)
MISC ----> 41 290 59 280
================================================================================
NOTES:
# LAST OF SEVERAL OCCURRENCES
COLUMN 17 PEAK WIND IN M.P.H.
PRELIMINARY LOCAL CLIMATOLOGICAL DATA (WS FORM: F-6) , PAGE 2
STATION: HOQUIAM WA AIRPORT
MONTH: JANUARY
YEAR: 2023
LATITUDE: 46 58 N
LONGITUDE: 123 56 W
[TEMPERATURE DATA] [PRECIPITATION DATA] SYMBOLS USED IN COLUMN 16
AVERAGE MONTHLY: 45.4 TOTAL FOR MONTH: 8.01 1 = FOG OR MIST
DPTR FM NORMAL: 2.6 DPTR FM NORMAL: -2.90 2 = FOG REDUCING VISIBILITY
HIGHEST: 56 ON 10 GRTST 24HR 1.71 ON 8-9 TO 1/4 MILE OR LESS
LOWEST: 27 ON 30 3 = THUNDER
SNOW, ICE PELLETS, HAIL 4 = ICE PELLETS
TOTAL MONTH: M 5 = HAIL
GRTST 24HR M ON M 6 = FREEZING RAIN OR DRIZZLE
GRTST DEPTH: M ON M 7 = DUSTSTORM OR SANDSTORM:
VSBY 1/2 MILE OR LESS
8 = SMOKE OR HAZE
[NO. OF DAYS WITH] [WEATHER - DAYS WITH] 9 = BLOWING SNOW
X = TORNADO
MAX 32 OR BELOW: 0 0.01 INCH OR MORE: 22
MAX 90 OR ABOVE: 0 0.10 INCH OR MORE: 15
MIN 32 OR BELOW: 3 0.50 INCH OR MORE: 5
MIN 0 OR BELOW: 0 1.00 INCH OR MORE: 2
[HDD (BASE 65) ]
TOTAL THIS MO. 542 CLEAR (SCALE 0-3) 2
DPTR FM NORMAL -148 PTCLDY (SCALE 4-7) 11
TOTAL FM JUL 1 2140 CLOUDY (SCALE 8-10) 18
DPTR FM NORMAL -689
[CDD (BASE 65) ]
TOTAL THIS MO. 0
DPTR FM NORMAL 0 [PRESSURE DATA]
TOTAL FM JAN 1 0 HIGHEST SLP 30.76 ON 25
DPTR FM NORMAL 0 LOWEST SLP 29.23 ON 15
[REMARKS]
#FINAL-01-23#