000
CXUS56 KSEW 040421
CLMHQM
CLIMATE REPORT
NATIONAL WEATHER SERVICE SEATTLE
821 PM PST SUN DEC 03 2023
...................................
...THE HOQUIAM WA AIRPORT CLIMATE SUMMARY FOR THE MONTH OF NOVEMBER 2023...
CLIMATE NORMAL PERIOD 1991 TO 2020
CLIMATE RECORD PERIOD 1953 TO 2023
WEATHER OBSERVED NORMAL DEPART LAST YEAR`S
VALUE DATE(S) VALUE FROM VALUE DATE(S)
NORMAL
................................................................
TEMPERATURE (F)
RECORD
HIGH 70 11/03/1970
11/02/1970
LOW 12 11/15/1995
HIGHEST 61 11/04 MM MM 58 11/04
11/15
LOWEST 27 11/24 MM MM 30 11/09
AVG. MAXIMUM 51.6 51.6 0.0 51.9
AVG. MINIMUM 38.2 40.3 -2.1 37.2
MEAN 44.9 45.9 -1.0 44.6
DAYS MAX >= 90 0 0.0 0.0 0
DAYS MAX <= 32 0 0.1 -0.1 0
DAYS MIN <= 32 6 3.3 2.7 3
DAYS MIN <= 0 0 0.0 0.0 0
PRECIPITATION (INCHES)
RECORD
MAXIMUM 21.17 2006
MINIMUM 1.40 2023
TOTALS 9.06 10.95 -1.89 10.27
DAILY AVG. 0.30 0.36 -0.06 0.34
DAYS >= .01 15 21.6 -6.6 17
DAYS >= .10 14 16.9 -2.9 12
DAYS >= .50 9 7.5 1.5 5
DAYS >= 1.00 3 3.1 -0.1 3
GREATEST
24 HR. TOTAL 2.03 11/03 TO 11/04
DEGREE DAYS
HEATING TOTAL 598 572 26 606
SINCE 7/1 1184 1425 -241 MM
COOLING TOTAL 0 0 0 0
SINCE 1/1 111 25 86 MM
................................................................
WIND (MPH)
AVERAGE WIND SPEED 8.9
HIGHEST WIND SPEED/DIRECTION 39/190 DATE 11/02
HIGHEST GUST SPEED/DIRECTION 62/180 DATE 11/02
SKY COVER
POSSIBLE SUNSHINE (PERCENT) MM
AVERAGE SKY COVER 0.51
NUMBER OF DAYS FAIR 11
NUMBER OF DAYS PC 9
NUMBER OF DAYS CLOUDY 10
AVERAGE RH (PERCENT) 87
WEATHER CONDITIONS. NUMBER OF DAYS WITH
THUNDERSTORM 0 MIXED PRECIP 0
HEAVY RAIN 3 RAIN 12
LIGHT RAIN 15 FREEZING RAIN 0
LT FREEZING RAIN 0 HAIL 0
HEAVY SNOW 0 SNOW 0
LIGHT SNOW 0 SLEET 0
FOG 25 FOG W/VIS <= 1/4 MILE 5
HAZE 0
- INDICATES NEGATIVE NUMBERS.
R INDICATES RECORD WAS SET OR TIED.
MM INDICATES DATA IS MISSING.
T INDICATES TRACE AMOUNT.
$$