000
CXUS53 KAPX 010730
CF6HTL
PRELIMINARY LOCAL CLIMATOLOGICAL DATA (WS FORM: F-6)
STATION: HOUGHTON LAKE MI
MONTH: AUGUST
YEAR: 2021
LATITUDE: 44 22 N
LONGITUDE: 84 41 W
TEMPERATURE IN F: :PCPN: SNOW: WIND :SUNSHINE: SKY :PK WND
================================================================================
1 2 3 4 5 6A 6B 7 8 9 10 11 12 13 14 15 16 17 18
12Z AVG MX 2MIN
DY MAX MIN AVG DEP HDD CDD WTR SNW DPTH SPD SPD DIR MIN PSBL S-S WX SPD DR
================================================================================
1 74 54 64 -4 1 0 T 0.0 0 8.4 21 40 M M 4 18 31 40
2 74 49 62 -6 3 0 0.00 0.0 0 4.8 14 280 M M 2 1 19 260
3 80 47 64 -3 1 0 0.01 0.0 0 3.8 16 220 M M 3 1238 24 210
4 83 50 67 0 0 2 0.00 0.0 0 5.2 20 200 M M 2 1238 28 200
5 83 53 68 1 0 3 0.00 0.0 0 4.4 12 170 M M 2 128 16 180
6 75 66 71 4 0 6 T 0.0 0 7.7 16 200 M M 7 1 26 200
7 82 63 73 6 0 8 0.00 0.0 0 4.5 12 270 M M 5 18 17 250
8 82 67 75 8 0 10 0.09 0.0 0 7.6 15 160 M M 6 1 20 160
9 83 67 75 8 0 10 1.31 0.0 0 5.8 22 190 M M 5 138 31 200
10 82 66 74 7 0 9 0.46 0.0 0 7.0 30 280 M M 7 13 44 280
11 86 65 76 9 0 11 0.06 0.0 0 9.3 18 210 M M 4 18 29 210
12 85 71 78 12 0 13 0.00 0.0 0 8.0 14 270 M M 3 20 220
13 79 58 69 3 0 4 0.00 0.0 0 7.0 16 360 M M 1 25 270
14 77 46 62 -4 3 0 0.00 0.0 0 3.4 12 260 M M 2 12 19 260
15 81 46 64 -2 1 0 0.00 0.0 0 3.6 8 180 M M 1 12 13 240
16 78 50 64 -2 1 0 0.00 0.0 0 4.1 12 140 M M 0 1 16 120
17 82 48 65 -1 0 0 0.00 0.0 0 3.1 9 190 M M 2 12 11 200
18 85 55 70 4 0 5 0.00 0.0 0 1.9 7 190 M M 2 12 M M
19 86 57 72 6 0 7 0.00 0.0 0 3.1 13 360 M M 3 12 18 30
20 86 56 71 6 0 6 0.00 0.0 0 3.2 9 240 M M 0 12 13 250
21 87 60 74 9 0 9 0.00 0.0 0 5.3 12 170 M M 1 1 16 170
22 83 63 73 8 0 8 0.00 0.0 0 5.2 13 20 M M 5 19 30
23 83 63 73 8 0 8 0.00 0.0 0 3.8 8 230 M M 4 M M
24 89 60 75 10 0 10 0.15 0.0 0 5.6 18 280 M M 2 13 27 280
25 86 67 77 13 0 12 0.00 0.0 0 5.3 13 230 M M 6 18 220
26 88 64 76 12 0 11 0.00 0.0 0 5.4 14 100 M M 4 1 19 100
27 75 61 68 4 0 3 0.14 0.0 0 7.4 15 80 M M 8 1 22 100
28 85 67 76 12 0 11 1.82 0.0 0 5.6 21 290 M M 4 13 28 320
29 88 69 79 15 0 14 0.83 0.0 0 10.6 24 280 M M 3 13 37 300
30 80 58 69 5 0 4 0.00 0.0 0 8.8 15 330 M M 1 24 280
31 75 54 65 2 0 0 0.00 0.0 0 4.3 14 10 M M 4 21 10
================================================================================
SM 2542 1820 10 184 4.87 0.0 173.2 M 103
================================================================================
AV 82.0 58.7 5.6 FASTST M M 3 MAX(MPH)
MISC ----> 30 280 44 280
================================================================================
NOTES:
# LAST OF SEVERAL OCCURRENCES
COLUMN 17 PEAK WIND IN M.P.H.
PRELIMINARY LOCAL CLIMATOLOGICAL DATA (WS FORM: F-6) , PAGE 2
STATION: HOUGHTON LAKE MI
MONTH: AUGUST
YEAR: 2021
LATITUDE: 44 22 N
LONGITUDE: 84 41 W
[TEMPERATURE DATA] [PRECIPITATION DATA] SYMBOLS USED IN COLUMN 16
AVERAGE MONTHLY: 70.4 TOTAL FOR MONTH: 4.87 1 = FOG OR MIST
DPTR FM NORMAL: 4.6 DPTR FM NORMAL: 2.01 2 = FOG REDUCING VISIBILITY
HIGHEST: 89 ON 24 GRTST 24HR 1.84 ON 27-28 TO 1/4 MILE OR LESS
LOWEST: 46 ON 15,14 3 = THUNDER
SNOW, ICE PELLETS, HAIL 4 = ICE PELLETS
TOTAL MONTH: 0.0 INCH 5 = HAIL
GRTST 24HR 0.0 6 = FREEZING RAIN OR DRIZZLE
GRTST DEPTH: 0 7 = DUSTSTORM OR SANDSTORM:
VSBY 1/2 MILE OR LESS
8 = SMOKE OR HAZE
[NO. OF DAYS WITH] [WEATHER - DAYS WITH] 9 = BLOWING SNOW
X = TORNADO
MAX 32 OR BELOW: 0 0.01 INCH OR MORE: 9
MAX 90 OR ABOVE: 0 0.10 INCH OR MORE: 6
MIN 32 OR BELOW: 0 0.50 INCH OR MORE: 3
MIN 0 OR BELOW: 0 1.00 INCH OR MORE: 2
[HDD (BASE 65) ]
TOTAL THIS MO. 10 CLEAR (SCALE 0-3) 17
DPTR FM NORMAL -56 PTCLDY (SCALE 4-7) 13
TOTAL FM JUL 1 33 CLOUDY (SCALE 8-10) 1
DPTR FM NORMAL -73
[CDD (BASE 65) ]
TOTAL THIS MO. 184
DPTR FM NORMAL 93 [PRESSURE DATA]
TOTAL FM JAN 1 471 HIGHEST SLP 30.30 ON 15
DPTR FM NORMAL 164 LOWEST SLP 29.70 ON 11
[REMARKS]
#FINAL-08-21#