000
CXUS51 KRLX 011138
CF6HTS
PRELIMINARY LOCAL CLIMATOLOGICAL DATA (WS FORM: F-6)
STATION: HUNTINGTON WV
MONTH: MAY
YEAR: 2022
LATITUDE: 38 22 N
LONGITUDE: 82 33 W
TEMPERATURE IN F: :PCPN: SNOW: WIND :SUNSHINE: SKY :PK WND
================================================================================
1 2 3 4 5 6A 6B 7 8 9 10 11 12 13 14 15 16 17 18
12Z AVG MX 2MIN
DY MAX MIN AVG DEP HDD CDD WTR SNW DPTH SPD SPD DIR MIN PSBL S-S WX SPD DR
================================================================================
1 78 58 68 6 0 3 0.30 0.0 0 7.6 17 240 M M 5 13 26 240
2 78 48 63 1 2 0 0.00 0.0 0 4.6 15 240 M M 0 24 240
3 87 52 70 8 0 5 0.21 0.0 0 7.7 26 270 M M 3 138 39 270
4 65 56 61 -1 4 0 T 0.0 0 6.2 13 330 M M 10 3 18 270
5 72 55 64 1 1 0 T 0.0 0 3.4 9 360 M M 6 13 360
6 66 58 62 -1 3 0 1.94 0.0 0 4.7 13 180 M M 9 13 18 170
7 60 53 57 -6 8 0 0.69 0.0 0 7.7 16 50 M M 10 1 24 40
8 69 46 58 -5 7 0 0.00 0.0 0 5.8 16 50 M M 1 22 60
9 77 50 64 0 1 0 0.00 0.0 0 3.7 10 30 M M 0 16 140
10 83 48 66 2 0 1 0.00 0.0 0 2.9 10 190 M M 0 15 190
11 83 50 67 3 0 2 0.00 0.0 0 3.4 13 30 M M 0 16 60
12 83 49 66 2 0 1 0.00 0.0 0 4.9 14 40 M M 0 18 60
13 82 57 70 6 0 5 0.00 0.0 0 4.3 10 90 M M 2 16 120
14 82 61 72 7 0 7 T 0.0 0 3.5 15 210 M M 5 3 18 220
15 84 58 71 6 0 6 0.00 0.0 0 1.7 10 250 M M 2 12 14 240
16 75 59 67 2 0 2 0.13 0.0 0 6.3 23 330 M M 4 1 31 340
17 82 54 68 3 0 3 0.00 0.0 0 7.1 20 320 M M 2 27 320
18 79 52 66 0 0 1 0.19 0.0 0 4.2 20 230 M M 4 1 29 220
19 83 62 73 7 0 8 T 0.0 0 5.4 13 330 M M 4 21 350
20 91 67 79 13 0 14 T 0.0 0 10.1 18 220 M M 0 28 230
21 90 70 80 14 0 15 0.00 0.0 0 7.0 21 290 M M 2 3 32 300
22 79 62 71 5 0 6 T 0.0 0 5.8 16 320 M M 6 1 22 310
23 63 57 60 -7 5 0 0.08 0.0 0 5.8 16 70 M M 9 1 22 70
24 71 56 64 -3 1 0 0.00 0.0 0 3.0 8 340 M M 8 1 14 90
25 85 62 74 7 0 9 0.00 0.0 0 6.2 14 140 M M 2 23 160
26 74 65 70 2 0 5 0.43 0.0 0 6.2 13 160 M M 7 1 19 160
27 71 59 65 -3 0 0 0.73 0.0 0 5.5 16 190 M M 8 138 25 280
28 73 57 65 -3 0 0 0.00 0.0 0 3.4 10 280 M M 7 1 15 330
29 83 53 68 0 0 3 0.00 0.0 0 2.6 10 180 M M 2 12 13 160
30 88 61 75 7 0 10 0.00 0.0 0 3.2 13 180 M M 0 1 17 180
31 89 67 78 9 0 13 0.00 0.0 0 2.8 10 270 M M 1 1 14 230
================================================================================
SM 2425 1762 32 119 4.70 0.0 156.7 M 119
================================================================================
AV 78.2 56.8 5.1 FASTST M M 4 MAX(MPH)
MISC ----> 26 270 39 270
================================================================================
NOTES:
# LAST OF SEVERAL OCCURRENCES
COLUMN 17 PEAK WIND IN M.P.H.
PRELIMINARY LOCAL CLIMATOLOGICAL DATA (WS FORM: F-6) , PAGE 2
STATION: HUNTINGTON WV
MONTH: MAY
YEAR: 2022
LATITUDE: 38 22 N
LONGITUDE: 82 33 W
[TEMPERATURE DATA] [PRECIPITATION DATA] SYMBOLS USED IN COLUMN 16
AVERAGE MONTHLY: 67.5 TOTAL FOR MONTH: 4.70 1 = FOG OR MIST
DPTR FM NORMAL: 2.3 DPTR FM NORMAL: 0.19 2 = FOG REDUCING VISIBILITY
HIGHEST: 91 ON 20 GRTST 24HR 2.24 ON 6- 7 TO 1/4 MILE OR LESS
LOWEST: 46 ON 8 3 = THUNDER
SNOW, ICE PELLETS, HAIL 4 = ICE PELLETS
TOTAL MONTH: 0.0 INCH 5 = HAIL
GRTST 24HR 0.0 6 = FREEZING RAIN OR DRIZZLE
GRTST DEPTH: 0 7 = DUSTSTORM OR SANDSTORM:
VSBY 1/2 MILE OR LESS
8 = SMOKE OR HAZE
[NO. OF DAYS WITH] [WEATHER - DAYS WITH] 9 = BLOWING SNOW
X = TORNADO
MAX 32 OR BELOW: 0 0.01 INCH OR MORE: 9
MAX 90 OR ABOVE: 2 0.10 INCH OR MORE: 8
MIN 32 OR BELOW: 0 0.50 INCH OR MORE: 3
MIN 0 OR BELOW: 0 1.00 INCH OR MORE: 1
[HDD (BASE 65) ]
TOTAL THIS MO. 32 CLEAR (SCALE 0-3) 15
DPTR FM NORMAL -65 PTCLDY (SCALE 4-7) 11
TOTAL FM JUL 1 3901 CLOUDY (SCALE 8-10) 5
DPTR FM NORMAL -411
[CDD (BASE 65) ]
TOTAL THIS MO. 119
DPTR FM NORMAL 16 [PRESSURE DATA]
TOTAL FM JAN 1 152 HIGHEST SLP 30.28 ON 10
DPTR FM NORMAL 12 LOWEST SLP 29.49 ON 6
[REMARKS]
#FINAL-05-22#