000
CXUS53 KIND 010600
CF6HUF
PRELIMINARY LOCAL CLIMATOLOGICAL DATA (WS FORM: F-6)
STATION: TERRE HAUTE IN
MONTH: JULY
YEAR: 2023
LATITUDE: 39 27 N
LONGITUDE: 87 18 W
TEMPERATURE IN F: :PCPN: SNOW: WIND :SUNSHINE: SKY :PK WND
================================================================================
1 2 3 4 5 6A 6B 7 8 9 10 11 12 13 14 15 16 17 18
12Z AVG MX 2MIN
DY MAX MIN AVG DEP HDD CDD WTR SNW DPTH SPD SPD DIR MIN PSBL S-S WX SPD DR
================================================================================
1 87 70 79 4 0 14 2.13 M M 7.4 31 330 M M 5 13 46 330
2 86 70 78 3 0 13 0.07 M M 7.3 17 210 M M 6 3 24 300
3 88 69 79 4 0 14 T M M 4.8 15 340 M M 2 23 340
4 90 67 79 4 0 14 0.00 M M 3.4 13 190 M M 1 1 17 190
5 91 69 80 4 0 15 T M M 6.0 28 240 M M 2 13 37 240
6 86 70 78 2 0 13 0.00 M M 5.4 15 310 M M 4 1 23 310
7 85 62 74 -2 0 9 0.00 M M 3.2 9 260 M M 1 14 200
8 80 66 73 -3 0 8 1.62 M M 5.8 18 350 M M 7 13 26 350
9 82 59 71 -5 0 6 0.00 M M 2.2 10 40 M M 1 1 14 50
10 85 60 73 -3 0 8 0.00 M M 3.0 13 250 M M 2 1 18 250
11 87 62 75 -1 0 10 0.00 M M 7.0 18 250 M M 1 34 210
12 88 66 77 1 0 12 0.00 M M 7.3 20 180 M M 0 28 180
13 85 68 77 1 0 12 0.00 M M 3.4 10 350 M M 5 3 14 10
14 90 62 76 0 0 11 0.00 M M 4.6 12 180 M M 2 12 16 190
15 86 70 78 2 0 13 0.79 M M 5.8 20 360 M M 5 13 26 350
16 85 65 75 -1 0 10 0.00 M M 5.9 15 240 M M 2 18 20 240
17 84 68 76 0 0 11 0.04 M M 5.7 14 260 M M 3 138 19 270
18 85 64 75 0 0 10 0.00 M M 3.7 13 20 M M 3 1 17 350
19 85 67 76 1 0 11 0.00 M M 5.2 14 180 M M 5 17 190
20 89 71 80 5 0 15 0.22 M M 4.9 22 250 M M 4 1238 31 250
21 82 63 73 -2 0 8 0.00 M M 4.5 10 10 M M 2 16 20
22 84 60 72 -3 0 7 0.00 M M 1.3 7 360 M M 2 1 10 260
23 86 60 73 -2 0 8 T M M 3.5 13 220 M M 2 3 17 220
24 89 68 79 4 0 14 0.53 M M 4.5 25 190 M M 4 13 38 180
25 89 64 77 2 0 12 0.00 M M 3.9 16 340 M M 1 123 22 350
26 91 72 82 7 0 17 0.07 M M 11.2 21 190 M M 3 3 30 210
27 94 76 85 10 0 20 0.00 M M 6.8 13 230 M M 4 3 22 190
28 94 74 84 9 0 19 0.08 M M 8.2 16 200 M M 2 3 21 210
29 90 71 81 6 0 16 0.07 M M 6.3 30 330 M M 1 13 45 320
30 87 65 76 1 0 11 0.00 M M 5.4 14 330 M M 0 1 22 280
31 82 60 71 -4 0 6 0.00 M M 5.1 15 50 M M 1 22 100
================================================================================
SM 2692 2058 0 367 5.62 M 162.7 M 83
================================================================================
AV 86.8 66.4 5.2 FASTST M M 3 MAX(MPH)
MISC ----> 31 330 46 330
================================================================================
NOTES:
# LAST OF SEVERAL OCCURRENCES
COLUMN 17 PEAK WIND IN M.P.H.
PRELIMINARY LOCAL CLIMATOLOGICAL DATA (WS FORM: F-6) , PAGE 2
STATION: TERRE HAUTE IN
MONTH: JULY
YEAR: 2023
LATITUDE: 39 27 N
LONGITUDE: 87 18 W
[TEMPERATURE DATA] [PRECIPITATION DATA] SYMBOLS USED IN COLUMN 16
AVERAGE MONTHLY: 76.6 TOTAL FOR MONTH: 5.62 1 = FOG OR MIST
DPTR FM NORMAL: 1.3 DPTR FM NORMAL: 1.28 2 = FOG REDUCING VISIBILITY
HIGHEST: 94 ON 28,27 GRTST 24HR 2.13 ON 1- 1 TO 1/4 MILE OR LESS
LOWEST: 59 ON 9 3 = THUNDER
SNOW, ICE PELLETS, HAIL 4 = ICE PELLETS
TOTAL MONTH: M 5 = HAIL
GRTST 24HR M ON M 6 = FREEZING RAIN OR DRIZZLE
GRTST DEPTH: M ON M 7 = DUSTSTORM OR SANDSTORM:
VSBY 1/2 MILE OR LESS
8 = SMOKE OR HAZE
[NO. OF DAYS WITH] [WEATHER - DAYS WITH] 9 = BLOWING SNOW
X = TORNADO
MAX 32 OR BELOW: 0 0.01 INCH OR MORE: 10
MAX 90 OR ABOVE: 7 0.10 INCH OR MORE: 5
MIN 32 OR BELOW: 0 0.50 INCH OR MORE: 4
MIN 0 OR BELOW: 0 1.00 INCH OR MORE: 2
[HDD (BASE 65) ]
TOTAL THIS MO. 0 CLEAR (SCALE 0-3) 20
DPTR FM NORMAL -1 PTCLDY (SCALE 4-7) 11
TOTAL FM JUL 1 0 CLOUDY (SCALE 8-10) 0
DPTR FM NORMAL 0
[CDD (BASE 65) ]
TOTAL THIS MO. 367
DPTR FM NORMAL 45 [PRESSURE DATA]
TOTAL FM JAN 1 664 HIGHEST SLP M ON M
DPTR FM NORMAL -9 LOWEST SLP 29.74 ON 2
[REMARKS]
#FINAL-07-23#