000
CXUS56 KMTR 010900
CF6HWD
PRELIMINARY LOCAL CLIMATOLOGICAL DATA (WS FORM: F-6)
STATION: HAYWARD AIRPORT
MONTH: MAY
YEAR: 2022
LATITUDE: 37 39 N
LONGITUDE: 122 7 W
TEMPERATURE IN F: :PCPN: SNOW: WIND :SUNSHINE: SKY :PK WND
================================================================================
1 2 3 4 5 6A 6B 7 8 9 10 11 12 13 14 15 16 17 18
12Z AVG MX 2MIN
DY MAX MIN AVG DEP HDD CDD WTR SNW DPTH SPD SPD DIR MIN PSBL S-S WX SPD DR
================================================================================
1 67 51 59 0 6 0 0.00 M M 8.6 18 260 M M 2 26 250
2 62 50 56 -4 9 0 0.00 M M 10.0 23 270 M M 5 31 260
3 74 45 60 0 5 0 0.00 M M 7.1 23 280 M M 0 30 290
4 79 50 65 5 0 0 0.00 M M 6.2 21 290 M M 0 25 290
5 65 51 58 -2 7 0 0.00 M M 7.5 18 280 M M 5 23 290
6 72 56 64 4 1 0 T M M 8.8 21 300 M M 8 1 26 290
7 64 52 58 -2 7 0 0.00 M M 12.6 25 270 M M 4 36 280
8 61 49 55 -5 10 0 0.00 M M 15.9 29 280 M M 3 45 290
9 60 47 54 -6 11 0 0.00 M M 11.3 18 260 M M 3 8 28 290
10 60 45 53 -7 12 0 0.00 M M 10.7 24 280 M M 3 32 270
11 63 41 52 -8 13 0 0.00 M M 9.4 21 280 M M 1 29 270
12 62 47 55 -5 10 0 0.00 M M 9.3 21 290 M M 1 28 290
13 70 49 60 0 5 0 0.00 M M 8.1 22 280 M M 0 28 280
14 74 53 64 4 1 0 0.00 M M 6.1 17 270 M M 1 22 280
15 64 53 59 -2 6 0 0.00 M M 8.5 20 280 M M 5 24 280
16 62 53 58 -3 7 0 0.00 M M 12.0 20 270 M M 8 29 270
17 68 51 60 -1 5 0 0.00 M M 8.7 20 270 M M 2 25 280
18 79 50 65 4 0 0 0.00 M M 5.5 14 260 M M 0 20 260
19 69 54 62 1 3 0 0.00 M M 6.7 20 280 M M 0 26 290
20 73 50 62 1 3 0 0.00 M M 8.4 25 290 M M 0 32 290
21 77 49 63 2 2 0 0.00 M M 6.7 21 290 M M 0 25 290
22 71 51 61 0 4 0 0.00 M M 6.4 18 270 M M 0 24 270
23 73 52 63 1 2 0 0.00 M M 6.1 15 270 M M 0 20 280
24 89 53 71 9 0 6 0.00 M M 5.3 17 300 M M 0 21 310
25 86 54 70 8 0 5 0.00 M M 6.9 17 330 M M 0 23 300
26 70 52 61 -1 4 0 0.00 M M 9.5 20 260 M M 1 26 260
27 67 54 61 -1 4 0 0.00 M M 10.2 20 300 M M 6 27 310
28 71 55 63 1 2 0 0.00 M M 10.8 21 310 M M 7 27 310
29 68 53 61 -1 4 0 0.00 M M 9.7 22 260 M M 1 29 280
30 68 51 60 -2 5 0 0.00 M M 9.3 22 280 M M 0 30 280
31 76 50 63 0 2 0 0.00 M M 7.8 21 290 M M 0 27 280
================================================================================
SM 2164 1571 150 11 T M 270.1 M 66
================================================================================
AV 69.8 50.7 8.7 FASTST M M 2 MAX(MPH)
MISC ----> 29 280 45 290
================================================================================
NOTES:
# LAST OF SEVERAL OCCURRENCES
COLUMN 17 PEAK WIND IN M.P.H.
PRELIMINARY LOCAL CLIMATOLOGICAL DATA (WS FORM: F-6) , PAGE 2
STATION: HAYWARD AIRPORT
MONTH: MAY
YEAR: 2022
LATITUDE: 37 39 N
LONGITUDE: 122 7 W
[TEMPERATURE DATA] [PRECIPITATION DATA] SYMBOLS USED IN COLUMN 16
AVERAGE MONTHLY: 60.2 TOTAL FOR MONTH: T 1 = FOG OR MIST
DPTR FM NORMAL: -0.7 DPTR FM NORMAL: -0.58 2 = FOG REDUCING VISIBILITY
HIGHEST: 89 ON 24 GRTST 24HR T ON 6- 6 TO 1/4 MILE OR LESS
LOWEST: 41 ON 11 3 = THUNDER
SNOW, ICE PELLETS, HAIL 4 = ICE PELLETS
TOTAL MONTH: M 5 = HAIL
GRTST 24HR M ON M 6 = FREEZING RAIN OR DRIZZLE
GRTST DEPTH: M ON M 7 = DUSTSTORM OR SANDSTORM:
VSBY 1/2 MILE OR LESS
8 = SMOKE OR HAZE
[NO. OF DAYS WITH] [WEATHER - DAYS WITH] 9 = BLOWING SNOW
X = TORNADO
MAX 32 OR BELOW: 0 0.01 INCH OR MORE: 0
MAX 90 OR ABOVE: 0 0.10 INCH OR MORE: 0
MIN 32 OR BELOW: 0 0.50 INCH OR MORE: 0
MIN 0 OR BELOW: 0 1.00 INCH OR MORE: 0
[HDD (BASE 65) ]
TOTAL THIS MO. 150 CLEAR (SCALE 0-3) 22
DPTR FM NORMAL 1 PTCLDY (SCALE 4-7) 8
TOTAL FM JUL 1 2139 CLOUDY (SCALE 8-10) 1
DPTR FM NORMAL -113
[CDD (BASE 65) ]
TOTAL THIS MO. 11
DPTR FM NORMAL -10 [PRESSURE DATA]
TOTAL FM JAN 1 19 HIGHEST SLP M ON M
DPTR FM NORMAL -13 LOWEST SLP 29.79 ON 24
[REMARKS]
#FINAL-05-22#